{"id":24482,"date":"2026-01-11T19:08:00","date_gmt":"2026-01-11T18:08:00","guid":{"rendered":"https:\/\/legrenierdelatour.be\/livres\/produit\/documents-diplomatiques-1938-1939-pieces-relatives-aux-evenements-et-aux-negociations-qui-ont-precede-louverture-des-hostilites-entre-lallemagne-dune-part-la-pologne-la-grande-bretagne-et-la-fr\/"},"modified":"2026-01-11T19:08:00","modified_gmt":"2026-01-11T18:08:00","slug":"documents-diplomatiques-1938-1939-pieces-relatives-aux-evenements-et-aux-negociations-qui-ont-precede-louverture-des-hostilites-entre-lallemagne-dune-part-la-pologne-la-grande-bretagne-et-la-fr","status":"publish","type":"product","link":"https:\/\/legrenierdelatour.be\/livres\/produit\/documents-diplomatiques-1938-1939-pieces-relatives-aux-evenements-et-aux-negociations-qui-ont-precede-louverture-des-hostilites-entre-lallemagne-dune-part-la-pologne-la-grande-bretagne-et-la-fr\/","title":{"rendered":"Documents diplomatiques, 1938-1939. Pi\u00e8ces relatives aux \u00e9v\u00e9nements et aux n\u00e9gociations qui ont pr\u00e9c\u00e9d\u00e9 l&rsquo;ouverture des hostilit\u00e9s entre l&rsquo;Allemagne d&rsquo;une part, la Pologne, la Grande-Bretagne et la France d&rsquo;autre part \/"},"content":{"rendered":"","protected":false},"excerpt":{"rendered":"","protected":false},"featured_media":24457,"template":"","meta":{"neve_meta_sidebar":"","neve_meta_container":"","neve_meta_enable_content_width":"","neve_meta_content_width":0,"neve_meta_title_alignment":"","neve_meta_author_avatar":"","neve_post_elements_order":"","neve_meta_disable_header":"","neve_meta_disable_footer":"","neve_meta_disable_title":""},"product_cat":[34,32],"product_tag":[64],"class_list":{"0":"post-24482","1":"product","2":"type-product","3":"status-publish","4":"has-post-thumbnail","6":"product_cat-france","7":"product_cat-patrimoine-et-histoire","8":"product_tag-francais","10":"first","11":"instock","12":"shipping-taxable","13":"purchasable","14":"product-type-simple"},"_links":{"self":[{"href":"https:\/\/legrenierdelatour.be\/livres\/wp-json\/wp\/v2\/product\/24482","targetHints":{"allow":["GET"]}}],"collection":[{"href":"https:\/\/legrenierdelatour.be\/livres\/wp-json\/wp\/v2\/product"}],"about":[{"href":"https:\/\/legrenierdelatour.be\/livres\/wp-json\/wp\/v2\/types\/product"}],"wp:featuredmedia":[{"embeddable":true,"href":"https:\/\/legrenierdelatour.be\/livres\/wp-json\/wp\/v2\/media\/24457"}],"wp:attachment":[{"href":"https:\/\/legrenierdelatour.be\/livres\/wp-json\/wp\/v2\/media?parent=24482"}],"wp:term":[{"taxonomy":"product_cat","embeddable":true,"href":"https:\/\/legrenierdelatour.be\/livres\/wp-json\/wp\/v2\/product_cat?post=24482"},{"taxonomy":"product_tag","embeddable":true,"href":"https:\/\/legrenierdelatour.be\/livres\/wp-json\/wp\/v2\/product_tag?post=24482"}],"curies":[{"name":"wp","href":"https:\/\/api.w.org\/{rel}","templated":true}]}}