{"id":21211,"date":"2025-01-07T20:42:07","date_gmt":"2025-01-07T19:42:07","guid":{"rendered":"https:\/\/legrenierdelatour.be\/livres\/produit\/10-joer-chorale-ste-cecile-meischdref\/"},"modified":"2025-12-14T22:11:02","modified_gmt":"2025-12-14T21:11:02","slug":"10-joer-chorale-ste-cecile-meischdref","status":"publish","type":"product","link":"https:\/\/legrenierdelatour.be\/livres\/produit\/10-joer-chorale-ste-cecile-meischdref\/","title":{"rendered":"10 joer chorale ste c\u00e9cile m\u00e9ischdr\u00ebf"},"content":{"rendered":"","protected":false},"excerpt":{"rendered":"","protected":false},"featured_media":21163,"template":"","meta":{"neve_meta_sidebar":"","neve_meta_container":"","neve_meta_enable_content_width":"","neve_meta_content_width":0,"neve_meta_title_alignment":"","neve_meta_author_avatar":"","neve_post_elements_order":"","neve_meta_disable_header":"","neve_meta_disable_footer":"","neve_meta_disable_title":""},"product_cat":[19,80],"product_tag":[67,64,65],"class_list":{"0":"post-21211","1":"product","2":"type-product","3":"status-publish","4":"has-post-thumbnail","6":"product_cat-luxemburgensia","7":"product_cat-clubs-associations-entreprises","8":"product_tag-allemend","9":"product_tag-francais","10":"product_tag-luxembourgeois","12":"first","13":"instock","14":"shipping-taxable","15":"purchasable","16":"product-type-simple"},"_links":{"self":[{"href":"https:\/\/legrenierdelatour.be\/livres\/wp-json\/wp\/v2\/product\/21211","targetHints":{"allow":["GET"]}}],"collection":[{"href":"https:\/\/legrenierdelatour.be\/livres\/wp-json\/wp\/v2\/product"}],"about":[{"href":"https:\/\/legrenierdelatour.be\/livres\/wp-json\/wp\/v2\/types\/product"}],"wp:featuredmedia":[{"embeddable":true,"href":"https:\/\/legrenierdelatour.be\/livres\/wp-json\/wp\/v2\/media\/21163"}],"wp:attachment":[{"href":"https:\/\/legrenierdelatour.be\/livres\/wp-json\/wp\/v2\/media?parent=21211"}],"wp:term":[{"taxonomy":"product_cat","embeddable":true,"href":"https:\/\/legrenierdelatour.be\/livres\/wp-json\/wp\/v2\/product_cat?post=21211"},{"taxonomy":"product_tag","embeddable":true,"href":"https:\/\/legrenierdelatour.be\/livres\/wp-json\/wp\/v2\/product_tag?post=21211"}],"curies":[{"name":"wp","href":"https:\/\/api.w.org\/{rel}","templated":true}]}}