{"id":20964,"date":"2024-12-29T19:09:16","date_gmt":"2024-12-29T18:09:16","guid":{"rendered":"https:\/\/legrenierdelatour.be\/livres\/produit\/coup-doeil-sur-25-ans-de-recherches-archeologiques-a-rochefort-de-1989-a-2014\/"},"modified":"2025-12-14T22:10:50","modified_gmt":"2025-12-14T21:10:50","slug":"coup-doeil-sur-25-ans-de-recherches-archeologiques-a-rochefort-de-1989-a-2014","status":"publish","type":"product","link":"https:\/\/legrenierdelatour.be\/livres\/produit\/coup-doeil-sur-25-ans-de-recherches-archeologiques-a-rochefort-de-1989-a-2014\/","title":{"rendered":"coup d\u2019oeil sur 25 ans de recherches arch\u00e9ologiques \u00e0 rochefort, de 1989 \u00e0 2014"},"content":{"rendered":"","protected":false},"excerpt":{"rendered":"","protected":false},"featured_media":20941,"template":"","meta":{"neve_meta_sidebar":"","neve_meta_container":"","neve_meta_enable_content_width":"","neve_meta_content_width":0,"neve_meta_title_alignment":"","neve_meta_author_avatar":"","neve_post_elements_order":"","neve_meta_disable_header":"","neve_meta_disable_footer":"","neve_meta_disable_title":""},"product_cat":[75,54],"product_tag":[64],"class_list":{"0":"post-20964","1":"product","2":"type-product","3":"status-publish","4":"has-post-thumbnail","6":"product_cat-namur","7":"product_cat-archeologie","8":"product_tag-francais","10":"first","11":"instock","12":"shipping-taxable","13":"purchasable","14":"product-type-simple"},"_links":{"self":[{"href":"https:\/\/legrenierdelatour.be\/livres\/wp-json\/wp\/v2\/product\/20964","targetHints":{"allow":["GET"]}}],"collection":[{"href":"https:\/\/legrenierdelatour.be\/livres\/wp-json\/wp\/v2\/product"}],"about":[{"href":"https:\/\/legrenierdelatour.be\/livres\/wp-json\/wp\/v2\/types\/product"}],"wp:featuredmedia":[{"embeddable":true,"href":"https:\/\/legrenierdelatour.be\/livres\/wp-json\/wp\/v2\/media\/20941"}],"wp:attachment":[{"href":"https:\/\/legrenierdelatour.be\/livres\/wp-json\/wp\/v2\/media?parent=20964"}],"wp:term":[{"taxonomy":"product_cat","embeddable":true,"href":"https:\/\/legrenierdelatour.be\/livres\/wp-json\/wp\/v2\/product_cat?post=20964"},{"taxonomy":"product_tag","embeddable":true,"href":"https:\/\/legrenierdelatour.be\/livres\/wp-json\/wp\/v2\/product_tag?post=20964"}],"curies":[{"name":"wp","href":"https:\/\/api.w.org\/{rel}","templated":true}]}}