{"id":19838,"date":"2024-09-18T20:26:02","date_gmt":"2024-09-18T18:26:02","guid":{"rendered":"https:\/\/legrenierdelatour.be\/livres\/produit\/necropole-de-la-t%c2%a7ene-a-neudchateau-le-sart-1997-anne-cahen-delhaye\/"},"modified":"2025-12-14T22:10:11","modified_gmt":"2025-12-14T21:10:11","slug":"necropole-de-la-t%c2%a7ene-a-neudchateau-le-sart-1997-anne-cahen-delhaye","status":"publish","type":"product","link":"https:\/\/legrenierdelatour.be\/livres\/produit\/necropole-de-la-t%c2%a7ene-a-neudchateau-le-sart-1997-anne-cahen-delhaye\/","title":{"rendered":"n\u00e9cropole de la t\u00a7\u00e8ne \u00e0 neudch\u00e2teau-le-sart 199"},"content":{"rendered":"","protected":false},"excerpt":{"rendered":"","protected":false},"featured_media":19789,"template":"","meta":{"neve_meta_sidebar":"","neve_meta_container":"","neve_meta_enable_content_width":"","neve_meta_content_width":0,"neve_meta_title_alignment":"","neve_meta_author_avatar":"","neve_post_elements_order":"","neve_meta_disable_header":"","neve_meta_disable_footer":"","neve_meta_disable_title":""},"product_cat":[21],"product_tag":[64],"class_list":{"0":"post-19838","1":"product","2":"type-product","3":"status-publish","4":"has-post-thumbnail","6":"product_cat-la-province-de-luxembourg","7":"product_tag-francais","9":"first","10":"instock","11":"shipping-taxable","12":"purchasable","13":"product-type-simple"},"_links":{"self":[{"href":"https:\/\/legrenierdelatour.be\/livres\/wp-json\/wp\/v2\/product\/19838","targetHints":{"allow":["GET"]}}],"collection":[{"href":"https:\/\/legrenierdelatour.be\/livres\/wp-json\/wp\/v2\/product"}],"about":[{"href":"https:\/\/legrenierdelatour.be\/livres\/wp-json\/wp\/v2\/types\/product"}],"wp:featuredmedia":[{"embeddable":true,"href":"https:\/\/legrenierdelatour.be\/livres\/wp-json\/wp\/v2\/media\/19789"}],"wp:attachment":[{"href":"https:\/\/legrenierdelatour.be\/livres\/wp-json\/wp\/v2\/media?parent=19838"}],"wp:term":[{"taxonomy":"product_cat","embeddable":true,"href":"https:\/\/legrenierdelatour.be\/livres\/wp-json\/wp\/v2\/product_cat?post=19838"},{"taxonomy":"product_tag","embeddable":true,"href":"https:\/\/legrenierdelatour.be\/livres\/wp-json\/wp\/v2\/product_tag?post=19838"}],"curies":[{"name":"wp","href":"https:\/\/api.w.org\/{rel}","templated":true}]}}