{"id":18556,"date":"2024-06-19T21:01:16","date_gmt":"2024-06-19T19:01:16","guid":{"rendered":"https:\/\/legrenierdelatour.be\/livres\/produit\/60-joer-bartrenger-klengdeeir-sichterverain-1929-1989\/"},"modified":"2026-03-27T09:30:42","modified_gmt":"2026-03-27T08:30:42","slug":"60-joer-bartrenger-klengdeeir-sichterverain-1929-1989","status":"publish","type":"product","link":"https:\/\/legrenierdelatour.be\/livres\/produit\/60-joer-bartrenger-klengdeeir-sichterverain-1929-1989\/","title":{"rendered":"60 joer bartr\u00e9nger klengd\u00e9ier-ziichterver\u00e4in 1929-1989 \/"},"content":{"rendered":"","protected":false},"excerpt":{"rendered":"","protected":false},"featured_media":18538,"template":"","meta":{"neve_meta_sidebar":"","neve_meta_container":"","neve_meta_enable_content_width":"","neve_meta_content_width":0,"neve_meta_title_alignment":"","neve_meta_author_avatar":"","neve_post_elements_order":"","neve_meta_disable_header":"","neve_meta_disable_footer":"","neve_meta_disable_title":""},"product_cat":[19,80],"product_tag":[67,64],"class_list":{"0":"post-18556","1":"product","2":"type-product","3":"status-publish","4":"has-post-thumbnail","6":"product_cat-luxemburgensia","7":"product_cat-clubs-associations-entreprises","8":"product_tag-allemend","9":"product_tag-francais","11":"first","12":"instock","13":"shipping-taxable","14":"purchasable","15":"product-type-simple"},"_links":{"self":[{"href":"https:\/\/legrenierdelatour.be\/livres\/wp-json\/wp\/v2\/product\/18556","targetHints":{"allow":["GET"]}}],"collection":[{"href":"https:\/\/legrenierdelatour.be\/livres\/wp-json\/wp\/v2\/product"}],"about":[{"href":"https:\/\/legrenierdelatour.be\/livres\/wp-json\/wp\/v2\/types\/product"}],"wp:featuredmedia":[{"embeddable":true,"href":"https:\/\/legrenierdelatour.be\/livres\/wp-json\/wp\/v2\/media\/18538"}],"wp:attachment":[{"href":"https:\/\/legrenierdelatour.be\/livres\/wp-json\/wp\/v2\/media?parent=18556"}],"wp:term":[{"taxonomy":"product_cat","embeddable":true,"href":"https:\/\/legrenierdelatour.be\/livres\/wp-json\/wp\/v2\/product_cat?post=18556"},{"taxonomy":"product_tag","embeddable":true,"href":"https:\/\/legrenierdelatour.be\/livres\/wp-json\/wp\/v2\/product_tag?post=18556"}],"curies":[{"name":"wp","href":"https:\/\/api.w.org\/{rel}","templated":true}]}}