{"id":14205,"date":"2023-11-04T21:28:43","date_gmt":"2023-11-04T20:28:43","guid":{"rendered":"https:\/\/legrenierdelatour.be\/livres\/produit\/il-etait-une-fois-luxembourg-ses-chateaux-chateaux-forts-et-chateaux-fermes-tome-2-mars-schmit\/"},"modified":"2025-12-14T22:07:17","modified_gmt":"2025-12-14T21:07:17","slug":"il-etait-une-fois-luxembourg-ses-chateaux-chateaux-forts-et-chateaux-fermes-tome-2-mars-schmit","status":"publish","type":"product","link":"https:\/\/legrenierdelatour.be\/livres\/produit\/il-etait-une-fois-luxembourg-ses-chateaux-chateaux-forts-et-chateaux-fermes-tome-2-mars-schmit\/","title":{"rendered":"il \u00e9tait une fois&#8230; luxembourg ses ch\u00e2teaux, ch\u00e2teaux forts et ch\u00e2teaux-fermes tome 2"},"content":{"rendered":"","protected":false},"excerpt":{"rendered":"","protected":false},"featured_media":14177,"template":"","meta":{"neve_meta_sidebar":"","neve_meta_container":"","neve_meta_enable_content_width":"","neve_meta_content_width":0,"neve_meta_title_alignment":"","neve_meta_author_avatar":"","neve_post_elements_order":"","neve_meta_disable_header":"","neve_meta_disable_footer":"","neve_meta_disable_title":""},"product_cat":[19,36],"product_tag":[64],"class_list":{"0":"post-14205","1":"product","2":"type-product","3":"status-publish","4":"has-post-thumbnail","6":"product_cat-luxemburgensia","7":"product_cat-beaux-arts","8":"product_tag-francais","10":"first","11":"instock","12":"shipping-taxable","13":"purchasable","14":"product-type-simple"},"_links":{"self":[{"href":"https:\/\/legrenierdelatour.be\/livres\/wp-json\/wp\/v2\/product\/14205","targetHints":{"allow":["GET"]}}],"collection":[{"href":"https:\/\/legrenierdelatour.be\/livres\/wp-json\/wp\/v2\/product"}],"about":[{"href":"https:\/\/legrenierdelatour.be\/livres\/wp-json\/wp\/v2\/types\/product"}],"wp:featuredmedia":[{"embeddable":true,"href":"https:\/\/legrenierdelatour.be\/livres\/wp-json\/wp\/v2\/media\/14177"}],"wp:attachment":[{"href":"https:\/\/legrenierdelatour.be\/livres\/wp-json\/wp\/v2\/media?parent=14205"}],"wp:term":[{"taxonomy":"product_cat","embeddable":true,"href":"https:\/\/legrenierdelatour.be\/livres\/wp-json\/wp\/v2\/product_cat?post=14205"},{"taxonomy":"product_tag","embeddable":true,"href":"https:\/\/legrenierdelatour.be\/livres\/wp-json\/wp\/v2\/product_tag?post=14205"}],"curies":[{"name":"wp","href":"https:\/\/api.w.org\/{rel}","templated":true}]}}