{"id":9996,"date":"2025-02-15T17:09:27","date_gmt":"2025-02-15T16:09:27","guid":{"rendered":"https:\/\/legrenierdelatour.be\/brocante\/?post_type=product&#038;p=9996"},"modified":"2025-02-15T17:09:28","modified_gmt":"2025-02-15T16:09:28","slug":"assiette-en-etain-saint-donat-arlon-2","status":"publish","type":"product","link":"https:\/\/legrenierdelatour.be\/brocante\/produit\/assiette-en-etain-saint-donat-arlon-2\/","title":{"rendered":"Assiette en \u00e9tain \u00ab\u00a0Saint Donat Arlon\u00a0\u00bb"},"content":{"rendered":"<p>Assiette en Etain (23 cm de diam\u00e8tre), portant une repr\u00e9sentation de Saint Donat, sign\u00e9e P.Mathey . Elle porte derri\u00e8re \u00a0un poin\u00e7on avec une fleur, ainsi que les inscriptions \u00ab\u00a0Propri\u00e9t\u00e9 artistique de la ville d\u2019Arlon, reproduction interdite\u00a0\u00bb et Don de la ville d\u2019Arlon\u00a0\u00bb. Elle porte \u00e9galement au feutre, une signature non lisible et la date 31\/12\/76.<\/p>\n<div>R\u00e9f 39.89<\/div>\n","protected":false},"excerpt":{"rendered":"<p>Assiette en Etain (23 cm de diam\u00e8tre), portant une repr\u00e9sentation de Saint Donat, sign\u00e9e P.Mathey . Elle porte derri\u00e8re \u00a0un poin\u00e7on avec une fleur, ainsi que les inscriptions \u00ab\u00a0Propri\u00e9t\u00e9 artistique de la ville d\u2019Arlon, reproduction interdite\u00a0\u00bb et Don de la ville d\u2019Arlon\u00a0\u00bb. Elle porte \u00e9galement au feutre, une signature non lisible et la date 31\/12\/76.&hellip;&nbsp;<a href=\"https:\/\/legrenierdelatour.be\/brocante\/produit\/assiette-en-etain-saint-donat-arlon-2\/\" class=\"\" rel=\"bookmark\">Lire la suite &raquo;<span class=\"screen-reader-text\">Assiette en \u00e9tain \u00ab\u00a0Saint Donat Arlon\u00a0\u00bb<\/span><\/a><\/p>\n","protected":false},"featured_media":9999,"comment_status":"open","ping_status":"closed","template":"","meta":{"neve_meta_sidebar":"","neve_meta_container":"","neve_meta_enable_content_width":"off","neve_meta_content_width":100,"neve_meta_title_alignment":"","neve_meta_author_avatar":"","neve_post_elements_order":"","neve_meta_disable_header":"","neve_meta_disable_footer":"","neve_meta_disable_title":""},"product_brand":[],"product_cat":[110,31],"product_tag":[],"class_list":{"0":"post-9996","1":"product","2":"type-product","3":"status-publish","4":"has-post-thumbnail","6":"product_cat-etain","7":"product_cat-pays-darlon","9":"first","10":"instock","11":"shipping-taxable","12":"purchasable","13":"product-type-simple"},"_links":{"self":[{"href":"https:\/\/legrenierdelatour.be\/brocante\/wp-json\/wp\/v2\/product\/9996","targetHints":{"allow":["GET"]}}],"collection":[{"href":"https:\/\/legrenierdelatour.be\/brocante\/wp-json\/wp\/v2\/product"}],"about":[{"href":"https:\/\/legrenierdelatour.be\/brocante\/wp-json\/wp\/v2\/types\/product"}],"replies":[{"embeddable":true,"href":"https:\/\/legrenierdelatour.be\/brocante\/wp-json\/wp\/v2\/comments?post=9996"}],"wp:featuredmedia":[{"embeddable":true,"href":"https:\/\/legrenierdelatour.be\/brocante\/wp-json\/wp\/v2\/media\/9999"}],"wp:attachment":[{"href":"https:\/\/legrenierdelatour.be\/brocante\/wp-json\/wp\/v2\/media?parent=9996"}],"wp:term":[{"taxonomy":"product_brand","embeddable":true,"href":"https:\/\/legrenierdelatour.be\/brocante\/wp-json\/wp\/v2\/product_brand?post=9996"},{"taxonomy":"product_cat","embeddable":true,"href":"https:\/\/legrenierdelatour.be\/brocante\/wp-json\/wp\/v2\/product_cat?post=9996"},{"taxonomy":"product_tag","embeddable":true,"href":"https:\/\/legrenierdelatour.be\/brocante\/wp-json\/wp\/v2\/product_tag?post=9996"}],"curies":[{"name":"wp","href":"https:\/\/api.w.org\/{rel}","templated":true}]}}