{"id":9778,"date":"2025-01-26T14:35:07","date_gmt":"2025-01-26T13:35:07","guid":{"rendered":"https:\/\/legrenierdelatour.be\/brocante\/?post_type=product&#038;p=9778"},"modified":"2025-01-26T14:35:08","modified_gmt":"2025-01-26T13:35:08","slug":"vase-en-verre-moule-cubis-scailmont","status":"publish","type":"product","link":"https:\/\/legrenierdelatour.be\/brocante\/produit\/vase-en-verre-moule-cubis-scailmont\/","title":{"rendered":"Vase en verre moul\u00e9 \u00ab\u00a0Cubis\u00a0\u00bb Scailmont"},"content":{"rendered":"<p>Vase en verre moul\u00e9 ambr\u00e9 (17 cm de haut) dans un \u00e9tat moyen (quelques coups dans le verre). Ce vase est du mod\u00e8le Cubis de la manufacture \u00ab\u00a0Les Verreries de Scailmont\u00a0\u00bb date des ann\u00e9es 1928-1930, du designer Henri Heemskerk (1886-1953). Il porte dessous \u00ab\u00a0Fait en Belgique\u00a0\u00bb dans le moule.<\/p>\n<div>R\u00e9f 39.17<\/div>\n","protected":false},"excerpt":{"rendered":"<p>Vase en verre moul\u00e9 ambr\u00e9 (17 cm de haut) dans un \u00e9tat moyen (quelques coups dans le verre). Ce vase est du mod\u00e8le Cubis de la manufacture \u00ab\u00a0Les Verreries de Scailmont\u00a0\u00bb date des ann\u00e9es 1928-1930, du designer Henri Heemskerk (1886-1953). Il porte dessous \u00ab\u00a0Fait en Belgique\u00a0\u00bb dans le moule. R\u00e9f 39.17<\/p>\n","protected":false},"featured_media":9779,"comment_status":"open","ping_status":"closed","template":"","meta":{"neve_meta_sidebar":"","neve_meta_container":"","neve_meta_enable_content_width":"off","neve_meta_content_width":100,"neve_meta_title_alignment":"","neve_meta_author_avatar":"","neve_post_elements_order":"","neve_meta_disable_header":"","neve_meta_disable_footer":"","neve_meta_disable_title":""},"product_brand":[],"product_cat":[162,139,22],"product_tag":[],"class_list":{"0":"post-9778","1":"product","2":"type-product","3":"status-publish","4":"has-post-thumbnail","6":"product_cat-productions-belges","7":"product_cat-scailmont","8":"product_cat-verrerie","10":"first","11":"instock","12":"shipping-taxable","13":"purchasable","14":"product-type-simple"},"_links":{"self":[{"href":"https:\/\/legrenierdelatour.be\/brocante\/wp-json\/wp\/v2\/product\/9778","targetHints":{"allow":["GET"]}}],"collection":[{"href":"https:\/\/legrenierdelatour.be\/brocante\/wp-json\/wp\/v2\/product"}],"about":[{"href":"https:\/\/legrenierdelatour.be\/brocante\/wp-json\/wp\/v2\/types\/product"}],"replies":[{"embeddable":true,"href":"https:\/\/legrenierdelatour.be\/brocante\/wp-json\/wp\/v2\/comments?post=9778"}],"wp:featuredmedia":[{"embeddable":true,"href":"https:\/\/legrenierdelatour.be\/brocante\/wp-json\/wp\/v2\/media\/9779"}],"wp:attachment":[{"href":"https:\/\/legrenierdelatour.be\/brocante\/wp-json\/wp\/v2\/media?parent=9778"}],"wp:term":[{"taxonomy":"product_brand","embeddable":true,"href":"https:\/\/legrenierdelatour.be\/brocante\/wp-json\/wp\/v2\/product_brand?post=9778"},{"taxonomy":"product_cat","embeddable":true,"href":"https:\/\/legrenierdelatour.be\/brocante\/wp-json\/wp\/v2\/product_cat?post=9778"},{"taxonomy":"product_tag","embeddable":true,"href":"https:\/\/legrenierdelatour.be\/brocante\/wp-json\/wp\/v2\/product_tag?post=9778"}],"curies":[{"name":"wp","href":"https:\/\/api.w.org\/{rel}","templated":true}]}}