{"id":9760,"date":"2025-01-24T16:21:08","date_gmt":"2025-01-24T15:21:08","guid":{"rendered":"https:\/\/legrenierdelatour.be\/brocante\/?post_type=product&#038;p=9760"},"modified":"2025-01-24T16:21:08","modified_gmt":"2025-01-24T15:21:08","slug":"grand-plat-en-cristal-vannes-le-chatel","status":"publish","type":"product","link":"https:\/\/legrenierdelatour.be\/brocante\/produit\/grand-plat-en-cristal-vannes-le-chatel\/","title":{"rendered":"Grand plat en cristal, Vannes le Ch\u00e2tel"},"content":{"rendered":"<p>Grand plat en cristal (64 cm de long) en cristal transparant, portant l\u2019\u00e9tiquette et la signature de la cristallerie de Vannes le Ch\u00e2tel (depuis 1765). Cegrand plat datant sans dote des ann\u00e9es 1960 est en parfait \u00e9tat.<\/p>\n<div>R\u00e9f 39.06<\/div>\n","protected":false},"excerpt":{"rendered":"<p>Grand plat en cristal (64 cm de long) en cristal transparant, portant l\u2019\u00e9tiquette et la signature de la cristallerie de Vannes le Ch\u00e2tel (depuis 1765). Cegrand plat datant sans dote des ann\u00e9es 1960 est en parfait \u00e9tat. R\u00e9f 39.06<\/p>\n","protected":false},"featured_media":9761,"comment_status":"open","ping_status":"closed","template":"","meta":{"neve_meta_sidebar":"","neve_meta_container":"","neve_meta_enable_content_width":"off","neve_meta_content_width":100,"neve_meta_title_alignment":"","neve_meta_author_avatar":"","neve_post_elements_order":"","neve_meta_disable_header":"","neve_meta_disable_footer":"","neve_meta_disable_title":""},"product_brand":[],"product_cat":[22],"product_tag":[],"class_list":{"0":"post-9760","1":"product","2":"type-product","3":"status-publish","4":"has-post-thumbnail","6":"product_cat-verrerie","8":"first","9":"instock","10":"shipping-taxable","11":"purchasable","12":"product-type-simple"},"_links":{"self":[{"href":"https:\/\/legrenierdelatour.be\/brocante\/wp-json\/wp\/v2\/product\/9760","targetHints":{"allow":["GET"]}}],"collection":[{"href":"https:\/\/legrenierdelatour.be\/brocante\/wp-json\/wp\/v2\/product"}],"about":[{"href":"https:\/\/legrenierdelatour.be\/brocante\/wp-json\/wp\/v2\/types\/product"}],"replies":[{"embeddable":true,"href":"https:\/\/legrenierdelatour.be\/brocante\/wp-json\/wp\/v2\/comments?post=9760"}],"wp:featuredmedia":[{"embeddable":true,"href":"https:\/\/legrenierdelatour.be\/brocante\/wp-json\/wp\/v2\/media\/9761"}],"wp:attachment":[{"href":"https:\/\/legrenierdelatour.be\/brocante\/wp-json\/wp\/v2\/media?parent=9760"}],"wp:term":[{"taxonomy":"product_brand","embeddable":true,"href":"https:\/\/legrenierdelatour.be\/brocante\/wp-json\/wp\/v2\/product_brand?post=9760"},{"taxonomy":"product_cat","embeddable":true,"href":"https:\/\/legrenierdelatour.be\/brocante\/wp-json\/wp\/v2\/product_cat?post=9760"},{"taxonomy":"product_tag","embeddable":true,"href":"https:\/\/legrenierdelatour.be\/brocante\/wp-json\/wp\/v2\/product_tag?post=9760"}],"curies":[{"name":"wp","href":"https:\/\/api.w.org\/{rel}","templated":true}]}}