{"id":9694,"date":"2024-12-26T17:33:26","date_gmt":"2024-12-26T16:33:26","guid":{"rendered":"https:\/\/legrenierdelatour.be\/brocante\/?post_type=product&#038;p=9694"},"modified":"2024-12-27T13:36:45","modified_gmt":"2024-12-27T12:36:45","slug":"vide-poche-ville-de-luxembourg-963-1963-dommeldange","status":"publish","type":"product","link":"https:\/\/legrenierdelatour.be\/brocante\/produit\/vide-poche-ville-de-luxembourg-963-1963-dommeldange\/","title":{"rendered":"Vide-poche Ville de Luxembourg 963-1963, Dommeldange"},"content":{"rendered":"<p>Vide-poche (11,5 cm de diam\u00e8tre) \u00e9dit\u00e9 pour comm\u00e9morer les 1000 ans de la Ville de Luxembourg. Il est orn\u00e9 d\u2019une s\u00e9rigraphie repr\u00e9sentant M\u00e9lusine. C\u2019est une cr\u00e9ation de l\u2019artise Lex Weyer (1914-2005) et issu de la manufacture Villeroy et Boch Luxembourg en 1963. Il porte \u00e9galement la notation V.S. Dommeldange 1963.<\/p>\n<div>R\u00e9f 38.73<\/div>\n","protected":false},"excerpt":{"rendered":"<p>Vide-poche (11,5 cm de diam\u00e8tre) \u00e9dit\u00e9 pour comm\u00e9morer les 1000 ans de la Ville de Luxembourg. Il est orn\u00e9 d\u2019une s\u00e9rigraphie repr\u00e9sentant M\u00e9lusine. C\u2019est une cr\u00e9ation de l\u2019artise Lex Weyer (1914-2005) et issu de la manufacture Villeroy et Boch Luxembourg en 1963. Il porte \u00e9galement la notation V.S. Dommeldange 1963. R\u00e9f 38.73<\/p>\n","protected":false},"featured_media":9695,"comment_status":"open","ping_status":"closed","template":"","meta":{"neve_meta_sidebar":"","neve_meta_container":"","neve_meta_enable_content_width":"off","neve_meta_content_width":100,"neve_meta_title_alignment":"","neve_meta_author_avatar":"","neve_post_elements_order":"","neve_meta_disable_header":"","neve_meta_disable_footer":"","neve_meta_disable_title":""},"product_brand":[],"product_cat":[15],"product_tag":[],"class_list":{"0":"post-9694","1":"product","2":"type-product","3":"status-publish","4":"has-post-thumbnail","6":"product_cat-non-classe","8":"first","9":"instock","10":"shipping-taxable","11":"purchasable","12":"product-type-simple"},"_links":{"self":[{"href":"https:\/\/legrenierdelatour.be\/brocante\/wp-json\/wp\/v2\/product\/9694","targetHints":{"allow":["GET"]}}],"collection":[{"href":"https:\/\/legrenierdelatour.be\/brocante\/wp-json\/wp\/v2\/product"}],"about":[{"href":"https:\/\/legrenierdelatour.be\/brocante\/wp-json\/wp\/v2\/types\/product"}],"replies":[{"embeddable":true,"href":"https:\/\/legrenierdelatour.be\/brocante\/wp-json\/wp\/v2\/comments?post=9694"}],"wp:featuredmedia":[{"embeddable":true,"href":"https:\/\/legrenierdelatour.be\/brocante\/wp-json\/wp\/v2\/media\/9695"}],"wp:attachment":[{"href":"https:\/\/legrenierdelatour.be\/brocante\/wp-json\/wp\/v2\/media?parent=9694"}],"wp:term":[{"taxonomy":"product_brand","embeddable":true,"href":"https:\/\/legrenierdelatour.be\/brocante\/wp-json\/wp\/v2\/product_brand?post=9694"},{"taxonomy":"product_cat","embeddable":true,"href":"https:\/\/legrenierdelatour.be\/brocante\/wp-json\/wp\/v2\/product_cat?post=9694"},{"taxonomy":"product_tag","embeddable":true,"href":"https:\/\/legrenierdelatour.be\/brocante\/wp-json\/wp\/v2\/product_tag?post=9694"}],"curies":[{"name":"wp","href":"https:\/\/api.w.org\/{rel}","templated":true}]}}