{"id":9663,"date":"2024-12-18T13:14:17","date_gmt":"2024-12-18T12:14:17","guid":{"rendered":"https:\/\/legrenierdelatour.be\/brocante\/?post_type=product&#038;p=9663"},"modified":"2024-12-18T13:14:17","modified_gmt":"2024-12-18T12:14:17","slug":"vase-en-cristal-taille-vert-val-st-lambert-1956-lubo","status":"publish","type":"product","link":"https:\/\/legrenierdelatour.be\/brocante\/produit\/vase-en-cristal-taille-vert-val-st-lambert-1956-lubo\/","title":{"rendered":"Vase en cristal taill\u00e9 vert, Val St Lambert, 1956 LUBO"},"content":{"rendered":"<p>Beau vase (21cm de haut) en cristal taill\u00e9 vert. Il porte l\u2019\u00e9tiquette dor\u00e9e Val St Lambert et est \u00e9galement sign\u00e9 dessous Val st Lambert. Il est en parfait \u00e9tat. Il s\u2019agit du mod\u00e8le LUBO, repris au catalogue de 1956 (Charles Graffart C.G.945)<\/p>\n<div>R\u00e9f 38.64<\/div>\n","protected":false},"excerpt":{"rendered":"<p>Beau vase (21cm de haut) en cristal taill\u00e9 vert. Il porte l\u2019\u00e9tiquette dor\u00e9e Val St Lambert et est \u00e9galement sign\u00e9 dessous Val st Lambert. Il est en parfait \u00e9tat. Il s\u2019agit du mod\u00e8le LUBO, repris au catalogue de 1956 (Charles Graffart C.G.945) R\u00e9f 38.64<\/p>\n","protected":false},"featured_media":9651,"comment_status":"open","ping_status":"closed","template":"","meta":{"neve_meta_sidebar":"","neve_meta_container":"","neve_meta_enable_content_width":"off","neve_meta_content_width":100,"neve_meta_title_alignment":"","neve_meta_author_avatar":"","neve_post_elements_order":"","neve_meta_disable_header":"","neve_meta_disable_footer":"","neve_meta_disable_title":""},"product_brand":[],"product_cat":[22],"product_tag":[],"class_list":{"0":"post-9663","1":"product","2":"type-product","3":"status-publish","4":"has-post-thumbnail","6":"product_cat-verrerie","8":"first","9":"instock","10":"shipping-taxable","11":"purchasable","12":"product-type-simple"},"_links":{"self":[{"href":"https:\/\/legrenierdelatour.be\/brocante\/wp-json\/wp\/v2\/product\/9663","targetHints":{"allow":["GET"]}}],"collection":[{"href":"https:\/\/legrenierdelatour.be\/brocante\/wp-json\/wp\/v2\/product"}],"about":[{"href":"https:\/\/legrenierdelatour.be\/brocante\/wp-json\/wp\/v2\/types\/product"}],"replies":[{"embeddable":true,"href":"https:\/\/legrenierdelatour.be\/brocante\/wp-json\/wp\/v2\/comments?post=9663"}],"wp:featuredmedia":[{"embeddable":true,"href":"https:\/\/legrenierdelatour.be\/brocante\/wp-json\/wp\/v2\/media\/9651"}],"wp:attachment":[{"href":"https:\/\/legrenierdelatour.be\/brocante\/wp-json\/wp\/v2\/media?parent=9663"}],"wp:term":[{"taxonomy":"product_brand","embeddable":true,"href":"https:\/\/legrenierdelatour.be\/brocante\/wp-json\/wp\/v2\/product_brand?post=9663"},{"taxonomy":"product_cat","embeddable":true,"href":"https:\/\/legrenierdelatour.be\/brocante\/wp-json\/wp\/v2\/product_cat?post=9663"},{"taxonomy":"product_tag","embeddable":true,"href":"https:\/\/legrenierdelatour.be\/brocante\/wp-json\/wp\/v2\/product_tag?post=9663"}],"curies":[{"name":"wp","href":"https:\/\/api.w.org\/{rel}","templated":true}]}}