{"id":964,"date":"2022-03-24T09:13:21","date_gmt":"2022-03-24T08:13:21","guid":{"rendered":"https:\/\/legrenierdelatour.be\/brocante\/?post_type=product&#038;p=964"},"modified":"2022-05-19T16:39:21","modified_gmt":"2022-05-19T14:39:21","slug":"brosse-electrique-aspirante-dyana","status":"publish","type":"product","link":"https:\/\/legrenierdelatour.be\/brocante\/produit\/brosse-electrique-aspirante-dyana\/","title":{"rendered":"Brosse \u00e9lectrique aspirante\u00a0Dyana"},"content":{"rendered":"<p>Petite brosse \u00e9lectrique aspirante (20 cm de long) de la marque Dyana en \u00e9tat de fonctionnement. Avec sa couleur orange tr\u00e8s vintage, elle date des ann\u00e9es 1970.<\/p>\n<div>R\u00e9f 9.100<\/div>\n","protected":false},"excerpt":{"rendered":"<p>Petite brosse \u00e9lectrique aspirante (20 cm de long) de la marque Dyana en \u00e9tat de fonctionnement. Avec sa couleur orange tr\u00e8s vintage, elle date des ann\u00e9es 1970. R\u00e9f 9.100<\/p>\n","protected":false},"featured_media":953,"comment_status":"open","ping_status":"closed","template":"","meta":{"neve_meta_sidebar":"","neve_meta_container":"","neve_meta_enable_content_width":"off","neve_meta_content_width":100,"neve_meta_title_alignment":"","neve_meta_author_avatar":"","neve_post_elements_order":"","neve_meta_disable_header":"","neve_meta_disable_footer":"","neve_meta_disable_title":""},"product_brand":[],"product_cat":[15,172],"product_tag":[28],"class_list":{"0":"post-964","1":"product","2":"type-product","3":"status-publish","4":"has-post-thumbnail","6":"product_cat-non-classe","7":"product_cat-en-cuisine","8":"product_tag-vintage","10":"first","11":"instock","12":"shipping-taxable","13":"purchasable","14":"product-type-simple"},"_links":{"self":[{"href":"https:\/\/legrenierdelatour.be\/brocante\/wp-json\/wp\/v2\/product\/964","targetHints":{"allow":["GET"]}}],"collection":[{"href":"https:\/\/legrenierdelatour.be\/brocante\/wp-json\/wp\/v2\/product"}],"about":[{"href":"https:\/\/legrenierdelatour.be\/brocante\/wp-json\/wp\/v2\/types\/product"}],"replies":[{"embeddable":true,"href":"https:\/\/legrenierdelatour.be\/brocante\/wp-json\/wp\/v2\/comments?post=964"}],"wp:featuredmedia":[{"embeddable":true,"href":"https:\/\/legrenierdelatour.be\/brocante\/wp-json\/wp\/v2\/media\/953"}],"wp:attachment":[{"href":"https:\/\/legrenierdelatour.be\/brocante\/wp-json\/wp\/v2\/media?parent=964"}],"wp:term":[{"taxonomy":"product_brand","embeddable":true,"href":"https:\/\/legrenierdelatour.be\/brocante\/wp-json\/wp\/v2\/product_brand?post=964"},{"taxonomy":"product_cat","embeddable":true,"href":"https:\/\/legrenierdelatour.be\/brocante\/wp-json\/wp\/v2\/product_cat?post=964"},{"taxonomy":"product_tag","embeddable":true,"href":"https:\/\/legrenierdelatour.be\/brocante\/wp-json\/wp\/v2\/product_tag?post=964"}],"curies":[{"name":"wp","href":"https:\/\/api.w.org\/{rel}","templated":true}]}}