{"id":9637,"date":"2024-12-17T17:01:34","date_gmt":"2024-12-17T16:01:34","guid":{"rendered":"https:\/\/legrenierdelatour.be\/brocante\/?post_type=product&#038;p=9637"},"modified":"2024-12-17T17:01:34","modified_gmt":"2024-12-17T16:01:34","slug":"vase-boule-en-cristal-taille-bleu-art-deco","status":"publish","type":"product","link":"https:\/\/legrenierdelatour.be\/brocante\/produit\/vase-boule-en-cristal-taille-bleu-art-deco\/","title":{"rendered":"Vase boule en cristal taill\u00e9 bleu, Art D\u00e9co"},"content":{"rendered":"<p>Beau vase boule en cristal taill\u00e9 (12 cm de diam\u00e8tre) de couleur bleue, datant sans doute des ann\u00e9es 1930. Ce vase est cercl\u00e9 au-dessus d\u2019un cercle de laiton d\u00e9cor\u00e9.<\/p>\n<div>R\u00e9f 38.56<\/div>\n","protected":false},"excerpt":{"rendered":"<p>Beau vase boule en cristal taill\u00e9 (12 cm de diam\u00e8tre) de couleur bleue, datant sans doute des ann\u00e9es 1930. Ce vase est cercl\u00e9 au-dessus d\u2019un cercle de laiton d\u00e9cor\u00e9. R\u00e9f 38.56<\/p>\n","protected":false},"featured_media":9631,"comment_status":"open","ping_status":"closed","template":"","meta":{"neve_meta_sidebar":"","neve_meta_container":"","neve_meta_enable_content_width":"off","neve_meta_content_width":100,"neve_meta_title_alignment":"","neve_meta_author_avatar":"","neve_post_elements_order":"","neve_meta_disable_header":"","neve_meta_disable_footer":"","neve_meta_disable_title":""},"product_brand":[],"product_cat":[22],"product_tag":[],"class_list":{"0":"post-9637","1":"product","2":"type-product","3":"status-publish","4":"has-post-thumbnail","6":"product_cat-verrerie","8":"first","9":"instock","10":"shipping-taxable","11":"purchasable","12":"product-type-simple"},"_links":{"self":[{"href":"https:\/\/legrenierdelatour.be\/brocante\/wp-json\/wp\/v2\/product\/9637","targetHints":{"allow":["GET"]}}],"collection":[{"href":"https:\/\/legrenierdelatour.be\/brocante\/wp-json\/wp\/v2\/product"}],"about":[{"href":"https:\/\/legrenierdelatour.be\/brocante\/wp-json\/wp\/v2\/types\/product"}],"replies":[{"embeddable":true,"href":"https:\/\/legrenierdelatour.be\/brocante\/wp-json\/wp\/v2\/comments?post=9637"}],"wp:featuredmedia":[{"embeddable":true,"href":"https:\/\/legrenierdelatour.be\/brocante\/wp-json\/wp\/v2\/media\/9631"}],"wp:attachment":[{"href":"https:\/\/legrenierdelatour.be\/brocante\/wp-json\/wp\/v2\/media?parent=9637"}],"wp:term":[{"taxonomy":"product_brand","embeddable":true,"href":"https:\/\/legrenierdelatour.be\/brocante\/wp-json\/wp\/v2\/product_brand?post=9637"},{"taxonomy":"product_cat","embeddable":true,"href":"https:\/\/legrenierdelatour.be\/brocante\/wp-json\/wp\/v2\/product_cat?post=9637"},{"taxonomy":"product_tag","embeddable":true,"href":"https:\/\/legrenierdelatour.be\/brocante\/wp-json\/wp\/v2\/product_tag?post=9637"}],"curies":[{"name":"wp","href":"https:\/\/api.w.org\/{rel}","templated":true}]}}