{"id":9553,"date":"2024-11-23T12:02:18","date_gmt":"2024-11-23T11:02:18","guid":{"rendered":"https:\/\/legrenierdelatour.be\/brocante\/?post_type=product&#038;p=9553"},"modified":"2024-11-23T12:02:18","modified_gmt":"2024-11-23T11:02:18","slug":"assiette-chasse-mouzin-lecat-nimy-19-e-siecle","status":"publish","type":"product","link":"https:\/\/legrenierdelatour.be\/brocante\/produit\/assiette-chasse-mouzin-lecat-nimy-19-e-siecle\/","title":{"rendered":"Assiette \u00ab\u00a0Chasse\u00a0\u00bb, Mouzin-Lecat, Nimy 19 \u00e8 si\u00e8cle"},"content":{"rendered":"<p>Belle assiette profonde (23,5 cm de diam\u00e8tre) portant une impression en noir de chasse. Elle porte le cachet \u00ab\u00a0Mouzin Lecat et co, Chasse, Nimy\u00a0\u00bb datant des ann\u00e9es 1851-1898. Son \u00e9tat est satisfaisant.<\/p>\n<div>R\u00e9f 38.20<\/div>\n","protected":false},"excerpt":{"rendered":"<p>Belle assiette profonde (23,5 cm de diam\u00e8tre) portant une impression en noir de chasse. Elle porte le cachet \u00ab\u00a0Mouzin Lecat et co, Chasse, Nimy\u00a0\u00bb datant des ann\u00e9es 1851-1898. Son \u00e9tat est satisfaisant. R\u00e9f 38.20<\/p>\n","protected":false},"featured_media":9554,"comment_status":"open","ping_status":"closed","template":"","meta":{"neve_meta_sidebar":"","neve_meta_container":"","neve_meta_enable_content_width":"off","neve_meta_content_width":100,"neve_meta_title_alignment":"","neve_meta_author_avatar":"","neve_post_elements_order":"","neve_meta_disable_header":"","neve_meta_disable_footer":"","neve_meta_disable_title":""},"product_brand":[],"product_cat":[37,16,188],"product_tag":[],"class_list":{"0":"post-9553","1":"product","2":"type-product","3":"status-publish","4":"has-post-thumbnail","6":"product_cat-belgique","7":"product_cat-ceramique","8":"product_cat-nimy","10":"first","11":"instock","12":"shipping-taxable","13":"purchasable","14":"product-type-simple"},"_links":{"self":[{"href":"https:\/\/legrenierdelatour.be\/brocante\/wp-json\/wp\/v2\/product\/9553","targetHints":{"allow":["GET"]}}],"collection":[{"href":"https:\/\/legrenierdelatour.be\/brocante\/wp-json\/wp\/v2\/product"}],"about":[{"href":"https:\/\/legrenierdelatour.be\/brocante\/wp-json\/wp\/v2\/types\/product"}],"replies":[{"embeddable":true,"href":"https:\/\/legrenierdelatour.be\/brocante\/wp-json\/wp\/v2\/comments?post=9553"}],"wp:featuredmedia":[{"embeddable":true,"href":"https:\/\/legrenierdelatour.be\/brocante\/wp-json\/wp\/v2\/media\/9554"}],"wp:attachment":[{"href":"https:\/\/legrenierdelatour.be\/brocante\/wp-json\/wp\/v2\/media?parent=9553"}],"wp:term":[{"taxonomy":"product_brand","embeddable":true,"href":"https:\/\/legrenierdelatour.be\/brocante\/wp-json\/wp\/v2\/product_brand?post=9553"},{"taxonomy":"product_cat","embeddable":true,"href":"https:\/\/legrenierdelatour.be\/brocante\/wp-json\/wp\/v2\/product_cat?post=9553"},{"taxonomy":"product_tag","embeddable":true,"href":"https:\/\/legrenierdelatour.be\/brocante\/wp-json\/wp\/v2\/product_tag?post=9553"}],"curies":[{"name":"wp","href":"https:\/\/api.w.org\/{rel}","templated":true}]}}