{"id":9498,"date":"2024-11-11T17:08:49","date_gmt":"2024-11-11T16:08:49","guid":{"rendered":"https:\/\/legrenierdelatour.be\/brocante\/?post_type=product&#038;p=9498"},"modified":"2024-11-11T17:08:49","modified_gmt":"2024-11-11T16:08:49","slug":"grande-peinture-village-a-portenart","status":"publish","type":"product","link":"https:\/\/legrenierdelatour.be\/brocante\/produit\/grande-peinture-village-a-portenart\/","title":{"rendered":"Grande peinture \u00ab\u00a0Village\u00a0\u00bb, A. Portenart?"},"content":{"rendered":"<p>Grande peinture \u00e0 l\u2019huile sous verre (101&#215;86 cm \u00a0cadre compris) repr\u00e9sentant un village sans doute de la Province de Luxembourg (village non identifi\u00e9). Cette peinture est sign\u00e9e (A.Portenart?) mais l\u2019artiste n\u2019a pas pu \u00eatre identifi\u00e9.<\/p>\n<div>R\u00e9f 36.98<\/div>\n","protected":false},"excerpt":{"rendered":"<p>Grande peinture \u00e0 l\u2019huile sous verre (101&#215;86 cm \u00a0cadre compris) repr\u00e9sentant un village sans doute de la Province de Luxembourg (village non identifi\u00e9). Cette peinture est sign\u00e9e (A.Portenart?) mais l\u2019artiste n\u2019a pas pu \u00eatre identifi\u00e9. R\u00e9f 36.98<\/p>\n","protected":false},"featured_media":9499,"comment_status":"open","ping_status":"closed","template":"","meta":{"neve_meta_sidebar":"","neve_meta_container":"","neve_meta_enable_content_width":"off","neve_meta_content_width":100,"neve_meta_title_alignment":"","neve_meta_author_avatar":"","neve_post_elements_order":"","neve_meta_disable_header":"","neve_meta_disable_footer":"","neve_meta_disable_title":""},"product_brand":[],"product_cat":[31,167],"product_tag":[],"class_list":{"0":"post-9498","1":"product","2":"type-product","3":"status-publish","4":"has-post-thumbnail","6":"product_cat-pays-darlon","7":"product_cat-peintures-et-sculptures","9":"first","10":"instock","11":"shipping-taxable","12":"purchasable","13":"product-type-simple"},"_links":{"self":[{"href":"https:\/\/legrenierdelatour.be\/brocante\/wp-json\/wp\/v2\/product\/9498","targetHints":{"allow":["GET"]}}],"collection":[{"href":"https:\/\/legrenierdelatour.be\/brocante\/wp-json\/wp\/v2\/product"}],"about":[{"href":"https:\/\/legrenierdelatour.be\/brocante\/wp-json\/wp\/v2\/types\/product"}],"replies":[{"embeddable":true,"href":"https:\/\/legrenierdelatour.be\/brocante\/wp-json\/wp\/v2\/comments?post=9498"}],"wp:featuredmedia":[{"embeddable":true,"href":"https:\/\/legrenierdelatour.be\/brocante\/wp-json\/wp\/v2\/media\/9499"}],"wp:attachment":[{"href":"https:\/\/legrenierdelatour.be\/brocante\/wp-json\/wp\/v2\/media?parent=9498"}],"wp:term":[{"taxonomy":"product_brand","embeddable":true,"href":"https:\/\/legrenierdelatour.be\/brocante\/wp-json\/wp\/v2\/product_brand?post=9498"},{"taxonomy":"product_cat","embeddable":true,"href":"https:\/\/legrenierdelatour.be\/brocante\/wp-json\/wp\/v2\/product_cat?post=9498"},{"taxonomy":"product_tag","embeddable":true,"href":"https:\/\/legrenierdelatour.be\/brocante\/wp-json\/wp\/v2\/product_tag?post=9498"}],"curies":[{"name":"wp","href":"https:\/\/api.w.org\/{rel}","templated":true}]}}