{"id":9383,"date":"2024-10-21T18:27:48","date_gmt":"2024-10-21T16:27:48","guid":{"rendered":"https:\/\/legrenierdelatour.be\/brocante\/?post_type=product&#038;p=9383"},"modified":"2026-02-17T18:02:27","modified_gmt":"2026-02-17T17:02:27","slug":"sculpture-en-platre-peint-le-debardeur-du-port-danvers-constantin-meunier","status":"publish","type":"product","link":"https:\/\/legrenierdelatour.be\/brocante\/produit\/sculpture-en-platre-peint-le-debardeur-du-port-danvers-constantin-meunier\/","title":{"rendered":"Sculpture en pl\u00e2tre peint \u00ab\u00a0Le d\u00e9bardeur du Port d&rsquo;Anvers\u00a0\u00bb, Constantin Meunier"},"content":{"rendered":"<p>Sculpture en pl\u00e2tre peint (49 cm de haut) de \u00ab\u00a0Le d\u00e9bardeur du Port d\u2019Anvers\u00a0\u00bb de Constantin Meunier (1831-1905), pr\u00e9sent\u00e9 au Salon des XX \u00e0 Bruxelles en 1885. Ce pl\u00e2tre est sign\u00e9 dans le moule derri\u00e8re \u00e0 gauche. Il y a un petit manque sur l\u2019\u00e9paule gauche.<\/p>\n<div>R\u00e9f 35.60<\/div>\n","protected":false},"excerpt":{"rendered":"<p>Sculpture en pl\u00e2tre peint (49 cm de haut) de \u00ab\u00a0Le d\u00e9bardeur du Port d\u2019Anvers\u00a0\u00bb de Constantin Meunier (1831-1905), pr\u00e9sent\u00e9 au Salon des XX \u00e0 Bruxelles en 1885. Ce pl\u00e2tre est sign\u00e9 dans le moule derri\u00e8re \u00e0 gauche. Il y a un petit manque sur l\u2019\u00e9paule gauche. R\u00e9f 35.60<\/p>\n","protected":false},"featured_media":9384,"comment_status":"open","ping_status":"closed","template":"","meta":{"neve_meta_sidebar":"","neve_meta_container":"","neve_meta_enable_content_width":"off","neve_meta_content_width":100,"neve_meta_title_alignment":"","neve_meta_author_avatar":"","neve_post_elements_order":"","neve_meta_disable_header":"","neve_meta_disable_footer":"","neve_meta_disable_title":""},"product_brand":[],"product_cat":[167],"product_tag":[],"class_list":{"0":"post-9383","1":"product","2":"type-product","3":"status-publish","4":"has-post-thumbnail","6":"product_cat-peintures-et-sculptures","8":"first","9":"instock","10":"shipping-taxable","11":"purchasable","12":"product-type-simple"},"_links":{"self":[{"href":"https:\/\/legrenierdelatour.be\/brocante\/wp-json\/wp\/v2\/product\/9383","targetHints":{"allow":["GET"]}}],"collection":[{"href":"https:\/\/legrenierdelatour.be\/brocante\/wp-json\/wp\/v2\/product"}],"about":[{"href":"https:\/\/legrenierdelatour.be\/brocante\/wp-json\/wp\/v2\/types\/product"}],"replies":[{"embeddable":true,"href":"https:\/\/legrenierdelatour.be\/brocante\/wp-json\/wp\/v2\/comments?post=9383"}],"wp:featuredmedia":[{"embeddable":true,"href":"https:\/\/legrenierdelatour.be\/brocante\/wp-json\/wp\/v2\/media\/9384"}],"wp:attachment":[{"href":"https:\/\/legrenierdelatour.be\/brocante\/wp-json\/wp\/v2\/media?parent=9383"}],"wp:term":[{"taxonomy":"product_brand","embeddable":true,"href":"https:\/\/legrenierdelatour.be\/brocante\/wp-json\/wp\/v2\/product_brand?post=9383"},{"taxonomy":"product_cat","embeddable":true,"href":"https:\/\/legrenierdelatour.be\/brocante\/wp-json\/wp\/v2\/product_cat?post=9383"},{"taxonomy":"product_tag","embeddable":true,"href":"https:\/\/legrenierdelatour.be\/brocante\/wp-json\/wp\/v2\/product_tag?post=9383"}],"curies":[{"name":"wp","href":"https:\/\/api.w.org\/{rel}","templated":true}]}}