{"id":9364,"date":"2024-10-21T13:09:09","date_gmt":"2024-10-21T11:09:09","guid":{"rendered":"https:\/\/legrenierdelatour.be\/brocante\/?post_type=product&#038;p=9364"},"modified":"2024-10-21T13:09:10","modified_gmt":"2024-10-21T11:09:10","slug":"sous-plat-longwy-balade","status":"publish","type":"product","link":"https:\/\/legrenierdelatour.be\/brocante\/produit\/sous-plat-longwy-balade\/","title":{"rendered":"Sous-plat Longwy \u00ab\u00a0Balade\u00a0\u00bb"},"content":{"rendered":"<p>Beau sous-plat en faience \u00e9maill\u00e9e (21 cm de c\u00f4t\u00e9) de Longwy (manufacture cr\u00e9\u00e9e en 1798). \u00a0Ces \u00e9maux de Longwy portent un d\u00e9cor central \u00e0 l\u2019\u00e9pi de ma\u00efs sur fond grenat, le bord est dor\u00e9. La ligne \u00ab\u00a0balade\u00a0\u00bb porte la marque datant de 1958 \u00e0 1970.<\/p>\n<div>R\u00e9f 35.53<\/div>\n","protected":false},"excerpt":{"rendered":"<p>Beau sous-plat en faience \u00e9maill\u00e9e (21 cm de c\u00f4t\u00e9) de Longwy (manufacture cr\u00e9\u00e9e en 1798). \u00a0Ces \u00e9maux de Longwy portent un d\u00e9cor central \u00e0 l\u2019\u00e9pi de ma\u00efs sur fond grenat, le bord est dor\u00e9. La ligne \u00ab\u00a0balade\u00a0\u00bb porte la marque datant de 1958 \u00e0 1970. R\u00e9f 35.53<\/p>\n","protected":false},"featured_media":9365,"comment_status":"open","ping_status":"closed","template":"","meta":{"neve_meta_sidebar":"","neve_meta_container":"","neve_meta_enable_content_width":"off","neve_meta_content_width":100,"neve_meta_title_alignment":"","neve_meta_author_avatar":"","neve_post_elements_order":"","neve_meta_disable_header":"","neve_meta_disable_footer":"","neve_meta_disable_title":""},"product_brand":[],"product_cat":[16,59,66],"product_tag":[28],"class_list":{"0":"post-9364","1":"product","2":"type-product","3":"status-publish","4":"has-post-thumbnail","6":"product_cat-ceramique","7":"product_cat-france","8":"product_cat-longwy","9":"product_tag-vintage","11":"first","12":"instock","13":"shipping-taxable","14":"purchasable","15":"product-type-simple"},"_links":{"self":[{"href":"https:\/\/legrenierdelatour.be\/brocante\/wp-json\/wp\/v2\/product\/9364","targetHints":{"allow":["GET"]}}],"collection":[{"href":"https:\/\/legrenierdelatour.be\/brocante\/wp-json\/wp\/v2\/product"}],"about":[{"href":"https:\/\/legrenierdelatour.be\/brocante\/wp-json\/wp\/v2\/types\/product"}],"replies":[{"embeddable":true,"href":"https:\/\/legrenierdelatour.be\/brocante\/wp-json\/wp\/v2\/comments?post=9364"}],"wp:featuredmedia":[{"embeddable":true,"href":"https:\/\/legrenierdelatour.be\/brocante\/wp-json\/wp\/v2\/media\/9365"}],"wp:attachment":[{"href":"https:\/\/legrenierdelatour.be\/brocante\/wp-json\/wp\/v2\/media?parent=9364"}],"wp:term":[{"taxonomy":"product_brand","embeddable":true,"href":"https:\/\/legrenierdelatour.be\/brocante\/wp-json\/wp\/v2\/product_brand?post=9364"},{"taxonomy":"product_cat","embeddable":true,"href":"https:\/\/legrenierdelatour.be\/brocante\/wp-json\/wp\/v2\/product_cat?post=9364"},{"taxonomy":"product_tag","embeddable":true,"href":"https:\/\/legrenierdelatour.be\/brocante\/wp-json\/wp\/v2\/product_tag?post=9364"}],"curies":[{"name":"wp","href":"https:\/\/api.w.org\/{rel}","templated":true}]}}