{"id":9355,"date":"2024-10-21T12:32:41","date_gmt":"2024-10-21T10:32:41","guid":{"rendered":"https:\/\/legrenierdelatour.be\/brocante\/?post_type=product&#038;p=9355"},"modified":"2026-03-04T17:11:59","modified_gmt":"2026-03-04T16:11:59","slug":"boite-a-cigares-nolra-3","status":"publish","type":"product","link":"https:\/\/legrenierdelatour.be\/brocante\/produit\/boite-a-cigares-nolra-3\/","title":{"rendered":"Bo\u00eete \u00e0 cigares Nolra"},"content":{"rendered":"<p>Bo\u00eete \u00e0 cigares Nolra (22x13cm x5,5 cm de haut) de la manufacture Ernest Martha (844-1911) \u00e0 Arlon. Cette manufacture situ\u00e9e entre le March\u00e9 aux L\u00e9gumes et la Place Didier \u00e0 Arlon \u00e9tait fort importante en tous cas en 1887, avec une expansion encore d\u00e9but du 20\u00e8 si\u00e8cle. L\u2019\u00e9tat de la bo\u00eete est tr\u00e8s bon.<\/p>\n<p>Deux exemplaires disponibles.<\/p>\n<div>R\u00e9f 35.50<\/div>\n","protected":false},"excerpt":{"rendered":"<p>Bo\u00eete \u00e0 cigares Nolra (22x13cm x5,5 cm de haut) de la manufacture Ernest Martha (844-1911) \u00e0 Arlon. Cette manufacture situ\u00e9e entre le March\u00e9 aux L\u00e9gumes et la Place Didier \u00e0 Arlon \u00e9tait fort importante en tous cas en 1887, avec une expansion encore d\u00e9but du 20\u00e8 si\u00e8cle. L\u2019\u00e9tat de la bo\u00eete est tr\u00e8s bon. Deux&hellip;&nbsp;<a href=\"https:\/\/legrenierdelatour.be\/brocante\/produit\/boite-a-cigares-nolra-3\/\" class=\"\" rel=\"bookmark\">Lire la suite &raquo;<span class=\"screen-reader-text\">Bo\u00eete \u00e0 cigares Nolra<\/span><\/a><\/p>\n","protected":false},"featured_media":9356,"comment_status":"open","ping_status":"closed","template":"","meta":{"neve_meta_sidebar":"","neve_meta_container":"","neve_meta_enable_content_width":"off","neve_meta_content_width":100,"neve_meta_title_alignment":"","neve_meta_author_avatar":"","neve_post_elements_order":"","neve_meta_disable_header":"","neve_meta_disable_footer":"","neve_meta_disable_title":""},"product_brand":[],"product_cat":[183,173,31],"product_tag":[],"class_list":{"0":"post-9355","1":"product","2":"type-product","3":"status-publish","4":"has-post-thumbnail","6":"product_cat-bureau-et-fumoir","7":"product_cat-objets-de-publicite","8":"product_cat-pays-darlon","10":"first","11":"instock","12":"shipping-taxable","13":"purchasable","14":"product-type-simple"},"_links":{"self":[{"href":"https:\/\/legrenierdelatour.be\/brocante\/wp-json\/wp\/v2\/product\/9355","targetHints":{"allow":["GET"]}}],"collection":[{"href":"https:\/\/legrenierdelatour.be\/brocante\/wp-json\/wp\/v2\/product"}],"about":[{"href":"https:\/\/legrenierdelatour.be\/brocante\/wp-json\/wp\/v2\/types\/product"}],"replies":[{"embeddable":true,"href":"https:\/\/legrenierdelatour.be\/brocante\/wp-json\/wp\/v2\/comments?post=9355"}],"wp:featuredmedia":[{"embeddable":true,"href":"https:\/\/legrenierdelatour.be\/brocante\/wp-json\/wp\/v2\/media\/9356"}],"wp:attachment":[{"href":"https:\/\/legrenierdelatour.be\/brocante\/wp-json\/wp\/v2\/media?parent=9355"}],"wp:term":[{"taxonomy":"product_brand","embeddable":true,"href":"https:\/\/legrenierdelatour.be\/brocante\/wp-json\/wp\/v2\/product_brand?post=9355"},{"taxonomy":"product_cat","embeddable":true,"href":"https:\/\/legrenierdelatour.be\/brocante\/wp-json\/wp\/v2\/product_cat?post=9355"},{"taxonomy":"product_tag","embeddable":true,"href":"https:\/\/legrenierdelatour.be\/brocante\/wp-json\/wp\/v2\/product_tag?post=9355"}],"curies":[{"name":"wp","href":"https:\/\/api.w.org\/{rel}","templated":true}]}}