{"id":9332,"date":"2024-10-17T16:48:57","date_gmt":"2024-10-17T14:48:57","guid":{"rendered":"https:\/\/legrenierdelatour.be\/brocante\/?post_type=product&#038;p=9332"},"modified":"2024-10-17T16:48:57","modified_gmt":"2024-10-17T14:48:57","slug":"tasse-scenes-religieuses-nimy-19e-siecle","status":"publish","type":"product","link":"https:\/\/legrenierdelatour.be\/brocante\/produit\/tasse-scenes-religieuses-nimy-19e-siecle\/","title":{"rendered":"Tasse \u00ab\u00a0Sc\u00e8nes religieuses\u00a0\u00bb Nimy 19\u00e8 si\u00e8cle"},"content":{"rendered":"<p>Tasse \u00a0en faience (8 cm de haut) portant le cachet de la fa\u00efencerie de Mouzin Lecat \u00e0 Nimy, datant de 1851 \u00e0 1898. Elle porte en imprim\u00e9 plusieurs repr\u00e9sentations de \u00ab\u00a0Sc\u00e8nes religieuses \u00bb. Cette tasse est en bon \u00e9tat.<\/p>\n<div>R\u00e9f 35.41<\/div>\n","protected":false},"excerpt":{"rendered":"<p>Tasse \u00a0en faience (8 cm de haut) portant le cachet de la fa\u00efencerie de Mouzin Lecat \u00e0 Nimy, datant de 1851 \u00e0 1898. Elle porte en imprim\u00e9 plusieurs repr\u00e9sentations de \u00ab\u00a0Sc\u00e8nes religieuses \u00bb. Cette tasse est en bon \u00e9tat. R\u00e9f 35.41<\/p>\n","protected":false},"featured_media":9329,"comment_status":"open","ping_status":"closed","template":"","meta":{"neve_meta_sidebar":"","neve_meta_container":"","neve_meta_enable_content_width":"off","neve_meta_content_width":100,"neve_meta_title_alignment":"","neve_meta_author_avatar":"","neve_post_elements_order":"","neve_meta_disable_header":"","neve_meta_disable_footer":"","neve_meta_disable_title":""},"product_brand":[],"product_cat":[37,16,188],"product_tag":[],"class_list":{"0":"post-9332","1":"product","2":"type-product","3":"status-publish","4":"has-post-thumbnail","6":"product_cat-belgique","7":"product_cat-ceramique","8":"product_cat-nimy","10":"first","11":"instock","12":"shipping-taxable","13":"purchasable","14":"product-type-simple"},"_links":{"self":[{"href":"https:\/\/legrenierdelatour.be\/brocante\/wp-json\/wp\/v2\/product\/9332","targetHints":{"allow":["GET"]}}],"collection":[{"href":"https:\/\/legrenierdelatour.be\/brocante\/wp-json\/wp\/v2\/product"}],"about":[{"href":"https:\/\/legrenierdelatour.be\/brocante\/wp-json\/wp\/v2\/types\/product"}],"replies":[{"embeddable":true,"href":"https:\/\/legrenierdelatour.be\/brocante\/wp-json\/wp\/v2\/comments?post=9332"}],"wp:featuredmedia":[{"embeddable":true,"href":"https:\/\/legrenierdelatour.be\/brocante\/wp-json\/wp\/v2\/media\/9329"}],"wp:attachment":[{"href":"https:\/\/legrenierdelatour.be\/brocante\/wp-json\/wp\/v2\/media?parent=9332"}],"wp:term":[{"taxonomy":"product_brand","embeddable":true,"href":"https:\/\/legrenierdelatour.be\/brocante\/wp-json\/wp\/v2\/product_brand?post=9332"},{"taxonomy":"product_cat","embeddable":true,"href":"https:\/\/legrenierdelatour.be\/brocante\/wp-json\/wp\/v2\/product_cat?post=9332"},{"taxonomy":"product_tag","embeddable":true,"href":"https:\/\/legrenierdelatour.be\/brocante\/wp-json\/wp\/v2\/product_tag?post=9332"}],"curies":[{"name":"wp","href":"https:\/\/api.w.org\/{rel}","templated":true}]}}