{"id":9320,"date":"2024-10-16T18:29:04","date_gmt":"2024-10-16T16:29:04","guid":{"rendered":"https:\/\/legrenierdelatour.be\/brocante\/?post_type=product&#038;p=9320"},"modified":"2024-10-16T18:29:05","modified_gmt":"2024-10-16T16:29:05","slug":"pichet-en-verre-souffle-mary-gregory-19e-siecle","status":"publish","type":"product","link":"https:\/\/legrenierdelatour.be\/brocante\/produit\/pichet-en-verre-souffle-mary-gregory-19e-siecle\/","title":{"rendered":"Pichet en verre souffl\u00e9, Mary Gregory, 19\u00e8 si\u00e8cle"},"content":{"rendered":"<p>Petit pichet \u00e0 d\u00e9cor \u00e9maill\u00e9 (16 cm de haut) datant du 19\u00e8 si\u00e8cle. Ce pichet en verre souffl\u00e9 a un d\u00e9cor \u00e9maill\u00e9, d\u2019un blanc laiteux, provenant sans doute de l\u2019artiste am\u00e9ricaine Mary Gregory (1856-1908). Elle repr\u00e9sentait uniquement des enfants \u00e0 la victorienne. Ses productions europ\u00e9ennes \u00e9taient essentiellement fabriqu\u00e9es dans les villes verri\u00e8res de Boh\u00eame. Ce pichet est l\u00e9g\u00e8rement ab\u00eem\u00e9 pr\u00e8s de l&rsquo;anse.<\/p>\n<div>R\u00e9f 35.38<\/div>\n","protected":false},"excerpt":{"rendered":"<p>Petit pichet \u00e0 d\u00e9cor \u00e9maill\u00e9 (16 cm de haut) datant du 19\u00e8 si\u00e8cle. Ce pichet en verre souffl\u00e9 a un d\u00e9cor \u00e9maill\u00e9, d\u2019un blanc laiteux, provenant sans doute de l\u2019artiste am\u00e9ricaine Mary Gregory (1856-1908). Elle repr\u00e9sentait uniquement des enfants \u00e0 la victorienne. Ses productions europ\u00e9ennes \u00e9taient essentiellement fabriqu\u00e9es dans les villes verri\u00e8res de Boh\u00eame. Ce&hellip;&nbsp;<a href=\"https:\/\/legrenierdelatour.be\/brocante\/produit\/pichet-en-verre-souffle-mary-gregory-19e-siecle\/\" class=\"\" rel=\"bookmark\">Lire la suite &raquo;<span class=\"screen-reader-text\">Pichet en verre souffl\u00e9, Mary Gregory, 19\u00e8 si\u00e8cle<\/span><\/a><\/p>\n","protected":false},"featured_media":9318,"comment_status":"open","ping_status":"closed","template":"","meta":{"neve_meta_sidebar":"","neve_meta_container":"","neve_meta_enable_content_width":"off","neve_meta_content_width":100,"neve_meta_title_alignment":"","neve_meta_author_avatar":"","neve_post_elements_order":"","neve_meta_disable_header":"","neve_meta_disable_footer":"","neve_meta_disable_title":""},"product_brand":[],"product_cat":[22],"product_tag":[],"class_list":{"0":"post-9320","1":"product","2":"type-product","3":"status-publish","4":"has-post-thumbnail","6":"product_cat-verrerie","8":"first","9":"instock","10":"shipping-taxable","11":"purchasable","12":"product-type-simple"},"_links":{"self":[{"href":"https:\/\/legrenierdelatour.be\/brocante\/wp-json\/wp\/v2\/product\/9320","targetHints":{"allow":["GET"]}}],"collection":[{"href":"https:\/\/legrenierdelatour.be\/brocante\/wp-json\/wp\/v2\/product"}],"about":[{"href":"https:\/\/legrenierdelatour.be\/brocante\/wp-json\/wp\/v2\/types\/product"}],"replies":[{"embeddable":true,"href":"https:\/\/legrenierdelatour.be\/brocante\/wp-json\/wp\/v2\/comments?post=9320"}],"wp:featuredmedia":[{"embeddable":true,"href":"https:\/\/legrenierdelatour.be\/brocante\/wp-json\/wp\/v2\/media\/9318"}],"wp:attachment":[{"href":"https:\/\/legrenierdelatour.be\/brocante\/wp-json\/wp\/v2\/media?parent=9320"}],"wp:term":[{"taxonomy":"product_brand","embeddable":true,"href":"https:\/\/legrenierdelatour.be\/brocante\/wp-json\/wp\/v2\/product_brand?post=9320"},{"taxonomy":"product_cat","embeddable":true,"href":"https:\/\/legrenierdelatour.be\/brocante\/wp-json\/wp\/v2\/product_cat?post=9320"},{"taxonomy":"product_tag","embeddable":true,"href":"https:\/\/legrenierdelatour.be\/brocante\/wp-json\/wp\/v2\/product_tag?post=9320"}],"curies":[{"name":"wp","href":"https:\/\/api.w.org\/{rel}","templated":true}]}}