{"id":9260,"date":"2024-10-13T16:24:10","date_gmt":"2024-10-13T14:24:10","guid":{"rendered":"https:\/\/legrenierdelatour.be\/brocante\/?post_type=product&#038;p=9260"},"modified":"2024-10-13T16:24:10","modified_gmt":"2024-10-13T14:24:10","slug":"peinture-sur-panneau-eglise-st-martin-arlon-w-hubert","status":"publish","type":"product","link":"https:\/\/legrenierdelatour.be\/brocante\/produit\/peinture-sur-panneau-eglise-st-martin-arlon-w-hubert\/","title":{"rendered":"Peinture sur panneau \u00ab\u00a0Eglise St Martin, Arlon\u00a0\u00bb W.Hubert"},"content":{"rendered":"<p>Peinture acrylique sur bois (35,5&#215;29 cm cadre compris) repr\u00e9sentant l\u2019\u00e9glise St Martin d\u2019Arlon. Ce tableau est sign\u00e9 W Hubert (?). L\u2019arri\u00e8re du tableau porte un portrait de jeune femme de profil, peut-\u00eatre du m\u00eame artiste (r\u00e9emploi, dont la signature est cach\u00e9e par du scotch).<\/p>\n<div>R\u00e9f 35.21<\/div>\n<div>P82<\/div>\n","protected":false},"excerpt":{"rendered":"<p>Peinture acrylique sur bois (35,5&#215;29 cm cadre compris) repr\u00e9sentant l\u2019\u00e9glise St Martin d\u2019Arlon. Ce tableau est sign\u00e9 W Hubert (?). L\u2019arri\u00e8re du tableau porte un portrait de jeune femme de profil, peut-\u00eatre du m\u00eame artiste (r\u00e9emploi, dont la signature est cach\u00e9e par du scotch). R\u00e9f 35.21 P82<\/p>\n","protected":false},"featured_media":9254,"comment_status":"open","ping_status":"closed","template":"","meta":{"neve_meta_sidebar":"","neve_meta_container":"","neve_meta_enable_content_width":"off","neve_meta_content_width":100,"neve_meta_title_alignment":"","neve_meta_author_avatar":"","neve_post_elements_order":"","neve_meta_disable_header":"","neve_meta_disable_footer":"","neve_meta_disable_title":""},"product_brand":[],"product_cat":[31,167],"product_tag":[],"class_list":{"0":"post-9260","1":"product","2":"type-product","3":"status-publish","4":"has-post-thumbnail","6":"product_cat-pays-darlon","7":"product_cat-peintures-et-sculptures","9":"first","10":"instock","11":"shipping-taxable","12":"purchasable","13":"product-type-simple"},"_links":{"self":[{"href":"https:\/\/legrenierdelatour.be\/brocante\/wp-json\/wp\/v2\/product\/9260","targetHints":{"allow":["GET"]}}],"collection":[{"href":"https:\/\/legrenierdelatour.be\/brocante\/wp-json\/wp\/v2\/product"}],"about":[{"href":"https:\/\/legrenierdelatour.be\/brocante\/wp-json\/wp\/v2\/types\/product"}],"replies":[{"embeddable":true,"href":"https:\/\/legrenierdelatour.be\/brocante\/wp-json\/wp\/v2\/comments?post=9260"}],"wp:featuredmedia":[{"embeddable":true,"href":"https:\/\/legrenierdelatour.be\/brocante\/wp-json\/wp\/v2\/media\/9254"}],"wp:attachment":[{"href":"https:\/\/legrenierdelatour.be\/brocante\/wp-json\/wp\/v2\/media?parent=9260"}],"wp:term":[{"taxonomy":"product_brand","embeddable":true,"href":"https:\/\/legrenierdelatour.be\/brocante\/wp-json\/wp\/v2\/product_brand?post=9260"},{"taxonomy":"product_cat","embeddable":true,"href":"https:\/\/legrenierdelatour.be\/brocante\/wp-json\/wp\/v2\/product_cat?post=9260"},{"taxonomy":"product_tag","embeddable":true,"href":"https:\/\/legrenierdelatour.be\/brocante\/wp-json\/wp\/v2\/product_tag?post=9260"}],"curies":[{"name":"wp","href":"https:\/\/api.w.org\/{rel}","templated":true}]}}