{"id":9194,"date":"2024-10-09T14:11:19","date_gmt":"2024-10-09T12:11:19","guid":{"rendered":"https:\/\/legrenierdelatour.be\/brocante\/?post_type=product&#038;p=9194"},"modified":"2024-10-09T14:11:19","modified_gmt":"2024-10-09T12:11:19","slug":"vide-poche-shanghai-paloma-picasso-pour-villeroy-boch","status":"publish","type":"product","link":"https:\/\/legrenierdelatour.be\/brocante\/produit\/vide-poche-shanghai-paloma-picasso-pour-villeroy-boch\/","title":{"rendered":"Vide-Poche \u00ab\u00a0Shanghai\u00a0\u00bb, Paloma Picasso pour Villeroy &#038; Boch"},"content":{"rendered":"<p>Beau vide-poche (14 cm de c\u00f4t\u00e9) issu de la manufacture Villeroy &amp; Boch, et portant le d\u00e9cor \u00ab\u00a0Shanghai \u00bb sign\u00e9 Paloma Picasso. Il est en excellent \u00e9tat. Ce vide-poche a \u00e9t\u00e9 cr\u00e9\u00e9 dans les ann\u00e9es 1990.<\/p>\n<div>R\u00e9f 35.02<\/div>\n","protected":false},"excerpt":{"rendered":"<p>Beau vide-poche (14 cm de c\u00f4t\u00e9) issu de la manufacture Villeroy &amp; Boch, et portant le d\u00e9cor \u00ab\u00a0Shanghai \u00bb sign\u00e9 Paloma Picasso. Il est en excellent \u00e9tat. Ce vide-poche a \u00e9t\u00e9 cr\u00e9\u00e9 dans les ann\u00e9es 1990. R\u00e9f 35.02<\/p>\n","protected":false},"featured_media":9195,"comment_status":"open","ping_status":"closed","template":"","meta":{"neve_meta_sidebar":"","neve_meta_container":"","neve_meta_enable_content_width":"off","neve_meta_content_width":100,"neve_meta_title_alignment":"","neve_meta_author_avatar":"","neve_post_elements_order":"","neve_meta_disable_header":"","neve_meta_disable_footer":"","neve_meta_disable_title":""},"product_brand":[],"product_cat":[16,165,29],"product_tag":[],"class_list":{"0":"post-9194","1":"product","2":"type-product","3":"status-publish","4":"has-post-thumbnail","6":"product_cat-ceramique","7":"product_cat-luxembourg","8":"product_cat-villeroy-boch","10":"first","11":"instock","12":"shipping-taxable","13":"purchasable","14":"product-type-simple"},"_links":{"self":[{"href":"https:\/\/legrenierdelatour.be\/brocante\/wp-json\/wp\/v2\/product\/9194","targetHints":{"allow":["GET"]}}],"collection":[{"href":"https:\/\/legrenierdelatour.be\/brocante\/wp-json\/wp\/v2\/product"}],"about":[{"href":"https:\/\/legrenierdelatour.be\/brocante\/wp-json\/wp\/v2\/types\/product"}],"replies":[{"embeddable":true,"href":"https:\/\/legrenierdelatour.be\/brocante\/wp-json\/wp\/v2\/comments?post=9194"}],"wp:featuredmedia":[{"embeddable":true,"href":"https:\/\/legrenierdelatour.be\/brocante\/wp-json\/wp\/v2\/media\/9195"}],"wp:attachment":[{"href":"https:\/\/legrenierdelatour.be\/brocante\/wp-json\/wp\/v2\/media?parent=9194"}],"wp:term":[{"taxonomy":"product_brand","embeddable":true,"href":"https:\/\/legrenierdelatour.be\/brocante\/wp-json\/wp\/v2\/product_brand?post=9194"},{"taxonomy":"product_cat","embeddable":true,"href":"https:\/\/legrenierdelatour.be\/brocante\/wp-json\/wp\/v2\/product_cat?post=9194"},{"taxonomy":"product_tag","embeddable":true,"href":"https:\/\/legrenierdelatour.be\/brocante\/wp-json\/wp\/v2\/product_tag?post=9194"}],"curies":[{"name":"wp","href":"https:\/\/api.w.org\/{rel}","templated":true}]}}