{"id":9184,"date":"2024-10-01T18:12:58","date_gmt":"2024-10-01T16:12:58","guid":{"rendered":"https:\/\/legrenierdelatour.be\/brocante\/?post_type=product&#038;p=9184"},"modified":"2025-02-02T14:08:38","modified_gmt":"2025-02-02T13:08:38","slug":"soupiere-bouquet-boch-luxembourg-18e-19e-siecle","status":"publish","type":"product","link":"https:\/\/legrenierdelatour.be\/brocante\/produit\/soupiere-bouquet-boch-luxembourg-18e-19e-siecle\/","title":{"rendered":"Soupi\u00e8re Bouquet, Boch fr\u00e8res Keramis, 19\u00e8 si\u00e8cle"},"content":{"rendered":"<p>Soupi\u00e8re en fa\u00efence fine (25 cm de diam\u00e8tre), \u00e0 bordure au d\u00e9cor denticul\u00e9 bleu, et le d\u00e9cor central est en cama\u00efeu bleu, \u00e0 la d\u00e9coration de bouquet avec tulipe. Cette soupi\u00e8re ne porte pas de marque au revers mais il s\u2019agit sans doute d\u2019une production Boch Fr\u00e8res Keramis de la fin du 19\u00e8 si\u00e8cle. Elle porte \u00e9galement en creux \u00ab\u00a02L \u00bb.<\/p>\n<div>R\u00e9f 34.97<\/div>\n","protected":false},"excerpt":{"rendered":"<p>Soupi\u00e8re en fa\u00efence fine (25 cm de diam\u00e8tre), \u00e0 bordure au d\u00e9cor denticul\u00e9 bleu, et le d\u00e9cor central est en cama\u00efeu bleu, \u00e0 la d\u00e9coration de bouquet avec tulipe. Cette soupi\u00e8re ne porte pas de marque au revers mais il s\u2019agit sans doute d\u2019une production Boch Fr\u00e8res Keramis de la fin du 19\u00e8 si\u00e8cle. Elle&hellip;&nbsp;<a href=\"https:\/\/legrenierdelatour.be\/brocante\/produit\/soupiere-bouquet-boch-luxembourg-18e-19e-siecle\/\" class=\"\" rel=\"bookmark\">Lire la suite &raquo;<span class=\"screen-reader-text\">Soupi\u00e8re Bouquet, Boch fr\u00e8res Keramis, 19\u00e8 si\u00e8cle<\/span><\/a><\/p>\n","protected":false},"featured_media":9169,"comment_status":"open","ping_status":"closed","template":"","meta":{"neve_meta_sidebar":"","neve_meta_container":"","neve_meta_enable_content_width":"off","neve_meta_content_width":100,"neve_meta_title_alignment":"","neve_meta_author_avatar":"","neve_post_elements_order":"","neve_meta_disable_header":"","neve_meta_disable_footer":"","neve_meta_disable_title":""},"product_brand":[],"product_cat":[16,165,29],"product_tag":[],"class_list":{"0":"post-9184","1":"product","2":"type-product","3":"status-publish","4":"has-post-thumbnail","6":"product_cat-ceramique","7":"product_cat-luxembourg","8":"product_cat-villeroy-boch","10":"first","11":"instock","12":"shipping-taxable","13":"purchasable","14":"product-type-simple"},"_links":{"self":[{"href":"https:\/\/legrenierdelatour.be\/brocante\/wp-json\/wp\/v2\/product\/9184","targetHints":{"allow":["GET"]}}],"collection":[{"href":"https:\/\/legrenierdelatour.be\/brocante\/wp-json\/wp\/v2\/product"}],"about":[{"href":"https:\/\/legrenierdelatour.be\/brocante\/wp-json\/wp\/v2\/types\/product"}],"replies":[{"embeddable":true,"href":"https:\/\/legrenierdelatour.be\/brocante\/wp-json\/wp\/v2\/comments?post=9184"}],"wp:featuredmedia":[{"embeddable":true,"href":"https:\/\/legrenierdelatour.be\/brocante\/wp-json\/wp\/v2\/media\/9169"}],"wp:attachment":[{"href":"https:\/\/legrenierdelatour.be\/brocante\/wp-json\/wp\/v2\/media?parent=9184"}],"wp:term":[{"taxonomy":"product_brand","embeddable":true,"href":"https:\/\/legrenierdelatour.be\/brocante\/wp-json\/wp\/v2\/product_brand?post=9184"},{"taxonomy":"product_cat","embeddable":true,"href":"https:\/\/legrenierdelatour.be\/brocante\/wp-json\/wp\/v2\/product_cat?post=9184"},{"taxonomy":"product_tag","embeddable":true,"href":"https:\/\/legrenierdelatour.be\/brocante\/wp-json\/wp\/v2\/product_tag?post=9184"}],"curies":[{"name":"wp","href":"https:\/\/api.w.org\/{rel}","templated":true}]}}