{"id":9158,"date":"2024-09-19T19:27:43","date_gmt":"2024-09-19T17:27:43","guid":{"rendered":"https:\/\/legrenierdelatour.be\/brocante\/?post_type=product&#038;p=9158"},"modified":"2024-09-19T19:34:02","modified_gmt":"2024-09-19T17:34:02","slug":"vase-thulin-1","status":"publish","type":"product","link":"https:\/\/legrenierdelatour.be\/brocante\/produit\/vase-thulin-1\/","title":{"rendered":"Vase Thulin 1"},"content":{"rendered":"<p>Petit vase (8 cm de haut) en parfait \u00e9tat, par\u00e9 d\u2019un bel \u00e9mail coulant en barbotine et marqu\u00e9 sous la base Made in Belgium 1. Il a \u00e9t\u00e9 produit par la faiencerie de Thulin (1887-1973). Ce vase date des ann\u00e9es 1920-1949, p\u00e9riode Art D\u00e9co.<\/p>\n<div>R\u00e9f 34.90<\/div>\n","protected":false},"excerpt":{"rendered":"<p>Petit vase (8 cm de haut) en parfait \u00e9tat, par\u00e9 d\u2019un bel \u00e9mail coulant en barbotine et marqu\u00e9 sous la base Made in Belgium 1. Il a \u00e9t\u00e9 produit par la faiencerie de Thulin (1887-1973). Ce vase date des ann\u00e9es 1920-1949, p\u00e9riode Art D\u00e9co. R\u00e9f 34.90<\/p>\n","protected":false},"featured_media":9159,"comment_status":"open","ping_status":"closed","template":"","meta":{"neve_meta_sidebar":"","neve_meta_container":"","neve_meta_enable_content_width":"off","neve_meta_content_width":100,"neve_meta_title_alignment":"","neve_meta_author_avatar":"","neve_post_elements_order":"","neve_meta_disable_header":"","neve_meta_disable_footer":"","neve_meta_disable_title":""},"product_brand":[],"product_cat":[37,16,177],"product_tag":[],"class_list":{"0":"post-9158","1":"product","2":"type-product","3":"status-publish","4":"has-post-thumbnail","6":"product_cat-belgique","7":"product_cat-ceramique","8":"product_cat-thulin","10":"first","11":"instock","12":"shipping-taxable","13":"purchasable","14":"product-type-simple"},"_links":{"self":[{"href":"https:\/\/legrenierdelatour.be\/brocante\/wp-json\/wp\/v2\/product\/9158","targetHints":{"allow":["GET"]}}],"collection":[{"href":"https:\/\/legrenierdelatour.be\/brocante\/wp-json\/wp\/v2\/product"}],"about":[{"href":"https:\/\/legrenierdelatour.be\/brocante\/wp-json\/wp\/v2\/types\/product"}],"replies":[{"embeddable":true,"href":"https:\/\/legrenierdelatour.be\/brocante\/wp-json\/wp\/v2\/comments?post=9158"}],"wp:featuredmedia":[{"embeddable":true,"href":"https:\/\/legrenierdelatour.be\/brocante\/wp-json\/wp\/v2\/media\/9159"}],"wp:attachment":[{"href":"https:\/\/legrenierdelatour.be\/brocante\/wp-json\/wp\/v2\/media?parent=9158"}],"wp:term":[{"taxonomy":"product_brand","embeddable":true,"href":"https:\/\/legrenierdelatour.be\/brocante\/wp-json\/wp\/v2\/product_brand?post=9158"},{"taxonomy":"product_cat","embeddable":true,"href":"https:\/\/legrenierdelatour.be\/brocante\/wp-json\/wp\/v2\/product_cat?post=9158"},{"taxonomy":"product_tag","embeddable":true,"href":"https:\/\/legrenierdelatour.be\/brocante\/wp-json\/wp\/v2\/product_tag?post=9158"}],"curies":[{"name":"wp","href":"https:\/\/api.w.org\/{rel}","templated":true}]}}