{"id":9106,"date":"2024-09-16T11:21:37","date_gmt":"2024-09-16T09:21:37","guid":{"rendered":"https:\/\/legrenierdelatour.be\/brocante\/?post_type=product&#038;p=9106"},"modified":"2026-02-09T10:59:40","modified_gmt":"2026-02-09T09:59:40","slug":"assiette-en-faience-fine-boch-luxembourg-trefle-18e-siecle","status":"publish","type":"product","link":"https:\/\/legrenierdelatour.be\/brocante\/produit\/assiette-en-faience-fine-boch-luxembourg-trefle-18e-siecle\/","title":{"rendered":"Assiette en fa\u00efence fine, Boch Luxembourg, Tr\u00e8fle, 18\u00e8 si\u00e8cle"},"content":{"rendered":"<p>Assiette en fa\u00efence fine (23,5 cm de diam\u00e8tre), \u00e0 bord moulur\u00e9 et chantourn\u00e9 \u00e0 6 lobes. La bordure porte un d\u00e9cor denticul\u00e9 bleu, et le d\u00e9cor central est en cama\u00efeu bleu, \u00e0 la feuille de tr\u00e8fle. L\u2019assiette n\u2019a pas de talon. Cette assiette porte au revers la marque LB d\u2019avant 1785, ainsi que le monogramme du peintre d\u00e9corateur \u00ab\u00a0B\u00a0\u00bb. (v Mari\u00ebn, Fa\u00efence fine p137).<\/p>\n<div>3 exemplaires disponibles au prix de 50\u20ac pi\u00e8ce, toutes en bon \u00e9tat.<\/p>\n<div>R\u00e9f 34.66<\/div>\n<\/div>\n","protected":false},"excerpt":{"rendered":"<p>Assiette en fa\u00efence fine (23,5 cm de diam\u00e8tre), \u00e0 bord moulur\u00e9 et chantourn\u00e9 \u00e0 6 lobes. La bordure porte un d\u00e9cor denticul\u00e9 bleu, et le d\u00e9cor central est en cama\u00efeu bleu, \u00e0 la feuille de tr\u00e8fle. L\u2019assiette n\u2019a pas de talon. Cette assiette porte au revers la marque LB d\u2019avant 1785, ainsi que le monogramme&hellip;&nbsp;<a href=\"https:\/\/legrenierdelatour.be\/brocante\/produit\/assiette-en-faience-fine-boch-luxembourg-trefle-18e-siecle\/\" class=\"\" rel=\"bookmark\">Lire la suite &raquo;<span class=\"screen-reader-text\">Assiette en fa\u00efence fine, Boch Luxembourg, Tr\u00e8fle, 18\u00e8 si\u00e8cle<\/span><\/a><\/p>\n","protected":false},"featured_media":12148,"comment_status":"open","ping_status":"closed","template":"","meta":{"neve_meta_sidebar":"","neve_meta_container":"","neve_meta_enable_content_width":"off","neve_meta_content_width":100,"neve_meta_title_alignment":"","neve_meta_author_avatar":"","neve_post_elements_order":"","neve_meta_disable_header":"","neve_meta_disable_footer":"","neve_meta_disable_title":""},"product_brand":[],"product_cat":[16,165,29],"product_tag":[],"class_list":{"0":"post-9106","1":"product","2":"type-product","3":"status-publish","4":"has-post-thumbnail","6":"product_cat-ceramique","7":"product_cat-luxembourg","8":"product_cat-villeroy-boch","10":"first","11":"instock","12":"shipping-taxable","13":"purchasable","14":"product-type-simple"},"_links":{"self":[{"href":"https:\/\/legrenierdelatour.be\/brocante\/wp-json\/wp\/v2\/product\/9106","targetHints":{"allow":["GET"]}}],"collection":[{"href":"https:\/\/legrenierdelatour.be\/brocante\/wp-json\/wp\/v2\/product"}],"about":[{"href":"https:\/\/legrenierdelatour.be\/brocante\/wp-json\/wp\/v2\/types\/product"}],"replies":[{"embeddable":true,"href":"https:\/\/legrenierdelatour.be\/brocante\/wp-json\/wp\/v2\/comments?post=9106"}],"wp:featuredmedia":[{"embeddable":true,"href":"https:\/\/legrenierdelatour.be\/brocante\/wp-json\/wp\/v2\/media\/12148"}],"wp:attachment":[{"href":"https:\/\/legrenierdelatour.be\/brocante\/wp-json\/wp\/v2\/media?parent=9106"}],"wp:term":[{"taxonomy":"product_brand","embeddable":true,"href":"https:\/\/legrenierdelatour.be\/brocante\/wp-json\/wp\/v2\/product_brand?post=9106"},{"taxonomy":"product_cat","embeddable":true,"href":"https:\/\/legrenierdelatour.be\/brocante\/wp-json\/wp\/v2\/product_cat?post=9106"},{"taxonomy":"product_tag","embeddable":true,"href":"https:\/\/legrenierdelatour.be\/brocante\/wp-json\/wp\/v2\/product_tag?post=9106"}],"curies":[{"name":"wp","href":"https:\/\/api.w.org\/{rel}","templated":true}]}}