{"id":9105,"date":"2024-09-16T11:11:27","date_gmt":"2024-09-16T09:11:27","guid":{"rendered":"https:\/\/legrenierdelatour.be\/brocante\/?post_type=product&#038;p=9105"},"modified":"2024-09-16T11:11:27","modified_gmt":"2024-09-16T09:11:27","slug":"assiette-boch-luxembourg-decor-en-relief-sous-email-vert-19e-siecle","status":"publish","type":"product","link":"https:\/\/legrenierdelatour.be\/brocante\/produit\/assiette-boch-luxembourg-decor-en-relief-sous-email-vert-19e-siecle\/","title":{"rendered":"Assiette Boch Luxembourg, d\u00e9cor en relief sous \u00e9mail vert, 19\u00e8 si\u00e8cle"},"content":{"rendered":"<div>Assiette plate (19 cm de diam\u00e8tre) ronde \u00e0 bords contourn\u00e9s, portant un d\u00e9cor en relief sous \u00e9mail vert : des fleurs et des fruits au centre, entour\u00e9s de rayons s\u00e9par\u00e9s par des zones quadrill\u00e9es. Des moulures rocaillent d\u00e9corent le bord. Cette assiette porte la marque en creux, dans un cercle\u00a0\u00ab Boch \u00e0 Luxembourg\u00a0\u00bb, accompagn\u00e9 du chiffre contr\u00f4le du d\u00e9mouleur \u00ab\u00a05.\u00a0\u00bb, datant cette assiette de 1813 \u00e0 1823-1843. En 1843, les associ\u00e9s Boch et Villeroy d\u00e9cid\u00e8rent que Septfontaines produirait des pi\u00e8ces \u00e0 \u00e9mail color\u00e9. On appela \u00ab\u00a0majolique\u00a0\u00bb ces pi\u00e8ces \u00e0 d\u00e9cor vert, jaune ou bleu. C\u2019est \u00e0 Rubelles (Seine-et-Marne) qu\u2019on attribue la cr\u00e9ation de ce type de fa\u00efence, les diff\u00e9rentes \u00e9paisseurs de cet \u00e9mail cr\u00e9ant des zones d\u2019ombre et de relief. L\u2019assiette est en parfait \u00e9tat.<\/div>\n<div>R\u00e9f 34.65<\/div>\n","protected":false},"excerpt":{"rendered":"<p>Assiette plate (19 cm de diam\u00e8tre) ronde \u00e0 bords contourn\u00e9s, portant un d\u00e9cor en relief sous \u00e9mail vert : des fleurs et des fruits au centre, entour\u00e9s de rayons s\u00e9par\u00e9s par des zones quadrill\u00e9es. Des moulures rocaillent d\u00e9corent le bord. Cette assiette porte la marque en creux, dans un cercle\u00a0\u00ab Boch \u00e0 Luxembourg\u00a0\u00bb, accompagn\u00e9 du&hellip;&nbsp;<a href=\"https:\/\/legrenierdelatour.be\/brocante\/produit\/assiette-boch-luxembourg-decor-en-relief-sous-email-vert-19e-siecle\/\" class=\"\" rel=\"bookmark\">Lire la suite &raquo;<span class=\"screen-reader-text\">Assiette Boch Luxembourg, d\u00e9cor en relief sous \u00e9mail vert, 19\u00e8 si\u00e8cle<\/span><\/a><\/p>\n","protected":false},"featured_media":9071,"comment_status":"open","ping_status":"closed","template":"","meta":{"neve_meta_sidebar":"","neve_meta_container":"","neve_meta_enable_content_width":"off","neve_meta_content_width":100,"neve_meta_title_alignment":"","neve_meta_author_avatar":"","neve_post_elements_order":"","neve_meta_disable_header":"","neve_meta_disable_footer":"","neve_meta_disable_title":""},"product_brand":[],"product_cat":[16,165,29],"product_tag":[],"class_list":{"0":"post-9105","1":"product","2":"type-product","3":"status-publish","4":"has-post-thumbnail","6":"product_cat-ceramique","7":"product_cat-luxembourg","8":"product_cat-villeroy-boch","10":"first","11":"instock","12":"shipping-taxable","13":"purchasable","14":"product-type-simple"},"_links":{"self":[{"href":"https:\/\/legrenierdelatour.be\/brocante\/wp-json\/wp\/v2\/product\/9105","targetHints":{"allow":["GET"]}}],"collection":[{"href":"https:\/\/legrenierdelatour.be\/brocante\/wp-json\/wp\/v2\/product"}],"about":[{"href":"https:\/\/legrenierdelatour.be\/brocante\/wp-json\/wp\/v2\/types\/product"}],"replies":[{"embeddable":true,"href":"https:\/\/legrenierdelatour.be\/brocante\/wp-json\/wp\/v2\/comments?post=9105"}],"wp:featuredmedia":[{"embeddable":true,"href":"https:\/\/legrenierdelatour.be\/brocante\/wp-json\/wp\/v2\/media\/9071"}],"wp:attachment":[{"href":"https:\/\/legrenierdelatour.be\/brocante\/wp-json\/wp\/v2\/media?parent=9105"}],"wp:term":[{"taxonomy":"product_brand","embeddable":true,"href":"https:\/\/legrenierdelatour.be\/brocante\/wp-json\/wp\/v2\/product_brand?post=9105"},{"taxonomy":"product_cat","embeddable":true,"href":"https:\/\/legrenierdelatour.be\/brocante\/wp-json\/wp\/v2\/product_cat?post=9105"},{"taxonomy":"product_tag","embeddable":true,"href":"https:\/\/legrenierdelatour.be\/brocante\/wp-json\/wp\/v2\/product_tag?post=9105"}],"curies":[{"name":"wp","href":"https:\/\/api.w.org\/{rel}","templated":true}]}}