{"id":8871,"date":"2024-08-13T17:08:27","date_gmt":"2024-08-13T15:08:27","guid":{"rendered":"https:\/\/legrenierdelatour.be\/brocante\/?post_type=product&#038;p=8871"},"modified":"2024-08-13T17:23:11","modified_gmt":"2024-08-13T15:23:11","slug":"gravure-pont-de-chiny-alfred-leroy","status":"publish","type":"product","link":"https:\/\/legrenierdelatour.be\/brocante\/produit\/gravure-pont-de-chiny-alfred-leroy\/","title":{"rendered":"Gravure \u00ab\u00a0Pont de Chiny\u00a0\u00bb, Alfred Leroy"},"content":{"rendered":"<p>Belle gravure (53&#215;43 cm cadre compris) repr\u00e9snetant le Pont de Chiny. Cette gravure est sign\u00e9e dans la planche et au crayon en bas \u00e0 droite. Elle est num\u00e9rot\u00e9e 28\/100 et porte le cachet gauffr\u00e9 de l\u2019imprimeur. Cette gravure \u00e9dit\u00e9e pour le mill\u00e9naire de Chiny le 19 octobre 1980, a \u00e9t\u00e9 offerte selon d\u00e9dicace sous la gravure par l\u2019auteur Alfred Leroy (Chiny 1928-Libramont 2023).\u00a0Originaire de Chiny, Alfred Leroy fait une carri\u00e8re militaire. Parall\u00e8lement, il est attir\u00e9 par l\u2019expression artistique et suit une formation en c\u00e9ramique et en sculpture \u00e0 l\u2019Acad\u00e9mie de Cologne au milieu des ann\u00e9es 1950. Touche \u00e0 tout, il s\u2019essaye \u00e0 diff\u00e9rents styles esth\u00e9tiques et pratique autant la sculpture, la peinture, la gravure que la c\u00e9ramique. Fondateur et pr\u00e9sident de la confr\u00e9rie des \u00ab Amis du pays de Chiny \u00bb, il pr\u00e9side aussi pendant plusieurs ann\u00e9es l\u2019\u00c9cole des Beaux-Arts de Chiny, ainsi que le groupement des Luxembourgeois de Bruxelles. Artiste signant ses \u0153uvres \u00ab Fred Leroy \u00bb ou \u00ab Alleroy \u00bb, Alfred Leroy est aussi \u00e9crivain, po\u00e8te et historien, se consacrant \u00e0 des sujets relatifs au pass\u00e9 et aux traditions du pays de Chiny. \u00c0 l\u2019\u00e9poque o\u00f9 il signe le m\u00e9daillon \u00ab de Pr\u00e9morel \u00bb, il publie plusieurs guides touristiques sur la r\u00e9gion du Chiers et de la Semois.<\/p>\n<div>R\u00e9f 33.81<\/div>\n","protected":false},"excerpt":{"rendered":"<p>Belle gravure (53&#215;43 cm cadre compris) repr\u00e9snetant le Pont de Chiny. Cette gravure est sign\u00e9e dans la planche et au crayon en bas \u00e0 droite. Elle est num\u00e9rot\u00e9e 28\/100 et porte le cachet gauffr\u00e9 de l\u2019imprimeur. Cette gravure \u00e9dit\u00e9e pour le mill\u00e9naire de Chiny le 19 octobre 1980, a \u00e9t\u00e9 offerte selon d\u00e9dicace sous la&hellip;&nbsp;<a href=\"https:\/\/legrenierdelatour.be\/brocante\/produit\/gravure-pont-de-chiny-alfred-leroy\/\" class=\"\" rel=\"bookmark\">Lire la suite &raquo;<span class=\"screen-reader-text\">Gravure \u00ab\u00a0Pont de Chiny\u00a0\u00bb, Alfred Leroy<\/span><\/a><\/p>\n","protected":false},"featured_media":8867,"comment_status":"open","ping_status":"closed","template":"","meta":{"neve_meta_sidebar":"","neve_meta_container":"","neve_meta_enable_content_width":"off","neve_meta_content_width":100,"neve_meta_title_alignment":"","neve_meta_author_avatar":"","neve_post_elements_order":"","neve_meta_disable_header":"","neve_meta_disable_footer":"","neve_meta_disable_title":""},"product_brand":[],"product_cat":[31,167],"product_tag":[],"class_list":{"0":"post-8871","1":"product","2":"type-product","3":"status-publish","4":"has-post-thumbnail","6":"product_cat-pays-darlon","7":"product_cat-peintures-et-sculptures","9":"first","10":"instock","11":"shipping-taxable","12":"purchasable","13":"product-type-simple"},"_links":{"self":[{"href":"https:\/\/legrenierdelatour.be\/brocante\/wp-json\/wp\/v2\/product\/8871","targetHints":{"allow":["GET"]}}],"collection":[{"href":"https:\/\/legrenierdelatour.be\/brocante\/wp-json\/wp\/v2\/product"}],"about":[{"href":"https:\/\/legrenierdelatour.be\/brocante\/wp-json\/wp\/v2\/types\/product"}],"replies":[{"embeddable":true,"href":"https:\/\/legrenierdelatour.be\/brocante\/wp-json\/wp\/v2\/comments?post=8871"}],"wp:featuredmedia":[{"embeddable":true,"href":"https:\/\/legrenierdelatour.be\/brocante\/wp-json\/wp\/v2\/media\/8867"}],"wp:attachment":[{"href":"https:\/\/legrenierdelatour.be\/brocante\/wp-json\/wp\/v2\/media?parent=8871"}],"wp:term":[{"taxonomy":"product_brand","embeddable":true,"href":"https:\/\/legrenierdelatour.be\/brocante\/wp-json\/wp\/v2\/product_brand?post=8871"},{"taxonomy":"product_cat","embeddable":true,"href":"https:\/\/legrenierdelatour.be\/brocante\/wp-json\/wp\/v2\/product_cat?post=8871"},{"taxonomy":"product_tag","embeddable":true,"href":"https:\/\/legrenierdelatour.be\/brocante\/wp-json\/wp\/v2\/product_tag?post=8871"}],"curies":[{"name":"wp","href":"https:\/\/api.w.org\/{rel}","templated":true}]}}