{"id":8759,"date":"2024-08-01T17:35:59","date_gmt":"2024-08-01T15:35:59","guid":{"rendered":"https:\/\/legrenierdelatour.be\/brocante\/?post_type=product&#038;p=8759"},"modified":"2024-08-01T17:36:00","modified_gmt":"2024-08-01T15:36:00","slug":"aquarelle-rue-de-la-poste-arlon-ria-thiry-klaa-2004","status":"publish","type":"product","link":"https:\/\/legrenierdelatour.be\/brocante\/produit\/aquarelle-rue-de-la-poste-arlon-ria-thiry-klaa-2004\/","title":{"rendered":"Aquarelle, rue de la Poste Arlon, Ria Thiry Klaa 2004"},"content":{"rendered":"<p>Aquarelle (44&#215;56 cm) de la rue de la Poste \u00e0 Arlon. Cette aquarelle est sign\u00e9e par Ria Thiry Klaa et dat\u00e9e de 2004. Elle est en parfait \u00e9tat et tr\u00e8s bien encadr\u00e9e par l\u2019atelier Leonardo Da Vinci de Mamer (Lxg).<\/p>\n<div>R\u00e9f 33.37<\/div>\n","protected":false},"excerpt":{"rendered":"<p>Aquarelle (44&#215;56 cm) de la rue de la Poste \u00e0 Arlon. Cette aquarelle est sign\u00e9e par Ria Thiry Klaa et dat\u00e9e de 2004. Elle est en parfait \u00e9tat et tr\u00e8s bien encadr\u00e9e par l\u2019atelier Leonardo Da Vinci de Mamer (Lxg). R\u00e9f 33.37<\/p>\n","protected":false},"featured_media":8749,"comment_status":"open","ping_status":"closed","template":"","meta":{"neve_meta_sidebar":"","neve_meta_container":"","neve_meta_enable_content_width":"off","neve_meta_content_width":100,"neve_meta_title_alignment":"","neve_meta_author_avatar":"","neve_post_elements_order":"","neve_meta_disable_header":"","neve_meta_disable_footer":"","neve_meta_disable_title":""},"product_brand":[],"product_cat":[31,167],"product_tag":[],"class_list":{"0":"post-8759","1":"product","2":"type-product","3":"status-publish","4":"has-post-thumbnail","6":"product_cat-pays-darlon","7":"product_cat-peintures-et-sculptures","9":"first","10":"instock","11":"shipping-taxable","12":"purchasable","13":"product-type-simple"},"_links":{"self":[{"href":"https:\/\/legrenierdelatour.be\/brocante\/wp-json\/wp\/v2\/product\/8759","targetHints":{"allow":["GET"]}}],"collection":[{"href":"https:\/\/legrenierdelatour.be\/brocante\/wp-json\/wp\/v2\/product"}],"about":[{"href":"https:\/\/legrenierdelatour.be\/brocante\/wp-json\/wp\/v2\/types\/product"}],"replies":[{"embeddable":true,"href":"https:\/\/legrenierdelatour.be\/brocante\/wp-json\/wp\/v2\/comments?post=8759"}],"wp:featuredmedia":[{"embeddable":true,"href":"https:\/\/legrenierdelatour.be\/brocante\/wp-json\/wp\/v2\/media\/8749"}],"wp:attachment":[{"href":"https:\/\/legrenierdelatour.be\/brocante\/wp-json\/wp\/v2\/media?parent=8759"}],"wp:term":[{"taxonomy":"product_brand","embeddable":true,"href":"https:\/\/legrenierdelatour.be\/brocante\/wp-json\/wp\/v2\/product_brand?post=8759"},{"taxonomy":"product_cat","embeddable":true,"href":"https:\/\/legrenierdelatour.be\/brocante\/wp-json\/wp\/v2\/product_cat?post=8759"},{"taxonomy":"product_tag","embeddable":true,"href":"https:\/\/legrenierdelatour.be\/brocante\/wp-json\/wp\/v2\/product_tag?post=8759"}],"curies":[{"name":"wp","href":"https:\/\/api.w.org\/{rel}","templated":true}]}}