{"id":8726,"date":"2024-07-31T16:18:50","date_gmt":"2024-07-31T14:18:50","guid":{"rendered":"https:\/\/legrenierdelatour.be\/brocante\/?post_type=product&#038;p=8726"},"modified":"2024-07-31T16:18:50","modified_gmt":"2024-07-31T14:18:50","slug":"assiette-en-faience-fine-18e-siecle","status":"publish","type":"product","link":"https:\/\/legrenierdelatour.be\/brocante\/produit\/assiette-en-faience-fine-18e-siecle\/","title":{"rendered":"Assiette en fa\u00efence fine, 18\u00e8 si\u00e8cle"},"content":{"rendered":"<p>Belle assiette en fa\u00efence fine (24,5 cm de diam\u00e8tre) portant un d\u00e9cor de bouquet. Cette assiette n\u2019a pas pu \u00eatre attribu\u00e9e \u00e0 une manufacture car ne porte pas de marque, mais il pourrait s\u2019agir d\u2019une assiette provenant du Luxembourg. Elle daterait du 18\u00e8 si\u00e8cle.<\/p>\n<div>R\u00e9f 33.30<\/div>\n","protected":false},"excerpt":{"rendered":"<p>Belle assiette en fa\u00efence fine (24,5 cm de diam\u00e8tre) portant un d\u00e9cor de bouquet. Cette assiette n\u2019a pas pu \u00eatre attribu\u00e9e \u00e0 une manufacture car ne porte pas de marque, mais il pourrait s\u2019agir d\u2019une assiette provenant du Luxembourg. Elle daterait du 18\u00e8 si\u00e8cle. R\u00e9f 33.30<\/p>\n","protected":false},"featured_media":8730,"comment_status":"open","ping_status":"closed","template":"","meta":{"neve_meta_sidebar":"","neve_meta_container":"","neve_meta_enable_content_width":"off","neve_meta_content_width":100,"neve_meta_title_alignment":"","neve_meta_author_avatar":"","neve_post_elements_order":"","neve_meta_disable_header":"","neve_meta_disable_footer":"","neve_meta_disable_title":""},"product_brand":[],"product_cat":[16],"product_tag":[],"class_list":{"0":"post-8726","1":"product","2":"type-product","3":"status-publish","4":"has-post-thumbnail","6":"product_cat-ceramique","8":"first","9":"instock","10":"shipping-taxable","11":"purchasable","12":"product-type-simple"},"_links":{"self":[{"href":"https:\/\/legrenierdelatour.be\/brocante\/wp-json\/wp\/v2\/product\/8726","targetHints":{"allow":["GET"]}}],"collection":[{"href":"https:\/\/legrenierdelatour.be\/brocante\/wp-json\/wp\/v2\/product"}],"about":[{"href":"https:\/\/legrenierdelatour.be\/brocante\/wp-json\/wp\/v2\/types\/product"}],"replies":[{"embeddable":true,"href":"https:\/\/legrenierdelatour.be\/brocante\/wp-json\/wp\/v2\/comments?post=8726"}],"wp:featuredmedia":[{"embeddable":true,"href":"https:\/\/legrenierdelatour.be\/brocante\/wp-json\/wp\/v2\/media\/8730"}],"wp:attachment":[{"href":"https:\/\/legrenierdelatour.be\/brocante\/wp-json\/wp\/v2\/media?parent=8726"}],"wp:term":[{"taxonomy":"product_brand","embeddable":true,"href":"https:\/\/legrenierdelatour.be\/brocante\/wp-json\/wp\/v2\/product_brand?post=8726"},{"taxonomy":"product_cat","embeddable":true,"href":"https:\/\/legrenierdelatour.be\/brocante\/wp-json\/wp\/v2\/product_cat?post=8726"},{"taxonomy":"product_tag","embeddable":true,"href":"https:\/\/legrenierdelatour.be\/brocante\/wp-json\/wp\/v2\/product_tag?post=8726"}],"curies":[{"name":"wp","href":"https:\/\/api.w.org\/{rel}","templated":true}]}}