{"id":8532,"date":"2024-07-10T17:41:38","date_gmt":"2024-07-10T15:41:38","guid":{"rendered":"https:\/\/legrenierdelatour.be\/brocante\/?post_type=product&#038;p=8532"},"modified":"2024-07-10T17:41:38","modified_gmt":"2024-07-10T15:41:38","slug":"lithographie-pfaffenthal-theo-kerg-1944","status":"publish","type":"product","link":"https:\/\/legrenierdelatour.be\/brocante\/produit\/lithographie-pfaffenthal-theo-kerg-1944\/","title":{"rendered":"Lithographie, Pfaffenthal, Th\u00e9o Kerg, 1944"},"content":{"rendered":"<p>Belle lithographie (29&#215;23,5cm cuivre) intitul\u00e9e \u00ab\u00a0Pfaffenthaler Br\u00fccken (flussaufw\u00e4rts) Variation n\u00b01\u00a0\u00bb justifi\u00e9e 17\/30, sign\u00e9e en bas \u00e0 droite et dat\u00e9e 1944. Cette lithographie est de Th\u00e9o Kerg. Th\u00e9o Kerg (1909 Niederkorn-1993)est un peintre, sculpteur, graveur et verrier d&rsquo;art luxembourgeois qui appartient au courant de l&rsquo;art moderne tendant vers l&rsquo;art abstrait. Th\u00e9o Kerg s&rsquo;\u00e9tablit \u00e0 Paris en 1929, fr\u00e9quente les Beaux-arts, puis en 1932 il entre \u00e0 l&rsquo;Acad\u00e9mie des beaux-arts de D\u00fcsseldorf, sous la direction de Paul Klee et Oskar Moll.\u00a0Il retourne au Luxembourg en 1934 \u00a0et enseigne l&rsquo;art \u00e0 partir de 1936.\u00a0En 1943, alors que le Luxembourg est occup\u00e9 par les forces allemandes et qu&rsquo;il a du renoncer \u00e0 l&rsquo;abstraction (symbole de l&rsquo;\u00ab art d\u00e9g\u00e9n\u00e9r\u00e9 \u00bb), Th\u00e9o Kerg est arr\u00eat\u00e9 en septembre 1944 par la r\u00e9sistance luxembourgeoise et est plac\u00e9 en prison durant 15 mois. Il s&rsquo;installe \u00e0 Paris (p\u00e9riode de l\u2019Ecole de Paris 1947-1957), adh\u00e8re au mouvement \u00ab\u00a0Abstraction- Cr\u00e9ation\u00a0\u00bb et rencontre Paul \u00c9luard dont il illustre le recueil Dignes de vivre en 1947 avec 20 bois grav\u00e9s.\u00a0Il est notamment connu pour avoir fond\u00e9, apr\u00e8s 1945, le mouvement dit du \u00ab tactilisme \u00bb (p\u00e9riode allant de 1957 \u00e0 1978).\u00a0Il meurt en Bretagne en 1993. (voir theokerg.com)<\/p>\n<div>R\u00e9f 32.59<\/div>\n","protected":false},"excerpt":{"rendered":"<p>Belle lithographie (29&#215;23,5cm cuivre) intitul\u00e9e \u00ab\u00a0Pfaffenthaler Br\u00fccken (flussaufw\u00e4rts) Variation n\u00b01\u00a0\u00bb justifi\u00e9e 17\/30, sign\u00e9e en bas \u00e0 droite et dat\u00e9e 1944. Cette lithographie est de Th\u00e9o Kerg. Th\u00e9o Kerg (1909 Niederkorn-1993)est un peintre, sculpteur, graveur et verrier d&rsquo;art luxembourgeois qui appartient au courant de l&rsquo;art moderne tendant vers l&rsquo;art abstrait. Th\u00e9o Kerg s&rsquo;\u00e9tablit \u00e0 Paris en&hellip;&nbsp;<a href=\"https:\/\/legrenierdelatour.be\/brocante\/produit\/lithographie-pfaffenthal-theo-kerg-1944\/\" class=\"\" rel=\"bookmark\">Lire la suite &raquo;<span class=\"screen-reader-text\">Lithographie, Pfaffenthal, Th\u00e9o Kerg, 1944<\/span><\/a><\/p>\n","protected":false},"featured_media":8533,"comment_status":"open","ping_status":"closed","template":"","meta":{"neve_meta_sidebar":"","neve_meta_container":"","neve_meta_enable_content_width":"off","neve_meta_content_width":100,"neve_meta_title_alignment":"","neve_meta_author_avatar":"","neve_post_elements_order":"","neve_meta_disable_header":"","neve_meta_disable_footer":"","neve_meta_disable_title":""},"product_brand":[],"product_cat":[30,166,167],"product_tag":[],"class_list":{"0":"post-8532","1":"product","2":"type-product","3":"status-publish","4":"has-post-thumbnail","6":"product_cat-luxemburgensia","7":"product_cat-luxemburgensia-luxemburgensia","8":"product_cat-peintures-et-sculptures","10":"first","11":"instock","12":"shipping-taxable","13":"purchasable","14":"product-type-simple"},"_links":{"self":[{"href":"https:\/\/legrenierdelatour.be\/brocante\/wp-json\/wp\/v2\/product\/8532","targetHints":{"allow":["GET"]}}],"collection":[{"href":"https:\/\/legrenierdelatour.be\/brocante\/wp-json\/wp\/v2\/product"}],"about":[{"href":"https:\/\/legrenierdelatour.be\/brocante\/wp-json\/wp\/v2\/types\/product"}],"replies":[{"embeddable":true,"href":"https:\/\/legrenierdelatour.be\/brocante\/wp-json\/wp\/v2\/comments?post=8532"}],"wp:featuredmedia":[{"embeddable":true,"href":"https:\/\/legrenierdelatour.be\/brocante\/wp-json\/wp\/v2\/media\/8533"}],"wp:attachment":[{"href":"https:\/\/legrenierdelatour.be\/brocante\/wp-json\/wp\/v2\/media?parent=8532"}],"wp:term":[{"taxonomy":"product_brand","embeddable":true,"href":"https:\/\/legrenierdelatour.be\/brocante\/wp-json\/wp\/v2\/product_brand?post=8532"},{"taxonomy":"product_cat","embeddable":true,"href":"https:\/\/legrenierdelatour.be\/brocante\/wp-json\/wp\/v2\/product_cat?post=8532"},{"taxonomy":"product_tag","embeddable":true,"href":"https:\/\/legrenierdelatour.be\/brocante\/wp-json\/wp\/v2\/product_tag?post=8532"}],"curies":[{"name":"wp","href":"https:\/\/api.w.org\/{rel}","templated":true}]}}