{"id":8451,"date":"2024-06-25T20:56:14","date_gmt":"2024-06-25T18:56:14","guid":{"rendered":"https:\/\/legrenierdelatour.be\/brocante\/?post_type=product&#038;p=8451"},"modified":"2024-06-25T20:56:14","modified_gmt":"2024-06-25T18:56:14","slug":"vide-poche-luxembourg-jules-guerin","status":"publish","type":"product","link":"https:\/\/legrenierdelatour.be\/brocante\/produit\/vide-poche-luxembourg-jules-guerin\/","title":{"rendered":"Vide-poche \u00ab\u00a0Luxembourg\u00a0\u00bb, Jules Gu\u00e9rin"},"content":{"rendered":"<p>Vide-poche (16 cm) en fa\u00efence bordeau grav\u00e9 dessous Gu\u00e9rin et M691. Ce vide-poche porte l\u2019inscription dor\u00e9e \u00ab\u00a0Luxembourg\u00a0\u00bb. C\u2019est une production des Gr\u00e8s d\u2019Art de Jules Gu\u00e9rin (1919-1999), fils de Roger Gu\u00e9rin (1896-1954). Il date sans doute des ann\u00e9es 1960.<\/p>\n<div>R\u00e9f 32.36<\/div>\n","protected":false},"excerpt":{"rendered":"<p>Vide-poche (16 cm) en fa\u00efence bordeau grav\u00e9 dessous Gu\u00e9rin et M691. Ce vide-poche porte l\u2019inscription dor\u00e9e \u00ab\u00a0Luxembourg\u00a0\u00bb. C\u2019est une production des Gr\u00e8s d\u2019Art de Jules Gu\u00e9rin (1919-1999), fils de Roger Gu\u00e9rin (1896-1954). Il date sans doute des ann\u00e9es 1960. R\u00e9f 32.36<\/p>\n","protected":false},"featured_media":8452,"comment_status":"open","ping_status":"closed","template":"","meta":{"neve_meta_sidebar":"","neve_meta_container":"","neve_meta_enable_content_width":"off","neve_meta_content_width":100,"neve_meta_title_alignment":"","neve_meta_author_avatar":"","neve_post_elements_order":"","neve_meta_disable_header":"","neve_meta_disable_footer":"","neve_meta_disable_title":""},"product_brand":[],"product_cat":[37,202,16,30,166],"product_tag":[],"class_list":{"0":"post-8451","1":"product","2":"type-product","3":"status-publish","4":"has-post-thumbnail","6":"product_cat-belgique","7":"product_cat-bouffioulx","8":"product_cat-ceramique","9":"product_cat-luxemburgensia","10":"product_cat-luxemburgensia-luxemburgensia","12":"first","13":"instock","14":"shipping-taxable","15":"purchasable","16":"product-type-simple"},"_links":{"self":[{"href":"https:\/\/legrenierdelatour.be\/brocante\/wp-json\/wp\/v2\/product\/8451","targetHints":{"allow":["GET"]}}],"collection":[{"href":"https:\/\/legrenierdelatour.be\/brocante\/wp-json\/wp\/v2\/product"}],"about":[{"href":"https:\/\/legrenierdelatour.be\/brocante\/wp-json\/wp\/v2\/types\/product"}],"replies":[{"embeddable":true,"href":"https:\/\/legrenierdelatour.be\/brocante\/wp-json\/wp\/v2\/comments?post=8451"}],"wp:featuredmedia":[{"embeddable":true,"href":"https:\/\/legrenierdelatour.be\/brocante\/wp-json\/wp\/v2\/media\/8452"}],"wp:attachment":[{"href":"https:\/\/legrenierdelatour.be\/brocante\/wp-json\/wp\/v2\/media?parent=8451"}],"wp:term":[{"taxonomy":"product_brand","embeddable":true,"href":"https:\/\/legrenierdelatour.be\/brocante\/wp-json\/wp\/v2\/product_brand?post=8451"},{"taxonomy":"product_cat","embeddable":true,"href":"https:\/\/legrenierdelatour.be\/brocante\/wp-json\/wp\/v2\/product_cat?post=8451"},{"taxonomy":"product_tag","embeddable":true,"href":"https:\/\/legrenierdelatour.be\/brocante\/wp-json\/wp\/v2\/product_tag?post=8451"}],"curies":[{"name":"wp","href":"https:\/\/api.w.org\/{rel}","templated":true}]}}