{"id":8391,"date":"2024-06-22T10:21:58","date_gmt":"2024-06-22T08:21:58","guid":{"rendered":"https:\/\/legrenierdelatour.be\/brocante\/?post_type=product&#038;p=8391"},"modified":"2024-06-22T10:21:58","modified_gmt":"2024-06-22T08:21:58","slug":"obelisque-val-saint-lambert-cristal","status":"publish","type":"product","link":"https:\/\/legrenierdelatour.be\/brocante\/produit\/obelisque-val-saint-lambert-cristal\/","title":{"rendered":"Ob\u00e9lisque Val Saint Lambert cristal"},"content":{"rendered":"<p>Sculpture ob\u00e9lisque (16 cm d\u00a0<span style=\"color: #000000; font-size: medium;\">haut) en\u00a0cristal, produite par Val St Lambert (\u00e9tiquette et signature dessous). Ce type de sculpture \u00e9tait fr\u00e9quemment offert comme cadeau de communion.\u00a0<\/span><\/p>\n<p><span style=\"color: #000000; font-size: medium;\">R\u00e9f 32.15<\/span><\/p>\n","protected":false},"excerpt":{"rendered":"<p>Sculpture ob\u00e9lisque (16 cm d\u00a0haut) en\u00a0cristal, produite par Val St Lambert (\u00e9tiquette et signature dessous). Ce type de sculpture \u00e9tait fr\u00e9quemment offert comme cadeau de communion.\u00a0 R\u00e9f 32.15<\/p>\n","protected":false},"featured_media":8393,"comment_status":"open","ping_status":"closed","template":"","meta":{"neve_meta_sidebar":"","neve_meta_container":"","neve_meta_enable_content_width":"off","neve_meta_content_width":100,"neve_meta_title_alignment":"","neve_meta_author_avatar":"","neve_post_elements_order":"","neve_meta_disable_header":"","neve_meta_disable_footer":"","neve_meta_disable_title":""},"product_brand":[],"product_cat":[162,34,63,22],"product_tag":[],"class_list":{"0":"post-8391","1":"product","2":"type-product","3":"status-publish","4":"has-post-thumbnail","6":"product_cat-productions-belges","7":"product_cat-religiosa","8":"product_cat-val-saint-lambert","9":"product_cat-verrerie","11":"first","12":"instock","13":"shipping-taxable","14":"purchasable","15":"product-type-simple"},"_links":{"self":[{"href":"https:\/\/legrenierdelatour.be\/brocante\/wp-json\/wp\/v2\/product\/8391","targetHints":{"allow":["GET"]}}],"collection":[{"href":"https:\/\/legrenierdelatour.be\/brocante\/wp-json\/wp\/v2\/product"}],"about":[{"href":"https:\/\/legrenierdelatour.be\/brocante\/wp-json\/wp\/v2\/types\/product"}],"replies":[{"embeddable":true,"href":"https:\/\/legrenierdelatour.be\/brocante\/wp-json\/wp\/v2\/comments?post=8391"}],"wp:featuredmedia":[{"embeddable":true,"href":"https:\/\/legrenierdelatour.be\/brocante\/wp-json\/wp\/v2\/media\/8393"}],"wp:attachment":[{"href":"https:\/\/legrenierdelatour.be\/brocante\/wp-json\/wp\/v2\/media?parent=8391"}],"wp:term":[{"taxonomy":"product_brand","embeddable":true,"href":"https:\/\/legrenierdelatour.be\/brocante\/wp-json\/wp\/v2\/product_brand?post=8391"},{"taxonomy":"product_cat","embeddable":true,"href":"https:\/\/legrenierdelatour.be\/brocante\/wp-json\/wp\/v2\/product_cat?post=8391"},{"taxonomy":"product_tag","embeddable":true,"href":"https:\/\/legrenierdelatour.be\/brocante\/wp-json\/wp\/v2\/product_tag?post=8391"}],"curies":[{"name":"wp","href":"https:\/\/api.w.org\/{rel}","templated":true}]}}