{"id":8301,"date":"2024-06-16T18:04:29","date_gmt":"2024-06-16T16:04:29","guid":{"rendered":"https:\/\/legrenierdelatour.be\/brocante\/?post_type=product&#038;p=8301"},"modified":"2024-06-16T18:04:29","modified_gmt":"2024-06-16T16:04:29","slug":"ramequin-bleu-villeroy-boch-iran-air","status":"publish","type":"product","link":"https:\/\/legrenierdelatour.be\/brocante\/produit\/ramequin-bleu-villeroy-boch-iran-air\/","title":{"rendered":"Ramequin bleu, Villeroy &#038; Boch, Iran Air"},"content":{"rendered":"<p>Petit ramequin en fa\u00efence bleue (11&#215;16 cm) produit par Villeroy &amp; Boch pour Iran Air, pour le service de d\u00eener. Il est en parfait \u00e9tat et date sans doute des ann\u00e9es 1960.<\/p>\n<div>R\u00e9f 31.82<\/div>\n","protected":false},"excerpt":{"rendered":"<p>Petit ramequin en fa\u00efence bleue (11&#215;16 cm) produit par Villeroy &amp; Boch pour Iran Air, pour le service de d\u00eener. Il est en parfait \u00e9tat et date sans doute des ann\u00e9es 1960. R\u00e9f 31.82<\/p>\n","protected":false},"featured_media":8302,"comment_status":"open","ping_status":"closed","template":"","meta":{"neve_meta_sidebar":"","neve_meta_container":"","neve_meta_enable_content_width":"off","neve_meta_content_width":100,"neve_meta_title_alignment":"","neve_meta_author_avatar":"","neve_post_elements_order":"","neve_meta_disable_header":"","neve_meta_disable_footer":"","neve_meta_disable_title":""},"product_brand":[],"product_cat":[16,165,173,29],"product_tag":[],"class_list":{"0":"post-8301","1":"product","2":"type-product","3":"status-publish","4":"has-post-thumbnail","6":"product_cat-ceramique","7":"product_cat-luxembourg","8":"product_cat-objets-de-publicite","9":"product_cat-villeroy-boch","11":"first","12":"instock","13":"shipping-taxable","14":"purchasable","15":"product-type-simple"},"_links":{"self":[{"href":"https:\/\/legrenierdelatour.be\/brocante\/wp-json\/wp\/v2\/product\/8301","targetHints":{"allow":["GET"]}}],"collection":[{"href":"https:\/\/legrenierdelatour.be\/brocante\/wp-json\/wp\/v2\/product"}],"about":[{"href":"https:\/\/legrenierdelatour.be\/brocante\/wp-json\/wp\/v2\/types\/product"}],"replies":[{"embeddable":true,"href":"https:\/\/legrenierdelatour.be\/brocante\/wp-json\/wp\/v2\/comments?post=8301"}],"wp:featuredmedia":[{"embeddable":true,"href":"https:\/\/legrenierdelatour.be\/brocante\/wp-json\/wp\/v2\/media\/8302"}],"wp:attachment":[{"href":"https:\/\/legrenierdelatour.be\/brocante\/wp-json\/wp\/v2\/media?parent=8301"}],"wp:term":[{"taxonomy":"product_brand","embeddable":true,"href":"https:\/\/legrenierdelatour.be\/brocante\/wp-json\/wp\/v2\/product_brand?post=8301"},{"taxonomy":"product_cat","embeddable":true,"href":"https:\/\/legrenierdelatour.be\/brocante\/wp-json\/wp\/v2\/product_cat?post=8301"},{"taxonomy":"product_tag","embeddable":true,"href":"https:\/\/legrenierdelatour.be\/brocante\/wp-json\/wp\/v2\/product_tag?post=8301"}],"curies":[{"name":"wp","href":"https:\/\/api.w.org\/{rel}","templated":true}]}}