{"id":8290,"date":"2024-06-16T14:23:35","date_gmt":"2024-06-16T12:23:35","guid":{"rendered":"https:\/\/legrenierdelatour.be\/brocante\/?post_type=product&#038;p=8290"},"modified":"2024-06-16T14:23:35","modified_gmt":"2024-06-16T12:23:35","slug":"assiette-decorative-es-keramik-vintage-willi-hack","status":"publish","type":"product","link":"https:\/\/legrenierdelatour.be\/brocante\/produit\/assiette-decorative-es-keramik-vintage-willi-hack\/","title":{"rendered":"Assiette d\u00e9corative ES Keramik Vintage Willi Hack"},"content":{"rendered":"<p>Assiette de forme carr\u00e9e (21,5 cm de c\u00f4t\u00e9) portant une repr\u00e9sentation florale, de style vintage. Elle est issue de la manufacture ES Keramik (1921-1974) fond\u00e9e par Josef Emons et fils. En 1948, la manufacure se divisa en deux entit\u00e9s : ES et Marei. La c\u00e9ramique d\u2019art fut produite \u00e0 partir de 1954, et le principal designer fut Willi Hack de 1954 \u00e0 1974. C\u2019est lui qui a peint et sign\u00e9 manuellement cette assiette qui est en parfait \u00e9tat.<\/p>\n<div>R\u00e9f 31.79<\/div>\n","protected":false},"excerpt":{"rendered":"<p>Assiette de forme carr\u00e9e (21,5 cm de c\u00f4t\u00e9) portant une repr\u00e9sentation florale, de style vintage. Elle est issue de la manufacture ES Keramik (1921-1974) fond\u00e9e par Josef Emons et fils. En 1948, la manufacure se divisa en deux entit\u00e9s : ES et Marei. La c\u00e9ramique d\u2019art fut produite \u00e0 partir de 1954, et le principal&hellip;&nbsp;<a href=\"https:\/\/legrenierdelatour.be\/brocante\/produit\/assiette-decorative-es-keramik-vintage-willi-hack\/\" class=\"\" rel=\"bookmark\">Lire la suite &raquo;<span class=\"screen-reader-text\">Assiette d\u00e9corative ES Keramik Vintage Willi Hack<\/span><\/a><\/p>\n","protected":false},"featured_media":8291,"comment_status":"open","ping_status":"closed","template":"","meta":{"neve_meta_sidebar":"","neve_meta_container":"","neve_meta_enable_content_width":"off","neve_meta_content_width":100,"neve_meta_title_alignment":"","neve_meta_author_avatar":"","neve_post_elements_order":"","neve_meta_disable_header":"","neve_meta_disable_footer":"","neve_meta_disable_title":""},"product_brand":[],"product_cat":[48,16,47],"product_tag":[28],"class_list":{"0":"post-8290","1":"product","2":"type-product","3":"status-publish","4":"has-post-thumbnail","6":"product_cat-allemagne","7":"product_cat-ceramique","8":"product_cat-west-germany","9":"product_tag-vintage","11":"first","12":"instock","13":"shipping-taxable","14":"purchasable","15":"product-type-simple"},"_links":{"self":[{"href":"https:\/\/legrenierdelatour.be\/brocante\/wp-json\/wp\/v2\/product\/8290","targetHints":{"allow":["GET"]}}],"collection":[{"href":"https:\/\/legrenierdelatour.be\/brocante\/wp-json\/wp\/v2\/product"}],"about":[{"href":"https:\/\/legrenierdelatour.be\/brocante\/wp-json\/wp\/v2\/types\/product"}],"replies":[{"embeddable":true,"href":"https:\/\/legrenierdelatour.be\/brocante\/wp-json\/wp\/v2\/comments?post=8290"}],"wp:featuredmedia":[{"embeddable":true,"href":"https:\/\/legrenierdelatour.be\/brocante\/wp-json\/wp\/v2\/media\/8291"}],"wp:attachment":[{"href":"https:\/\/legrenierdelatour.be\/brocante\/wp-json\/wp\/v2\/media?parent=8290"}],"wp:term":[{"taxonomy":"product_brand","embeddable":true,"href":"https:\/\/legrenierdelatour.be\/brocante\/wp-json\/wp\/v2\/product_brand?post=8290"},{"taxonomy":"product_cat","embeddable":true,"href":"https:\/\/legrenierdelatour.be\/brocante\/wp-json\/wp\/v2\/product_cat?post=8290"},{"taxonomy":"product_tag","embeddable":true,"href":"https:\/\/legrenierdelatour.be\/brocante\/wp-json\/wp\/v2\/product_tag?post=8290"}],"curies":[{"name":"wp","href":"https:\/\/api.w.org\/{rel}","templated":true}]}}