{"id":8273,"date":"2024-06-16T13:45:41","date_gmt":"2024-06-16T11:45:41","guid":{"rendered":"https:\/\/legrenierdelatour.be\/brocante\/?post_type=product&#038;p=8273"},"modified":"2024-06-16T13:45:41","modified_gmt":"2024-06-16T11:45:41","slug":"mug-les-herdiers-dardenne","status":"publish","type":"product","link":"https:\/\/legrenierdelatour.be\/brocante\/produit\/mug-les-herdiers-dardenne\/","title":{"rendered":"Mug \u00ab\u00a0Les Herdiers d&rsquo;Ardenne\u00a0\u00bb"},"content":{"rendered":"<p>Un mug (11 cm de haut) en gr\u00e8s, \u00e9dit\u00e9 par les Herdies d\u2019Ardenne, une confr\u00e9rie de Bastogne pour la d\u00e9fense des produits r\u00e9gionaux existant depuis 1958.<\/p>\n<div>R\u00e9f 31.76<\/div>\n","protected":false},"excerpt":{"rendered":"<p>Un mug (11 cm de haut) en gr\u00e8s, \u00e9dit\u00e9 par les Herdies d\u2019Ardenne, une confr\u00e9rie de Bastogne pour la d\u00e9fense des produits r\u00e9gionaux existant depuis 1958. R\u00e9f 31.76<\/p>\n","protected":false},"featured_media":8274,"comment_status":"open","ping_status":"closed","template":"","meta":{"neve_meta_sidebar":"","neve_meta_container":"","neve_meta_enable_content_width":"off","neve_meta_content_width":100,"neve_meta_title_alignment":"","neve_meta_author_avatar":"","neve_post_elements_order":"","neve_meta_disable_header":"","neve_meta_disable_footer":"","neve_meta_disable_title":""},"product_brand":[],"product_cat":[37,16,30,31],"product_tag":[],"class_list":{"0":"post-8273","1":"product","2":"type-product","3":"status-publish","4":"has-post-thumbnail","6":"product_cat-belgique","7":"product_cat-ceramique","8":"product_cat-luxemburgensia","9":"product_cat-pays-darlon","11":"first","12":"instock","13":"shipping-taxable","14":"purchasable","15":"product-type-simple"},"_links":{"self":[{"href":"https:\/\/legrenierdelatour.be\/brocante\/wp-json\/wp\/v2\/product\/8273","targetHints":{"allow":["GET"]}}],"collection":[{"href":"https:\/\/legrenierdelatour.be\/brocante\/wp-json\/wp\/v2\/product"}],"about":[{"href":"https:\/\/legrenierdelatour.be\/brocante\/wp-json\/wp\/v2\/types\/product"}],"replies":[{"embeddable":true,"href":"https:\/\/legrenierdelatour.be\/brocante\/wp-json\/wp\/v2\/comments?post=8273"}],"wp:featuredmedia":[{"embeddable":true,"href":"https:\/\/legrenierdelatour.be\/brocante\/wp-json\/wp\/v2\/media\/8274"}],"wp:attachment":[{"href":"https:\/\/legrenierdelatour.be\/brocante\/wp-json\/wp\/v2\/media?parent=8273"}],"wp:term":[{"taxonomy":"product_brand","embeddable":true,"href":"https:\/\/legrenierdelatour.be\/brocante\/wp-json\/wp\/v2\/product_brand?post=8273"},{"taxonomy":"product_cat","embeddable":true,"href":"https:\/\/legrenierdelatour.be\/brocante\/wp-json\/wp\/v2\/product_cat?post=8273"},{"taxonomy":"product_tag","embeddable":true,"href":"https:\/\/legrenierdelatour.be\/brocante\/wp-json\/wp\/v2\/product_tag?post=8273"}],"curies":[{"name":"wp","href":"https:\/\/api.w.org\/{rel}","templated":true}]}}