{"id":8128,"date":"2024-06-06T21:05:52","date_gmt":"2024-06-06T19:05:52","guid":{"rendered":"https:\/\/legrenierdelatour.be\/brocante\/?post_type=product&#038;p=8128"},"modified":"2024-06-06T21:05:53","modified_gmt":"2024-06-06T19:05:53","slug":"petit-pichet-emaux-miel","status":"publish","type":"product","link":"https:\/\/legrenierdelatour.be\/brocante\/produit\/petit-pichet-emaux-miel\/","title":{"rendered":"Petit pichet Emaux Miel"},"content":{"rendered":"<p>Petit pichet (8,5 cm de haut) en Fat Lava. Ce petit pichet est issu des \u00ab\u00a0Ateliers du Cyclope \u00bb \u00e0 Annecy. Le designer est Charles Cart et date des ann\u00e9es 1960.\u00a0Ce sont ces \u00e9maux \u00e9pais qui ont fait la renomm\u00e9e de cet atelier savoyard. Nomm\u00e9 ainsi en r\u00e9f\u00e9rence \u00e0 la montagne \u00able Rocher du cyclope \u00bb. En 1963, Charles Panier va d\u00e9poser la marque \u00ab Le Cyclope, \u00e9maux des glaciers \u2013 Emaux des neiges \u00bb. Cette production s\u2019adressait au march\u00e9 du tourisme local. L\u2019entreprise fermera en 1980. Si les \u00e9maux produits sont g\u00e9n\u00e9ralement bleus, il en existe aussi comme ici en jaune couleur miel.<br \/>\nR\u00e9f 31.28<\/p>\n","protected":false},"excerpt":{"rendered":"<p>Petit pichet (8,5 cm de haut) en Fat Lava. Ce petit pichet est issu des \u00ab\u00a0Ateliers du Cyclope \u00bb \u00e0 Annecy. Le designer est Charles Cart et date des ann\u00e9es 1960.\u00a0Ce sont ces \u00e9maux \u00e9pais qui ont fait la renomm\u00e9e de cet atelier savoyard. Nomm\u00e9 ainsi en r\u00e9f\u00e9rence \u00e0 la montagne \u00able Rocher du cyclope&hellip;&nbsp;<a href=\"https:\/\/legrenierdelatour.be\/brocante\/produit\/petit-pichet-emaux-miel\/\" class=\"\" rel=\"bookmark\">Lire la suite &raquo;<span class=\"screen-reader-text\">Petit pichet Emaux Miel<\/span><\/a><\/p>\n","protected":false},"featured_media":8129,"comment_status":"open","ping_status":"closed","template":"","meta":{"neve_meta_sidebar":"","neve_meta_container":"","neve_meta_enable_content_width":"off","neve_meta_content_width":100,"neve_meta_title_alignment":"","neve_meta_author_avatar":"","neve_post_elements_order":"","neve_meta_disable_header":"","neve_meta_disable_footer":"","neve_meta_disable_title":""},"product_brand":[],"product_cat":[16,59],"product_tag":[],"class_list":{"0":"post-8128","1":"product","2":"type-product","3":"status-publish","4":"has-post-thumbnail","6":"product_cat-ceramique","7":"product_cat-france","9":"first","10":"instock","11":"shipping-taxable","12":"purchasable","13":"product-type-simple"},"_links":{"self":[{"href":"https:\/\/legrenierdelatour.be\/brocante\/wp-json\/wp\/v2\/product\/8128","targetHints":{"allow":["GET"]}}],"collection":[{"href":"https:\/\/legrenierdelatour.be\/brocante\/wp-json\/wp\/v2\/product"}],"about":[{"href":"https:\/\/legrenierdelatour.be\/brocante\/wp-json\/wp\/v2\/types\/product"}],"replies":[{"embeddable":true,"href":"https:\/\/legrenierdelatour.be\/brocante\/wp-json\/wp\/v2\/comments?post=8128"}],"wp:featuredmedia":[{"embeddable":true,"href":"https:\/\/legrenierdelatour.be\/brocante\/wp-json\/wp\/v2\/media\/8129"}],"wp:attachment":[{"href":"https:\/\/legrenierdelatour.be\/brocante\/wp-json\/wp\/v2\/media?parent=8128"}],"wp:term":[{"taxonomy":"product_brand","embeddable":true,"href":"https:\/\/legrenierdelatour.be\/brocante\/wp-json\/wp\/v2\/product_brand?post=8128"},{"taxonomy":"product_cat","embeddable":true,"href":"https:\/\/legrenierdelatour.be\/brocante\/wp-json\/wp\/v2\/product_cat?post=8128"},{"taxonomy":"product_tag","embeddable":true,"href":"https:\/\/legrenierdelatour.be\/brocante\/wp-json\/wp\/v2\/product_tag?post=8128"}],"curies":[{"name":"wp","href":"https:\/\/api.w.org\/{rel}","templated":true}]}}