{"id":8118,"date":"2024-05-29T10:42:27","date_gmt":"2024-05-29T08:42:27","guid":{"rendered":"https:\/\/legrenierdelatour.be\/brocante\/?post_type=product&#038;p=8118"},"modified":"2024-05-29T10:42:28","modified_gmt":"2024-05-29T08:42:28","slug":"ensemble-de-toilette-cristal-de-boheme-2","status":"publish","type":"product","link":"https:\/\/legrenierdelatour.be\/brocante\/produit\/ensemble-de-toilette-cristal-de-boheme-2\/","title":{"rendered":"Ensemble de toilette, cristal de Boh\u00eame"},"content":{"rendered":"<p>Bel ensemble de toilette comprenant un vaporisateur, ube bo\u00eete avec couvercle et un flacon avec son bouchon. Cet ensemble est en crital moul\u00e9 press\u00e9, issu de la r\u00e9gion de Bavi\u00e8re. L\u2019ensemble est en parfait \u00e9tat et date sans doute du milieu du 20\u00e8 si\u00e8cle.<\/p>\n<div>R\u00e9f 31.22<\/div>\n","protected":false},"excerpt":{"rendered":"<p>Bel ensemble de toilette comprenant un vaporisateur, ube bo\u00eete avec couvercle et un flacon avec son bouchon. Cet ensemble est en crital moul\u00e9 press\u00e9, issu de la r\u00e9gion de Bavi\u00e8re. L\u2019ensemble est en parfait \u00e9tat et date sans doute du milieu du 20\u00e8 si\u00e8cle. R\u00e9f 31.22<\/p>\n","protected":false},"featured_media":8119,"comment_status":"open","ping_status":"closed","template":"","meta":{"neve_meta_sidebar":"","neve_meta_container":"","neve_meta_enable_content_width":"off","neve_meta_content_width":100,"neve_meta_title_alignment":"","neve_meta_author_avatar":"","neve_post_elements_order":"","neve_meta_disable_header":"","neve_meta_disable_footer":"","neve_meta_disable_title":""},"product_brand":[],"product_cat":[22],"product_tag":[],"class_list":{"0":"post-8118","1":"product","2":"type-product","3":"status-publish","4":"has-post-thumbnail","6":"product_cat-verrerie","8":"first","9":"instock","10":"shipping-taxable","11":"purchasable","12":"product-type-simple"},"_links":{"self":[{"href":"https:\/\/legrenierdelatour.be\/brocante\/wp-json\/wp\/v2\/product\/8118","targetHints":{"allow":["GET"]}}],"collection":[{"href":"https:\/\/legrenierdelatour.be\/brocante\/wp-json\/wp\/v2\/product"}],"about":[{"href":"https:\/\/legrenierdelatour.be\/brocante\/wp-json\/wp\/v2\/types\/product"}],"replies":[{"embeddable":true,"href":"https:\/\/legrenierdelatour.be\/brocante\/wp-json\/wp\/v2\/comments?post=8118"}],"wp:featuredmedia":[{"embeddable":true,"href":"https:\/\/legrenierdelatour.be\/brocante\/wp-json\/wp\/v2\/media\/8119"}],"wp:attachment":[{"href":"https:\/\/legrenierdelatour.be\/brocante\/wp-json\/wp\/v2\/media?parent=8118"}],"wp:term":[{"taxonomy":"product_brand","embeddable":true,"href":"https:\/\/legrenierdelatour.be\/brocante\/wp-json\/wp\/v2\/product_brand?post=8118"},{"taxonomy":"product_cat","embeddable":true,"href":"https:\/\/legrenierdelatour.be\/brocante\/wp-json\/wp\/v2\/product_cat?post=8118"},{"taxonomy":"product_tag","embeddable":true,"href":"https:\/\/legrenierdelatour.be\/brocante\/wp-json\/wp\/v2\/product_tag?post=8118"}],"curies":[{"name":"wp","href":"https:\/\/api.w.org\/{rel}","templated":true}]}}