{"id":8113,"date":"2024-05-29T10:21:10","date_gmt":"2024-05-29T08:21:10","guid":{"rendered":"https:\/\/legrenierdelatour.be\/brocante\/?post_type=product&#038;p=8113"},"modified":"2024-05-29T10:21:10","modified_gmt":"2024-05-29T08:21:10","slug":"vaporisateur-de-parfum-verrerie-de-laeken","status":"publish","type":"product","link":"https:\/\/legrenierdelatour.be\/brocante\/produit\/vaporisateur-de-parfum-verrerie-de-laeken\/","title":{"rendered":"Vaporisateur de parfum, verrerie de Laeken"},"content":{"rendered":"<p>Flacon de parfum (12 cm de haut) en verre souffl\u00e9 et dor\u00e9 \u00e0 la main. Il est en parfait \u00e9tat. Il est issu de la manufacture de Laeken (1849-1954) et date des ann\u00e9es 1930-50.<\/p>\n<div>R\u00e9f 31.20<\/div>\n","protected":false},"excerpt":{"rendered":"<p>Flacon de parfum (12 cm de haut) en verre souffl\u00e9 et dor\u00e9 \u00e0 la main. Il est en parfait \u00e9tat. Il est issu de la manufacture de Laeken (1849-1954) et date des ann\u00e9es 1930-50. R\u00e9f 31.20<\/p>\n","protected":false},"featured_media":8111,"comment_status":"open","ping_status":"closed","template":"","meta":{"neve_meta_sidebar":"","neve_meta_container":"","neve_meta_enable_content_width":"off","neve_meta_content_width":100,"neve_meta_title_alignment":"","neve_meta_author_avatar":"","neve_post_elements_order":"","neve_meta_disable_header":"","neve_meta_disable_footer":"","neve_meta_disable_title":""},"product_brand":[],"product_cat":[150,162,22],"product_tag":[],"class_list":{"0":"post-8113","1":"product","2":"type-product","3":"status-publish","4":"has-post-thumbnail","6":"product_cat-laeken","7":"product_cat-productions-belges","8":"product_cat-verrerie","10":"first","11":"instock","12":"shipping-taxable","13":"purchasable","14":"product-type-simple"},"_links":{"self":[{"href":"https:\/\/legrenierdelatour.be\/brocante\/wp-json\/wp\/v2\/product\/8113","targetHints":{"allow":["GET"]}}],"collection":[{"href":"https:\/\/legrenierdelatour.be\/brocante\/wp-json\/wp\/v2\/product"}],"about":[{"href":"https:\/\/legrenierdelatour.be\/brocante\/wp-json\/wp\/v2\/types\/product"}],"replies":[{"embeddable":true,"href":"https:\/\/legrenierdelatour.be\/brocante\/wp-json\/wp\/v2\/comments?post=8113"}],"wp:featuredmedia":[{"embeddable":true,"href":"https:\/\/legrenierdelatour.be\/brocante\/wp-json\/wp\/v2\/media\/8111"}],"wp:attachment":[{"href":"https:\/\/legrenierdelatour.be\/brocante\/wp-json\/wp\/v2\/media?parent=8113"}],"wp:term":[{"taxonomy":"product_brand","embeddable":true,"href":"https:\/\/legrenierdelatour.be\/brocante\/wp-json\/wp\/v2\/product_brand?post=8113"},{"taxonomy":"product_cat","embeddable":true,"href":"https:\/\/legrenierdelatour.be\/brocante\/wp-json\/wp\/v2\/product_cat?post=8113"},{"taxonomy":"product_tag","embeddable":true,"href":"https:\/\/legrenierdelatour.be\/brocante\/wp-json\/wp\/v2\/product_tag?post=8113"}],"curies":[{"name":"wp","href":"https:\/\/api.w.org\/{rel}","templated":true}]}}