{"id":8018,"date":"2024-05-24T19:19:28","date_gmt":"2024-05-24T17:19:28","guid":{"rendered":"https:\/\/legrenierdelatour.be\/brocante\/?post_type=product&#038;p=8018"},"modified":"2024-05-24T19:42:34","modified_gmt":"2024-05-24T17:42:34","slug":"assiette-en-etain-saint-donat-3","status":"publish","type":"product","link":"https:\/\/legrenierdelatour.be\/brocante\/produit\/assiette-en-etain-saint-donat-3\/","title":{"rendered":"Assiette en \u00e9tain, Saint Donat"},"content":{"rendered":"<p>Assiette en \u00e9tain (26 cm de diam\u00e8tre) avec une repr\u00e9sentation de Saint Donat. Cette assiette porte une d\u00e9dicace \u00e0 l\u2019arri\u00e8re \u00ab\u00a0S\u00e9bastien 15.4.1984\u00a0\u00bb \u00ab\u00a0Sophie 2.7.1986\u00a0\u00bb.<\/p>\n<div>R\u00e9f 30.89<\/div>\n","protected":false},"excerpt":{"rendered":"<p>Assiette en \u00e9tain (26 cm de diam\u00e8tre) avec une repr\u00e9sentation de Saint Donat. Cette assiette porte une d\u00e9dicace \u00e0 l\u2019arri\u00e8re \u00ab\u00a0S\u00e9bastien 15.4.1984\u00a0\u00bb \u00ab\u00a0Sophie 2.7.1986\u00a0\u00bb. R\u00e9f 30.89<\/p>\n","protected":false},"featured_media":8019,"comment_status":"open","ping_status":"closed","template":"","meta":{"neve_meta_sidebar":"","neve_meta_container":"","neve_meta_enable_content_width":"off","neve_meta_content_width":100,"neve_meta_title_alignment":"","neve_meta_author_avatar":"","neve_post_elements_order":"","neve_meta_disable_header":"","neve_meta_disable_footer":"","neve_meta_disable_title":""},"product_brand":[],"product_cat":[110,30,31],"product_tag":[],"class_list":{"0":"post-8018","1":"product","2":"type-product","3":"status-publish","4":"has-post-thumbnail","6":"product_cat-etain","7":"product_cat-luxemburgensia","8":"product_cat-pays-darlon","10":"first","11":"instock","12":"shipping-taxable","13":"purchasable","14":"product-type-simple"},"_links":{"self":[{"href":"https:\/\/legrenierdelatour.be\/brocante\/wp-json\/wp\/v2\/product\/8018","targetHints":{"allow":["GET"]}}],"collection":[{"href":"https:\/\/legrenierdelatour.be\/brocante\/wp-json\/wp\/v2\/product"}],"about":[{"href":"https:\/\/legrenierdelatour.be\/brocante\/wp-json\/wp\/v2\/types\/product"}],"replies":[{"embeddable":true,"href":"https:\/\/legrenierdelatour.be\/brocante\/wp-json\/wp\/v2\/comments?post=8018"}],"wp:featuredmedia":[{"embeddable":true,"href":"https:\/\/legrenierdelatour.be\/brocante\/wp-json\/wp\/v2\/media\/8019"}],"wp:attachment":[{"href":"https:\/\/legrenierdelatour.be\/brocante\/wp-json\/wp\/v2\/media?parent=8018"}],"wp:term":[{"taxonomy":"product_brand","embeddable":true,"href":"https:\/\/legrenierdelatour.be\/brocante\/wp-json\/wp\/v2\/product_brand?post=8018"},{"taxonomy":"product_cat","embeddable":true,"href":"https:\/\/legrenierdelatour.be\/brocante\/wp-json\/wp\/v2\/product_cat?post=8018"},{"taxonomy":"product_tag","embeddable":true,"href":"https:\/\/legrenierdelatour.be\/brocante\/wp-json\/wp\/v2\/product_tag?post=8018"}],"curies":[{"name":"wp","href":"https:\/\/api.w.org\/{rel}","templated":true}]}}