{"id":8002,"date":"2024-05-24T17:22:41","date_gmt":"2024-05-24T15:22:41","guid":{"rendered":"https:\/\/legrenierdelatour.be\/brocante\/?post_type=product&#038;p=8002"},"modified":"2024-05-24T17:26:20","modified_gmt":"2024-05-24T15:26:20","slug":"miroir-vintage-annees-1970","status":"publish","type":"product","link":"https:\/\/legrenierdelatour.be\/brocante\/produit\/miroir-vintage-annees-1970\/","title":{"rendered":"Miroir vintage, Ann\u00e9es 1970"},"content":{"rendered":"<p>Petit miroir (26&#215;39 cm) de style vintage, datant sans doute des ann\u00e9es 1970. Il a une forme libre de r\u00e9troviseur de l\u2019\u00e9poque, dans le go\u00fbt de Gio Ponti, designer italien. Ce petit miroir est en tr\u00e8s bon \u00e9tat.<\/p>\n<div>R\u00e9f 30.84<\/div>\n","protected":false},"excerpt":{"rendered":"<p>Petit miroir (26&#215;39 cm) de style vintage, datant sans doute des ann\u00e9es 1970. Il a une forme libre de r\u00e9troviseur de l\u2019\u00e9poque, dans le go\u00fbt de Gio Ponti, designer italien. Ce petit miroir est en tr\u00e8s bon \u00e9tat. R\u00e9f 30.84<\/p>\n","protected":false},"featured_media":8003,"comment_status":"open","ping_status":"closed","template":"","meta":{"neve_meta_sidebar":"","neve_meta_container":"","neve_meta_enable_content_width":"off","neve_meta_content_width":100,"neve_meta_title_alignment":"","neve_meta_author_avatar":"","neve_post_elements_order":"","neve_meta_disable_header":"","neve_meta_disable_footer":"","neve_meta_disable_title":""},"product_brand":[],"product_cat":[85],"product_tag":[],"class_list":{"0":"post-8002","1":"product","2":"type-product","3":"status-publish","4":"has-post-thumbnail","6":"product_cat-miroir","8":"first","9":"instock","10":"shipping-taxable","11":"purchasable","12":"product-type-simple"},"_links":{"self":[{"href":"https:\/\/legrenierdelatour.be\/brocante\/wp-json\/wp\/v2\/product\/8002","targetHints":{"allow":["GET"]}}],"collection":[{"href":"https:\/\/legrenierdelatour.be\/brocante\/wp-json\/wp\/v2\/product"}],"about":[{"href":"https:\/\/legrenierdelatour.be\/brocante\/wp-json\/wp\/v2\/types\/product"}],"replies":[{"embeddable":true,"href":"https:\/\/legrenierdelatour.be\/brocante\/wp-json\/wp\/v2\/comments?post=8002"}],"wp:featuredmedia":[{"embeddable":true,"href":"https:\/\/legrenierdelatour.be\/brocante\/wp-json\/wp\/v2\/media\/8003"}],"wp:attachment":[{"href":"https:\/\/legrenierdelatour.be\/brocante\/wp-json\/wp\/v2\/media?parent=8002"}],"wp:term":[{"taxonomy":"product_brand","embeddable":true,"href":"https:\/\/legrenierdelatour.be\/brocante\/wp-json\/wp\/v2\/product_brand?post=8002"},{"taxonomy":"product_cat","embeddable":true,"href":"https:\/\/legrenierdelatour.be\/brocante\/wp-json\/wp\/v2\/product_cat?post=8002"},{"taxonomy":"product_tag","embeddable":true,"href":"https:\/\/legrenierdelatour.be\/brocante\/wp-json\/wp\/v2\/product_tag?post=8002"}],"curies":[{"name":"wp","href":"https:\/\/api.w.org\/{rel}","templated":true}]}}