{"id":7958,"date":"2024-05-21T15:40:35","date_gmt":"2024-05-21T13:40:35","guid":{"rendered":"https:\/\/legrenierdelatour.be\/brocante\/?post_type=product&#038;p=7958"},"modified":"2024-05-21T15:40:36","modified_gmt":"2024-05-21T13:40:36","slug":"assiette-porcelaine-de-limoges-michel-julien","status":"publish","type":"product","link":"https:\/\/legrenierdelatour.be\/brocante\/produit\/assiette-porcelaine-de-limoges-michel-julien\/","title":{"rendered":"Assiette, porcelaine de Limoges, Michel Julien"},"content":{"rendered":"<p>Petite assiette d\u00e9corative (21 cm de diam\u00e8tre) en porcelaine de Limoges. Elle porte une repr\u00e9sentation d\u2019un paysage de France \u00ab\u00a0D\u00e9jeuner sur la pelouse\u00a0\u00bb par Michel Julien. Cette assiette \u00e9dit\u00e9e en s\u00e9rie limit\u00e9e en 1988, porte le num\u00e9ro U623.<\/p>\n<div>R\u00e9f 30.69<\/div>\n","protected":false},"excerpt":{"rendered":"<p>Petite assiette d\u00e9corative (21 cm de diam\u00e8tre) en porcelaine de Limoges. Elle porte une repr\u00e9sentation d\u2019un paysage de France \u00ab\u00a0D\u00e9jeuner sur la pelouse\u00a0\u00bb par Michel Julien. Cette assiette \u00e9dit\u00e9e en s\u00e9rie limit\u00e9e en 1988, porte le num\u00e9ro U623. R\u00e9f 30.69<\/p>\n","protected":false},"featured_media":7953,"comment_status":"open","ping_status":"closed","template":"","meta":{"neve_meta_sidebar":"","neve_meta_container":"","neve_meta_enable_content_width":"off","neve_meta_content_width":100,"neve_meta_title_alignment":"","neve_meta_author_avatar":"","neve_post_elements_order":"","neve_meta_disable_header":"","neve_meta_disable_footer":"","neve_meta_disable_title":""},"product_brand":[],"product_cat":[16,59,185,167],"product_tag":[],"class_list":{"0":"post-7958","1":"product","2":"type-product","3":"status-publish","4":"has-post-thumbnail","6":"product_cat-ceramique","7":"product_cat-france","8":"product_cat-limoges","9":"product_cat-peintures-et-sculptures","11":"first","12":"instock","13":"shipping-taxable","14":"purchasable","15":"product-type-simple"},"_links":{"self":[{"href":"https:\/\/legrenierdelatour.be\/brocante\/wp-json\/wp\/v2\/product\/7958","targetHints":{"allow":["GET"]}}],"collection":[{"href":"https:\/\/legrenierdelatour.be\/brocante\/wp-json\/wp\/v2\/product"}],"about":[{"href":"https:\/\/legrenierdelatour.be\/brocante\/wp-json\/wp\/v2\/types\/product"}],"replies":[{"embeddable":true,"href":"https:\/\/legrenierdelatour.be\/brocante\/wp-json\/wp\/v2\/comments?post=7958"}],"wp:featuredmedia":[{"embeddable":true,"href":"https:\/\/legrenierdelatour.be\/brocante\/wp-json\/wp\/v2\/media\/7953"}],"wp:attachment":[{"href":"https:\/\/legrenierdelatour.be\/brocante\/wp-json\/wp\/v2\/media?parent=7958"}],"wp:term":[{"taxonomy":"product_brand","embeddable":true,"href":"https:\/\/legrenierdelatour.be\/brocante\/wp-json\/wp\/v2\/product_brand?post=7958"},{"taxonomy":"product_cat","embeddable":true,"href":"https:\/\/legrenierdelatour.be\/brocante\/wp-json\/wp\/v2\/product_cat?post=7958"},{"taxonomy":"product_tag","embeddable":true,"href":"https:\/\/legrenierdelatour.be\/brocante\/wp-json\/wp\/v2\/product_tag?post=7958"}],"curies":[{"name":"wp","href":"https:\/\/api.w.org\/{rel}","templated":true}]}}