{"id":7888,"date":"2024-05-19T16:15:27","date_gmt":"2024-05-19T14:15:27","guid":{"rendered":"https:\/\/legrenierdelatour.be\/brocante\/?post_type=product&#038;p=7888"},"modified":"2024-05-19T16:15:27","modified_gmt":"2024-05-19T14:15:27","slug":"peinture-de-foret-jeanne-even","status":"publish","type":"product","link":"https:\/\/legrenierdelatour.be\/brocante\/produit\/peinture-de-foret-jeanne-even\/","title":{"rendered":"Peinture de For\u00eat, Jeanne Even"},"content":{"rendered":"<p>Peinture \u00e0 l\u2019huile sur toile (55&#215;46 cm hors cadre) rer\u00e9snetant un paysage de for\u00eat. Elle est sign\u00e9e J Even (Jeanne Even, artiste r\u00e9gionale non identifi\u00e9e). La peinture est encadr\u00e9e par G. Glaudot de Virton. Cette peinture date sans doute de la fin du 20\u00e8 si\u00e8cle.<\/p>\n<div>R\u00e9f 30.51<\/div>\n","protected":false},"excerpt":{"rendered":"<p>Peinture \u00e0 l\u2019huile sur toile (55&#215;46 cm hors cadre) rer\u00e9snetant un paysage de for\u00eat. Elle est sign\u00e9e J Even (Jeanne Even, artiste r\u00e9gionale non identifi\u00e9e). La peinture est encadr\u00e9e par G. Glaudot de Virton. Cette peinture date sans doute de la fin du 20\u00e8 si\u00e8cle. R\u00e9f 30.51<\/p>\n","protected":false},"featured_media":7889,"comment_status":"open","ping_status":"closed","template":"","meta":{"neve_meta_sidebar":"","neve_meta_container":"","neve_meta_enable_content_width":"off","neve_meta_content_width":100,"neve_meta_title_alignment":"","neve_meta_author_avatar":"","neve_post_elements_order":"","neve_meta_disable_header":"","neve_meta_disable_footer":"","neve_meta_disable_title":""},"product_brand":[],"product_cat":[31,167],"product_tag":[],"class_list":{"0":"post-7888","1":"product","2":"type-product","3":"status-publish","4":"has-post-thumbnail","6":"product_cat-pays-darlon","7":"product_cat-peintures-et-sculptures","9":"first","10":"instock","11":"shipping-taxable","12":"purchasable","13":"product-type-simple"},"_links":{"self":[{"href":"https:\/\/legrenierdelatour.be\/brocante\/wp-json\/wp\/v2\/product\/7888","targetHints":{"allow":["GET"]}}],"collection":[{"href":"https:\/\/legrenierdelatour.be\/brocante\/wp-json\/wp\/v2\/product"}],"about":[{"href":"https:\/\/legrenierdelatour.be\/brocante\/wp-json\/wp\/v2\/types\/product"}],"replies":[{"embeddable":true,"href":"https:\/\/legrenierdelatour.be\/brocante\/wp-json\/wp\/v2\/comments?post=7888"}],"wp:featuredmedia":[{"embeddable":true,"href":"https:\/\/legrenierdelatour.be\/brocante\/wp-json\/wp\/v2\/media\/7889"}],"wp:attachment":[{"href":"https:\/\/legrenierdelatour.be\/brocante\/wp-json\/wp\/v2\/media?parent=7888"}],"wp:term":[{"taxonomy":"product_brand","embeddable":true,"href":"https:\/\/legrenierdelatour.be\/brocante\/wp-json\/wp\/v2\/product_brand?post=7888"},{"taxonomy":"product_cat","embeddable":true,"href":"https:\/\/legrenierdelatour.be\/brocante\/wp-json\/wp\/v2\/product_cat?post=7888"},{"taxonomy":"product_tag","embeddable":true,"href":"https:\/\/legrenierdelatour.be\/brocante\/wp-json\/wp\/v2\/product_tag?post=7888"}],"curies":[{"name":"wp","href":"https:\/\/api.w.org\/{rel}","templated":true}]}}