{"id":7869,"date":"2024-05-03T20:12:45","date_gmt":"2024-05-03T18:12:45","guid":{"rendered":"https:\/\/legrenierdelatour.be\/brocante\/?post_type=product&#038;p=7869"},"modified":"2025-10-17T13:03:02","modified_gmt":"2025-10-17T11:03:02","slug":"verre-a-vin-romer-brun","status":"publish","type":"product","link":"https:\/\/legrenierdelatour.be\/brocante\/produit\/verre-a-vin-romer-brun\/","title":{"rendered":"Verre \u00e0 vin R\u00f6mer, brun"},"content":{"rendered":"<p>Verre \u00e0 vin (10 cm de haut et 11 cm de haut) avec un gros pied brun, pour les vins de Moselle, produit par une manufacture non identifi\u00e9e. Ce verre vintage date des ann\u00e9es 1970-80. Ce verre est appel\u00e9 R\u00f6merglas.<\/p>\n<div>2 exemplaires de 10 cm et 6 exemplaires de 11 cm disponibles au prix de 5\u20ac pi\u00e8ce.<\/div>\n<div>R\u00e9f 30.44<\/div>\n","protected":false},"excerpt":{"rendered":"<p>Verre \u00e0 vin (10 cm de haut et 11 cm de haut) avec un gros pied brun, pour les vins de Moselle, produit par une manufacture non identifi\u00e9e. Ce verre vintage date des ann\u00e9es 1970-80. Ce verre est appel\u00e9 R\u00f6merglas. 2 exemplaires de 10 cm et 6 exemplaires de 11 cm disponibles au prix de&hellip;&nbsp;<a href=\"https:\/\/legrenierdelatour.be\/brocante\/produit\/verre-a-vin-romer-brun\/\" class=\"\" rel=\"bookmark\">Lire la suite &raquo;<span class=\"screen-reader-text\">Verre \u00e0 vin R\u00f6mer, brun<\/span><\/a><\/p>\n","protected":false},"featured_media":7870,"comment_status":"open","ping_status":"closed","template":"","meta":{"neve_meta_sidebar":"","neve_meta_container":"","neve_meta_enable_content_width":"off","neve_meta_content_width":100,"neve_meta_title_alignment":"","neve_meta_author_avatar":"","neve_post_elements_order":"","neve_meta_disable_header":"","neve_meta_disable_footer":"","neve_meta_disable_title":""},"product_brand":[],"product_cat":[172,22],"product_tag":[],"class_list":{"0":"post-7869","1":"product","2":"type-product","3":"status-publish","4":"has-post-thumbnail","6":"product_cat-en-cuisine","7":"product_cat-verrerie","9":"first","10":"instock","11":"shipping-taxable","12":"purchasable","13":"product-type-simple"},"_links":{"self":[{"href":"https:\/\/legrenierdelatour.be\/brocante\/wp-json\/wp\/v2\/product\/7869","targetHints":{"allow":["GET"]}}],"collection":[{"href":"https:\/\/legrenierdelatour.be\/brocante\/wp-json\/wp\/v2\/product"}],"about":[{"href":"https:\/\/legrenierdelatour.be\/brocante\/wp-json\/wp\/v2\/types\/product"}],"replies":[{"embeddable":true,"href":"https:\/\/legrenierdelatour.be\/brocante\/wp-json\/wp\/v2\/comments?post=7869"}],"wp:featuredmedia":[{"embeddable":true,"href":"https:\/\/legrenierdelatour.be\/brocante\/wp-json\/wp\/v2\/media\/7870"}],"wp:attachment":[{"href":"https:\/\/legrenierdelatour.be\/brocante\/wp-json\/wp\/v2\/media?parent=7869"}],"wp:term":[{"taxonomy":"product_brand","embeddable":true,"href":"https:\/\/legrenierdelatour.be\/brocante\/wp-json\/wp\/v2\/product_brand?post=7869"},{"taxonomy":"product_cat","embeddable":true,"href":"https:\/\/legrenierdelatour.be\/brocante\/wp-json\/wp\/v2\/product_cat?post=7869"},{"taxonomy":"product_tag","embeddable":true,"href":"https:\/\/legrenierdelatour.be\/brocante\/wp-json\/wp\/v2\/product_tag?post=7869"}],"curies":[{"name":"wp","href":"https:\/\/api.w.org\/{rel}","templated":true}]}}