{"id":7827,"date":"2024-05-01T18:12:27","date_gmt":"2024-05-01T16:12:27","guid":{"rendered":"https:\/\/legrenierdelatour.be\/brocante\/?post_type=product&#038;p=7827"},"modified":"2024-05-01T18:12:27","modified_gmt":"2024-05-01T16:12:27","slug":"profil-de-femme-en-faience-jema-holland-1970","status":"publish","type":"product","link":"https:\/\/legrenierdelatour.be\/brocante\/produit\/profil-de-femme-en-faience-jema-holland-1970\/","title":{"rendered":"Profil de femme en fa\u00efence, Jema Holland, 1970"},"content":{"rendered":"<p>Profil de femme (15 cm de haut) en fa\u00efence verniss\u00e9e noire. Il s\u2019agit d\u2019une production de la manufacture Jema aux Pays-bas, datant des ann\u00e9es 1970. Jema (pour Jelis Mager le fondateur) a \u00e9t\u00e9 fond\u00e9e en 1945 \u00e0 Maastricht et la production dura jusqu\u2019en 1984. Le numero de forme de ce profil en parfait \u00e9tat est 247.<\/p>\n<div>R\u00e9f 30.28<\/div>\n","protected":false},"excerpt":{"rendered":"<p>Profil de femme (15 cm de haut) en fa\u00efence verniss\u00e9e noire. Il s\u2019agit d\u2019une production de la manufacture Jema aux Pays-bas, datant des ann\u00e9es 1970. Jema (pour Jelis Mager le fondateur) a \u00e9t\u00e9 fond\u00e9e en 1945 \u00e0 Maastricht et la production dura jusqu\u2019en 1984. Le numero de forme de ce profil en parfait \u00e9tat est&hellip;&nbsp;<a href=\"https:\/\/legrenierdelatour.be\/brocante\/produit\/profil-de-femme-en-faience-jema-holland-1970\/\" class=\"\" rel=\"bookmark\">Lire la suite &raquo;<span class=\"screen-reader-text\">Profil de femme en fa\u00efence, Jema Holland, 1970<\/span><\/a><\/p>\n","protected":false},"featured_media":7831,"comment_status":"open","ping_status":"closed","template":"","meta":{"neve_meta_sidebar":"","neve_meta_container":"","neve_meta_enable_content_width":"off","neve_meta_content_width":100,"neve_meta_title_alignment":"","neve_meta_author_avatar":"","neve_post_elements_order":"","neve_meta_disable_header":"","neve_meta_disable_footer":"","neve_meta_disable_title":""},"product_brand":[],"product_cat":[16,167],"product_tag":[],"class_list":{"0":"post-7827","1":"product","2":"type-product","3":"status-publish","4":"has-post-thumbnail","6":"product_cat-ceramique","7":"product_cat-peintures-et-sculptures","9":"first","10":"instock","11":"shipping-taxable","12":"purchasable","13":"product-type-simple"},"_links":{"self":[{"href":"https:\/\/legrenierdelatour.be\/brocante\/wp-json\/wp\/v2\/product\/7827","targetHints":{"allow":["GET"]}}],"collection":[{"href":"https:\/\/legrenierdelatour.be\/brocante\/wp-json\/wp\/v2\/product"}],"about":[{"href":"https:\/\/legrenierdelatour.be\/brocante\/wp-json\/wp\/v2\/types\/product"}],"replies":[{"embeddable":true,"href":"https:\/\/legrenierdelatour.be\/brocante\/wp-json\/wp\/v2\/comments?post=7827"}],"wp:featuredmedia":[{"embeddable":true,"href":"https:\/\/legrenierdelatour.be\/brocante\/wp-json\/wp\/v2\/media\/7831"}],"wp:attachment":[{"href":"https:\/\/legrenierdelatour.be\/brocante\/wp-json\/wp\/v2\/media?parent=7827"}],"wp:term":[{"taxonomy":"product_brand","embeddable":true,"href":"https:\/\/legrenierdelatour.be\/brocante\/wp-json\/wp\/v2\/product_brand?post=7827"},{"taxonomy":"product_cat","embeddable":true,"href":"https:\/\/legrenierdelatour.be\/brocante\/wp-json\/wp\/v2\/product_cat?post=7827"},{"taxonomy":"product_tag","embeddable":true,"href":"https:\/\/legrenierdelatour.be\/brocante\/wp-json\/wp\/v2\/product_tag?post=7827"}],"curies":[{"name":"wp","href":"https:\/\/api.w.org\/{rel}","templated":true}]}}