{"id":7811,"date":"2024-04-30T17:22:08","date_gmt":"2024-04-30T15:22:08","guid":{"rendered":"https:\/\/legrenierdelatour.be\/brocante\/?post_type=product&#038;p=7811"},"modified":"2024-04-30T17:22:08","modified_gmt":"2024-04-30T15:22:08","slug":"bougeoirs-modernistes-jatteviktig-ikea-monika-mulder","status":"publish","type":"product","link":"https:\/\/legrenierdelatour.be\/brocante\/produit\/bougeoirs-modernistes-jatteviktig-ikea-monika-mulder\/","title":{"rendered":"Bougeoirs modernistes, J\u00e4tteviktig Ikea, Monika Mulder"},"content":{"rendered":"<div>Ensemble de deux bougeoirs (27 et 24 cm de haut) produits par IKE dans les ann\u00e9es 1990. En m\u00e9tal laqu\u00e9 blanc, ils sont l\u2019oeuvre de la designer Monika Mulder, dans un style moderniste. Leur nom est \u00ab\u00a0J\u00e4tteviktig\u00a0\u00bb. Ils sont en bon \u00e9tat et complets avec leurs r\u00e9ducteurs.<\/div>\n<div>R\u00e9f 30.24<\/div>\n","protected":false},"excerpt":{"rendered":"<p>Ensemble de deux bougeoirs (27 et 24 cm de haut) produits par IKE dans les ann\u00e9es 1990. En m\u00e9tal laqu\u00e9 blanc, ils sont l\u2019oeuvre de la designer Monika Mulder, dans un style moderniste. Leur nom est \u00ab\u00a0J\u00e4tteviktig\u00a0\u00bb. Ils sont en bon \u00e9tat et complets avec leurs r\u00e9ducteurs. R\u00e9f 30.24<\/p>\n","protected":false},"featured_media":7812,"comment_status":"open","ping_status":"closed","template":"","meta":{"neve_meta_sidebar":"","neve_meta_container":"","neve_meta_enable_content_width":"off","neve_meta_content_width":100,"neve_meta_title_alignment":"","neve_meta_author_avatar":"","neve_post_elements_order":"","neve_meta_disable_header":"","neve_meta_disable_footer":"","neve_meta_disable_title":""},"product_brand":[],"product_cat":[183,23,24],"product_tag":[],"class_list":{"0":"post-7811","1":"product","2":"type-product","3":"status-publish","4":"has-post-thumbnail","6":"product_cat-bureau-et-fumoir","7":"product_cat-mobilier","8":"product_cat-luminaires","10":"first","11":"instock","12":"shipping-taxable","13":"purchasable","14":"product-type-simple"},"_links":{"self":[{"href":"https:\/\/legrenierdelatour.be\/brocante\/wp-json\/wp\/v2\/product\/7811","targetHints":{"allow":["GET"]}}],"collection":[{"href":"https:\/\/legrenierdelatour.be\/brocante\/wp-json\/wp\/v2\/product"}],"about":[{"href":"https:\/\/legrenierdelatour.be\/brocante\/wp-json\/wp\/v2\/types\/product"}],"replies":[{"embeddable":true,"href":"https:\/\/legrenierdelatour.be\/brocante\/wp-json\/wp\/v2\/comments?post=7811"}],"wp:featuredmedia":[{"embeddable":true,"href":"https:\/\/legrenierdelatour.be\/brocante\/wp-json\/wp\/v2\/media\/7812"}],"wp:attachment":[{"href":"https:\/\/legrenierdelatour.be\/brocante\/wp-json\/wp\/v2\/media?parent=7811"}],"wp:term":[{"taxonomy":"product_brand","embeddable":true,"href":"https:\/\/legrenierdelatour.be\/brocante\/wp-json\/wp\/v2\/product_brand?post=7811"},{"taxonomy":"product_cat","embeddable":true,"href":"https:\/\/legrenierdelatour.be\/brocante\/wp-json\/wp\/v2\/product_cat?post=7811"},{"taxonomy":"product_tag","embeddable":true,"href":"https:\/\/legrenierdelatour.be\/brocante\/wp-json\/wp\/v2\/product_tag?post=7811"}],"curies":[{"name":"wp","href":"https:\/\/api.w.org\/{rel}","templated":true}]}}