{"id":7782,"date":"2024-04-29T17:31:33","date_gmt":"2024-04-29T15:31:33","guid":{"rendered":"https:\/\/legrenierdelatour.be\/brocante\/?post_type=product&#038;p=7782"},"modified":"2024-04-30T10:18:25","modified_gmt":"2024-04-30T08:18:25","slug":"ensemble-de-toilette-belgique-annees-1930-50","status":"publish","type":"product","link":"https:\/\/legrenierdelatour.be\/brocante\/produit\/ensemble-de-toilette-belgique-annees-1930-50\/","title":{"rendered":"Ensemble de toilette, Belgique, ann\u00e9es 1930-50"},"content":{"rendered":"<p>Tr\u00e8s bel ensemble de toilette, comprennat un flacon de parfum (10 cm de haut), une bo\u00eete \u00e0 poudre (10 cm de diam\u00e8tre) et un flacon avec bouchon (10 cm de haut) en verre rose d\u00e9cor\u00e9 de filigrannes noir et de dorures. Ces pi\u00e8ces portent une \u00e9tiquette de la manufacture, situ\u00e9e en Belgique. Il s&rsquo;agit d&rsquo;une garniture de l&rsquo;atelier des fr\u00e8res J&amp;A Landgraf, d&rsquo;origine tch\u00e8que. L&rsquo;atelier \u00e9tait aussi connu sous le nom de \u00ab\u00a0tchecover\u00a0\u00bb ou VAB Boussu. (merci \u00e0 Johan Feyaerts pour ses commentaires)<\/p>\n<div>R\u00e9f 30.09<\/div>\n","protected":false},"excerpt":{"rendered":"<p>Tr\u00e8s bel ensemble de toilette, comprennat un flacon de parfum (10 cm de haut), une bo\u00eete \u00e0 poudre (10 cm de diam\u00e8tre) et un flacon avec bouchon (10 cm de haut) en verre rose d\u00e9cor\u00e9 de filigrannes noir et de dorures. Ces pi\u00e8ces portent une \u00e9tiquette de la manufacture, situ\u00e9e en Belgique. Il s&rsquo;agit d&rsquo;une&hellip;&nbsp;<a href=\"https:\/\/legrenierdelatour.be\/brocante\/produit\/ensemble-de-toilette-belgique-annees-1930-50\/\" class=\"\" rel=\"bookmark\">Lire la suite &raquo;<span class=\"screen-reader-text\">Ensemble de toilette, Belgique, ann\u00e9es 1930-50<\/span><\/a><\/p>\n","protected":false},"featured_media":7778,"comment_status":"open","ping_status":"closed","template":"","meta":{"neve_meta_sidebar":"","neve_meta_container":"","neve_meta_enable_content_width":"off","neve_meta_content_width":100,"neve_meta_title_alignment":"","neve_meta_author_avatar":"","neve_post_elements_order":"","neve_meta_disable_header":"","neve_meta_disable_footer":"","neve_meta_disable_title":""},"product_brand":[],"product_cat":[162,22],"product_tag":[],"class_list":{"0":"post-7782","1":"product","2":"type-product","3":"status-publish","4":"has-post-thumbnail","6":"product_cat-productions-belges","7":"product_cat-verrerie","9":"first","10":"instock","11":"shipping-taxable","12":"purchasable","13":"product-type-simple"},"_links":{"self":[{"href":"https:\/\/legrenierdelatour.be\/brocante\/wp-json\/wp\/v2\/product\/7782","targetHints":{"allow":["GET"]}}],"collection":[{"href":"https:\/\/legrenierdelatour.be\/brocante\/wp-json\/wp\/v2\/product"}],"about":[{"href":"https:\/\/legrenierdelatour.be\/brocante\/wp-json\/wp\/v2\/types\/product"}],"replies":[{"embeddable":true,"href":"https:\/\/legrenierdelatour.be\/brocante\/wp-json\/wp\/v2\/comments?post=7782"}],"wp:featuredmedia":[{"embeddable":true,"href":"https:\/\/legrenierdelatour.be\/brocante\/wp-json\/wp\/v2\/media\/7778"}],"wp:attachment":[{"href":"https:\/\/legrenierdelatour.be\/brocante\/wp-json\/wp\/v2\/media?parent=7782"}],"wp:term":[{"taxonomy":"product_brand","embeddable":true,"href":"https:\/\/legrenierdelatour.be\/brocante\/wp-json\/wp\/v2\/product_brand?post=7782"},{"taxonomy":"product_cat","embeddable":true,"href":"https:\/\/legrenierdelatour.be\/brocante\/wp-json\/wp\/v2\/product_cat?post=7782"},{"taxonomy":"product_tag","embeddable":true,"href":"https:\/\/legrenierdelatour.be\/brocante\/wp-json\/wp\/v2\/product_tag?post=7782"}],"curies":[{"name":"wp","href":"https:\/\/api.w.org\/{rel}","templated":true}]}}