{"id":7761,"date":"2024-04-29T15:05:57","date_gmt":"2024-04-29T13:05:57","guid":{"rendered":"https:\/\/legrenierdelatour.be\/brocante\/?post_type=product&#038;p=7761"},"modified":"2024-04-29T15:12:06","modified_gmt":"2024-04-29T13:12:06","slug":"vase-turquoise-fat-lava-bebege","status":"publish","type":"product","link":"https:\/\/legrenierdelatour.be\/brocante\/produit\/vase-turquoise-fat-lava-bebege\/","title":{"rendered":"Vase turquoise Fat Lava, B\u00e9b\u00e9g\u00e9"},"content":{"rendered":"<p>Joli vase en Fat Lava (20 cm de haut), dans le style de Vallauris, portant une \u00e9tiquette \u00ab\u00a0C\u00e9ramique R\u00e9gionale tourn\u00e9e et d\u00e9cor\u00e9e main, B\u00e9b\u00e9g\u00e9\u00a0\u00bb. Ce vase ne parfait \u00e9tat date sans doute des ann\u00e9es 1960-70.<\/p>\n<div>R\u00e9f 29.100<\/div>\n","protected":false},"excerpt":{"rendered":"<p>Joli vase en Fat Lava (20 cm de haut), dans le style de Vallauris, portant une \u00e9tiquette \u00ab\u00a0C\u00e9ramique R\u00e9gionale tourn\u00e9e et d\u00e9cor\u00e9e main, B\u00e9b\u00e9g\u00e9\u00a0\u00bb. Ce vase ne parfait \u00e9tat date sans doute des ann\u00e9es 1960-70. R\u00e9f 29.100<\/p>\n","protected":false},"featured_media":7762,"comment_status":"open","ping_status":"closed","template":"","meta":{"neve_meta_sidebar":"","neve_meta_container":"","neve_meta_enable_content_width":"off","neve_meta_content_width":100,"neve_meta_title_alignment":"","neve_meta_author_avatar":"","neve_post_elements_order":"","neve_meta_disable_header":"","neve_meta_disable_footer":"","neve_meta_disable_title":""},"product_brand":[],"product_cat":[16,94],"product_tag":[],"class_list":{"0":"post-7761","1":"product","2":"type-product","3":"status-publish","4":"has-post-thumbnail","6":"product_cat-ceramique","7":"product_cat-vallauris","9":"first","10":"instock","11":"shipping-taxable","12":"purchasable","13":"product-type-simple"},"_links":{"self":[{"href":"https:\/\/legrenierdelatour.be\/brocante\/wp-json\/wp\/v2\/product\/7761","targetHints":{"allow":["GET"]}}],"collection":[{"href":"https:\/\/legrenierdelatour.be\/brocante\/wp-json\/wp\/v2\/product"}],"about":[{"href":"https:\/\/legrenierdelatour.be\/brocante\/wp-json\/wp\/v2\/types\/product"}],"replies":[{"embeddable":true,"href":"https:\/\/legrenierdelatour.be\/brocante\/wp-json\/wp\/v2\/comments?post=7761"}],"wp:featuredmedia":[{"embeddable":true,"href":"https:\/\/legrenierdelatour.be\/brocante\/wp-json\/wp\/v2\/media\/7762"}],"wp:attachment":[{"href":"https:\/\/legrenierdelatour.be\/brocante\/wp-json\/wp\/v2\/media?parent=7761"}],"wp:term":[{"taxonomy":"product_brand","embeddable":true,"href":"https:\/\/legrenierdelatour.be\/brocante\/wp-json\/wp\/v2\/product_brand?post=7761"},{"taxonomy":"product_cat","embeddable":true,"href":"https:\/\/legrenierdelatour.be\/brocante\/wp-json\/wp\/v2\/product_cat?post=7761"},{"taxonomy":"product_tag","embeddable":true,"href":"https:\/\/legrenierdelatour.be\/brocante\/wp-json\/wp\/v2\/product_tag?post=7761"}],"curies":[{"name":"wp","href":"https:\/\/api.w.org\/{rel}","templated":true}]}}