{"id":7740,"date":"2024-04-11T14:31:47","date_gmt":"2024-04-11T12:31:47","guid":{"rendered":"https:\/\/legrenierdelatour.be\/brocante\/?post_type=product&#038;p=7740"},"modified":"2024-04-11T14:31:47","modified_gmt":"2024-04-11T12:31:47","slug":"service-pour-enfant-spritzdekor","status":"publish","type":"product","link":"https:\/\/legrenierdelatour.be\/brocante\/produit\/service-pour-enfant-spritzdekor\/","title":{"rendered":"Service pour enfant, Spritzdekor"},"content":{"rendered":"<p>Petit service en fa\u00efence pour enfant, compos\u00e9 d\u2019une cafeti\u00e8re (13 cm de haut), un pot \u00e0 lait (6 cm de haut), deux tasses et sous-tasses. Le service jaune st d\u00e9cor\u00e9 de motf en Spritzd\u00e9kor. Il n\u2019y a pas de marque visible, un num\u00e9ro de forme sous chaque pi\u00e8ce, et il date sans doute des ann\u00e9es 1940-50.<\/p>\n<div>R\u00e9f 29.91<\/div>\n","protected":false},"excerpt":{"rendered":"<p>Petit service en fa\u00efence pour enfant, compos\u00e9 d\u2019une cafeti\u00e8re (13 cm de haut), un pot \u00e0 lait (6 cm de haut), deux tasses et sous-tasses. Le service jaune st d\u00e9cor\u00e9 de motf en Spritzd\u00e9kor. Il n\u2019y a pas de marque visible, un num\u00e9ro de forme sous chaque pi\u00e8ce, et il date sans doute des ann\u00e9es&hellip;&nbsp;<a href=\"https:\/\/legrenierdelatour.be\/brocante\/produit\/service-pour-enfant-spritzdekor\/\" class=\"\" rel=\"bookmark\">Lire la suite &raquo;<span class=\"screen-reader-text\">Service pour enfant, Spritzdekor<\/span><\/a><\/p>\n","protected":false},"featured_media":7741,"comment_status":"open","ping_status":"closed","template":"","meta":{"neve_meta_sidebar":"","neve_meta_container":"","neve_meta_enable_content_width":"off","neve_meta_content_width":100,"neve_meta_title_alignment":"","neve_meta_author_avatar":"","neve_post_elements_order":"","neve_meta_disable_header":"","neve_meta_disable_footer":"","neve_meta_disable_title":""},"product_brand":[],"product_cat":[172,16,171],"product_tag":[],"class_list":{"0":"post-7740","1":"product","2":"type-product","3":"status-publish","4":"has-post-thumbnail","6":"product_cat-en-cuisine","7":"product_cat-ceramique","8":"product_cat-jeux-et-jardin","10":"first","11":"instock","12":"shipping-taxable","13":"purchasable","14":"product-type-simple"},"_links":{"self":[{"href":"https:\/\/legrenierdelatour.be\/brocante\/wp-json\/wp\/v2\/product\/7740","targetHints":{"allow":["GET"]}}],"collection":[{"href":"https:\/\/legrenierdelatour.be\/brocante\/wp-json\/wp\/v2\/product"}],"about":[{"href":"https:\/\/legrenierdelatour.be\/brocante\/wp-json\/wp\/v2\/types\/product"}],"replies":[{"embeddable":true,"href":"https:\/\/legrenierdelatour.be\/brocante\/wp-json\/wp\/v2\/comments?post=7740"}],"wp:featuredmedia":[{"embeddable":true,"href":"https:\/\/legrenierdelatour.be\/brocante\/wp-json\/wp\/v2\/media\/7741"}],"wp:attachment":[{"href":"https:\/\/legrenierdelatour.be\/brocante\/wp-json\/wp\/v2\/media?parent=7740"}],"wp:term":[{"taxonomy":"product_brand","embeddable":true,"href":"https:\/\/legrenierdelatour.be\/brocante\/wp-json\/wp\/v2\/product_brand?post=7740"},{"taxonomy":"product_cat","embeddable":true,"href":"https:\/\/legrenierdelatour.be\/brocante\/wp-json\/wp\/v2\/product_cat?post=7740"},{"taxonomy":"product_tag","embeddable":true,"href":"https:\/\/legrenierdelatour.be\/brocante\/wp-json\/wp\/v2\/product_tag?post=7740"}],"curies":[{"name":"wp","href":"https:\/\/api.w.org\/{rel}","templated":true}]}}