{"id":7728,"date":"2024-04-09T16:07:53","date_gmt":"2024-04-09T14:07:53","guid":{"rendered":"https:\/\/legrenierdelatour.be\/brocante\/?post_type=product&#038;p=7728"},"modified":"2024-04-09T16:07:53","modified_gmt":"2024-04-09T14:07:53","slug":"peinture-lancienne-eglise-de-viville-lucien-bidaine","status":"publish","type":"product","link":"https:\/\/legrenierdelatour.be\/brocante\/produit\/peinture-lancienne-eglise-de-viville-lucien-bidaine\/","title":{"rendered":"Peinture \u00ab\u00a0L&rsquo;ancienne \u00e9glise de Viville\u00a0\u00bb, Lucien Bidaine"},"content":{"rendered":"<div>Peinture de Lucien Bidaine (80x70cm hors cadre) intitul\u00e9e \u00ab\u00a0L\u2019ancienne \u00e9glise de Viville \u00bb (inscrit \u00e0 l\u2019arri\u00e8re). La peinture est sign\u00e9e et dat\u00e9e de 1948, et pourvue d\u2019un encadrement imposant. Lucien Bidaine (1908 Arlon-1996 Arlon) a marqu\u00e9 la vie arlonaise par son activit\u00e9 au sein de l\u2019acad\u00e9mie des Beaux-arts d\u2019Arlon (directeur) o\u00f9 il enseigna de 1945 \u00e0 1976. Lui-m\u00eame avait acquis sa formation au sein de l\u2019atelier du peintre Henri Logelain \u00e0 Bruxelles. D\u2019inspiration post-impressionniste, Bidaine exposa beaucoup \u00e0 Arlon et \u00e0 l\u2019\u00e9tranger. Il a surtout peint des paysages, la nature \u00e9tant son principal th\u00e8me. Ses toiles r\u00e9v\u00e9lent une grande sensibilit\u00e9 \u00e0 la lumi\u00e8re, il pratiquait de larges aplats, avc une touche l\u00e9g\u00e8re, avec une mani\u00e8re douce, presque caressante. Son atelier se trouvait Gd Place 31 \u00e0 Arlon. Il fut le ma\u00eetre de Maurice Mathias, entre autres. (Source Dictionnaire des peintres du Luxembourg belge).<\/div>\n<div>R\u00e9f 29.89<\/div>\n","protected":false},"excerpt":{"rendered":"<p>Peinture de Lucien Bidaine (80x70cm hors cadre) intitul\u00e9e \u00ab\u00a0L\u2019ancienne \u00e9glise de Viville \u00bb (inscrit \u00e0 l\u2019arri\u00e8re). La peinture est sign\u00e9e et dat\u00e9e de 1948, et pourvue d\u2019un encadrement imposant. Lucien Bidaine (1908 Arlon-1996 Arlon) a marqu\u00e9 la vie arlonaise par son activit\u00e9 au sein de l\u2019acad\u00e9mie des Beaux-arts d\u2019Arlon (directeur) o\u00f9 il enseigna de 1945&hellip;&nbsp;<a href=\"https:\/\/legrenierdelatour.be\/brocante\/produit\/peinture-lancienne-eglise-de-viville-lucien-bidaine\/\" class=\"\" rel=\"bookmark\">Lire la suite &raquo;<span class=\"screen-reader-text\">Peinture \u00ab\u00a0L&rsquo;ancienne \u00e9glise de Viville\u00a0\u00bb, Lucien Bidaine<\/span><\/a><\/p>\n","protected":false},"featured_media":7729,"comment_status":"open","ping_status":"closed","template":"","meta":{"neve_meta_sidebar":"","neve_meta_container":"","neve_meta_enable_content_width":"off","neve_meta_content_width":100,"neve_meta_title_alignment":"","neve_meta_author_avatar":"","neve_post_elements_order":"","neve_meta_disable_header":"","neve_meta_disable_footer":"","neve_meta_disable_title":""},"product_brand":[],"product_cat":[30,31,167],"product_tag":[],"class_list":{"0":"post-7728","1":"product","2":"type-product","3":"status-publish","4":"has-post-thumbnail","6":"product_cat-luxemburgensia","7":"product_cat-pays-darlon","8":"product_cat-peintures-et-sculptures","10":"first","11":"instock","12":"shipping-taxable","13":"purchasable","14":"product-type-simple"},"_links":{"self":[{"href":"https:\/\/legrenierdelatour.be\/brocante\/wp-json\/wp\/v2\/product\/7728","targetHints":{"allow":["GET"]}}],"collection":[{"href":"https:\/\/legrenierdelatour.be\/brocante\/wp-json\/wp\/v2\/product"}],"about":[{"href":"https:\/\/legrenierdelatour.be\/brocante\/wp-json\/wp\/v2\/types\/product"}],"replies":[{"embeddable":true,"href":"https:\/\/legrenierdelatour.be\/brocante\/wp-json\/wp\/v2\/comments?post=7728"}],"wp:featuredmedia":[{"embeddable":true,"href":"https:\/\/legrenierdelatour.be\/brocante\/wp-json\/wp\/v2\/media\/7729"}],"wp:attachment":[{"href":"https:\/\/legrenierdelatour.be\/brocante\/wp-json\/wp\/v2\/media?parent=7728"}],"wp:term":[{"taxonomy":"product_brand","embeddable":true,"href":"https:\/\/legrenierdelatour.be\/brocante\/wp-json\/wp\/v2\/product_brand?post=7728"},{"taxonomy":"product_cat","embeddable":true,"href":"https:\/\/legrenierdelatour.be\/brocante\/wp-json\/wp\/v2\/product_cat?post=7728"},{"taxonomy":"product_tag","embeddable":true,"href":"https:\/\/legrenierdelatour.be\/brocante\/wp-json\/wp\/v2\/product_tag?post=7728"}],"curies":[{"name":"wp","href":"https:\/\/api.w.org\/{rel}","templated":true}]}}