{"id":7655,"date":"2024-03-28T15:13:00","date_gmt":"2024-03-28T14:13:00","guid":{"rendered":"https:\/\/legrenierdelatour.be\/brocante\/?post_type=product&#038;p=7655"},"modified":"2024-03-28T15:13:01","modified_gmt":"2024-03-28T14:13:01","slug":"peinture-straimont-emile-lammers","status":"publish","type":"product","link":"https:\/\/legrenierdelatour.be\/brocante\/produit\/peinture-straimont-emile-lammers\/","title":{"rendered":"Peinture \u00ab\u00a0Straimont\u00a0\u00bb, Emile Lammers"},"content":{"rendered":"<p>Belle peinture (60&#215;70 cm hors cadre) repr\u00e9sentant \u00ab\u00a0Straimont (La Semois)\u00a0\u00bb, titre inscrit \u00e0 l\u2019arri\u00e8re, sign\u00e9e de Emile Lammers. Straimont se trouve dans la commune d\u2019Herbeumont. Elle est en tr\u00e8s bon \u00e9tat, et richement encadr\u00e9e. Emile Lammers (1914-1990) est un peintre belge n\u00e9 \u00e0 St-Josse-ten-Noode. Peintre de paysages urbains, mais surtout de paysages, marines et paysages bois\u00e9s. Il fut l\u00e9l\u00e8ve de P. Mathieu.<\/p>\n<div>R\u00e9f 29.65<\/div>\n","protected":false},"excerpt":{"rendered":"<p>Belle peinture (60&#215;70 cm hors cadre) repr\u00e9sentant \u00ab\u00a0Straimont (La Semois)\u00a0\u00bb, titre inscrit \u00e0 l\u2019arri\u00e8re, sign\u00e9e de Emile Lammers. Straimont se trouve dans la commune d\u2019Herbeumont. Elle est en tr\u00e8s bon \u00e9tat, et richement encadr\u00e9e. Emile Lammers (1914-1990) est un peintre belge n\u00e9 \u00e0 St-Josse-ten-Noode. Peintre de paysages urbains, mais surtout de paysages, marines et paysages&hellip;&nbsp;<a href=\"https:\/\/legrenierdelatour.be\/brocante\/produit\/peinture-straimont-emile-lammers\/\" class=\"\" rel=\"bookmark\">Lire la suite &raquo;<span class=\"screen-reader-text\">Peinture \u00ab\u00a0Straimont\u00a0\u00bb, Emile Lammers<\/span><\/a><\/p>\n","protected":false},"featured_media":7656,"comment_status":"open","ping_status":"closed","template":"","meta":{"neve_meta_sidebar":"","neve_meta_container":"","neve_meta_enable_content_width":"off","neve_meta_content_width":100,"neve_meta_title_alignment":"","neve_meta_author_avatar":"","neve_post_elements_order":"","neve_meta_disable_header":"","neve_meta_disable_footer":"","neve_meta_disable_title":""},"product_brand":[],"product_cat":[30,31,167],"product_tag":[],"class_list":{"0":"post-7655","1":"product","2":"type-product","3":"status-publish","4":"has-post-thumbnail","6":"product_cat-luxemburgensia","7":"product_cat-pays-darlon","8":"product_cat-peintures-et-sculptures","10":"first","11":"instock","12":"shipping-taxable","13":"purchasable","14":"product-type-simple"},"_links":{"self":[{"href":"https:\/\/legrenierdelatour.be\/brocante\/wp-json\/wp\/v2\/product\/7655","targetHints":{"allow":["GET"]}}],"collection":[{"href":"https:\/\/legrenierdelatour.be\/brocante\/wp-json\/wp\/v2\/product"}],"about":[{"href":"https:\/\/legrenierdelatour.be\/brocante\/wp-json\/wp\/v2\/types\/product"}],"replies":[{"embeddable":true,"href":"https:\/\/legrenierdelatour.be\/brocante\/wp-json\/wp\/v2\/comments?post=7655"}],"wp:featuredmedia":[{"embeddable":true,"href":"https:\/\/legrenierdelatour.be\/brocante\/wp-json\/wp\/v2\/media\/7656"}],"wp:attachment":[{"href":"https:\/\/legrenierdelatour.be\/brocante\/wp-json\/wp\/v2\/media?parent=7655"}],"wp:term":[{"taxonomy":"product_brand","embeddable":true,"href":"https:\/\/legrenierdelatour.be\/brocante\/wp-json\/wp\/v2\/product_brand?post=7655"},{"taxonomy":"product_cat","embeddable":true,"href":"https:\/\/legrenierdelatour.be\/brocante\/wp-json\/wp\/v2\/product_cat?post=7655"},{"taxonomy":"product_tag","embeddable":true,"href":"https:\/\/legrenierdelatour.be\/brocante\/wp-json\/wp\/v2\/product_tag?post=7655"}],"curies":[{"name":"wp","href":"https:\/\/api.w.org\/{rel}","templated":true}]}}